{"id":597471,"date":"2025-03-05T01:26:55","date_gmt":"2025-03-05T00:26:55","guid":{"rendered":"https:\/\/shop.kustom.ch\/?post_type=product&#038;p=597471"},"modified":"2026-03-31T09:04:19","modified_gmt":"2026-03-31T08:04:19","slug":"fleecejacke-4","status":"publish","type":"product","link":"https:\/\/shop.kustom.ch\/fr\/produit\/fleecejacke-4\/","title":{"rendered":"Veste polaire"},"content":{"rendered":"<p>Une veste avec un mat\u00e9riau polaire anti-boulochage. La veste a deux poches avant spacieuses et un dos allong\u00e9. Elle poss\u00e8de en outre une fermeture \u00e9clair sur le devant et sur la poche de poitrine.<\/p>\n<p>FERMETURE : Dos rallong\u00e9. Poignets avec \u00e9lastique. D\u00c9TAILS : Col doubl\u00e9 en polaire. FERMETURE FRONTALE : Fermeture \u00e0 glissi\u00e8re robuste en plastique. CARACTERISTIQUES PRINCIPALES : P\u00eacheur. TISSU : Hommes. Vert. Vent \/ humidit\u00e9 \/ froid. POCHES : Poche de poitrine avec fermeture \u00e9clair. Poches avant avec fermetures \u00e0 glissi\u00e8re. INSTRUCTIONS DE LAVAGE : Ne pas essorer.<\/p>\n<p>100 % polyester, polaire, anti-boulochage, 260 g\/m<\/p>","protected":false},"excerpt":{"rendered":"<p>Eine Jacke mit Anti-Pilling Fleece-Material. Die Jacke hat zwei ger\u00e4umige Vordertaschen und einen verl\u00e4ngerten R\u00fccken. Ausserdem besitzt sie einen Reissverschluss vorne und an der Brusttasche. ABSCHLUSS: Verl\u00e4ngerter R\u00fccken. \u00c4rmelb\u00fcndchen mit Gummizug. DETAILS: Fleecegef\u00fctterter Kragen. FRONTVERSCHLUSS: Robuster Reissverschluss aus Kunststoff. HAUPTEIGENSCHAFTEN: Fischer. STOFF: Herren. gr\u00fcn. Wind \/ N\u00e4sse \/ K\u00e4lte. TASCHEN: Brusttasche mit Reissverschluss. Vordertaschen mit [&hellip;]<\/p>\n","protected":false},"featured_media":597519,"template":"","meta":[],"product_brand":[],"product_cat":[4186],"product_tag":[],"class_list":{"0":"post-597471","1":"product","2":"type-product","3":"status-publish","4":"has-post-thumbnail","6":"product_cat-jacken","7":"pa_brand-blaklaeder","8":"pa_brand-type-workwear","9":"pa_filter-color-blau","10":"pa_filter-color-grau","11":"pa_filter-color-gruen","12":"pa_filter-color-rot","13":"pa_filter-color-schwarz","15":"first","16":"instock","17":"sale","18":"taxable","19":"shipping-taxable","20":"purchasable","21":"product-type-variable","22":"add-to-wishlist-before_image"},"exclude_global_add_ons":[],"addons":[],"acf":[],"_links":{"self":[{"href":"https:\/\/shop.kustom.ch\/fr\/wp-json\/wp\/v2\/product\/597471"}],"collection":[{"href":"https:\/\/shop.kustom.ch\/fr\/wp-json\/wp\/v2\/product"}],"about":[{"href":"https:\/\/shop.kustom.ch\/fr\/wp-json\/wp\/v2\/types\/product"}],"wp:featuredmedia":[{"embeddable":true,"href":"https:\/\/shop.kustom.ch\/fr\/wp-json\/wp\/v2\/media\/597519"}],"wp:attachment":[{"href":"https:\/\/shop.kustom.ch\/fr\/wp-json\/wp\/v2\/media?parent=597471"}],"wp:term":[{"taxonomy":"product_brand","embeddable":true,"href":"https:\/\/shop.kustom.ch\/fr\/wp-json\/wp\/v2\/product_brand?post=597471"},{"taxonomy":"product_cat","embeddable":true,"href":"https:\/\/shop.kustom.ch\/fr\/wp-json\/wp\/v2\/product_cat?post=597471"},{"taxonomy":"product_tag","embeddable":true,"href":"https:\/\/shop.kustom.ch\/fr\/wp-json\/wp\/v2\/product_tag?post=597471"}],"curies":[{"name":"wp","href":"https:\/\/api.w.org\/{rel}","templated":true}]}}

<p>Une veste avec un matériau polaire anti-boulochage. La veste a deux poches avant spacieuses et un dos allongé. Elle possède en outre une fermeture éclair sur le devant et sur la poche de poitrine.</p>
<p>FERMETURE : Dos rallongé. Poignets avec élastique. DÉTAILS : Col doublé en polaire. FERMETURE FRONTALE : Fermeture à glissière robuste en plastique. CARACTERISTIQUES PRINCIPALES : Pêcheur. TISSU : Hommes. Vert. Vent / humidité / froid. POCHES : Poche de poitrine avec fermeture éclair. Poches avant avec fermetures à glissière. INSTRUCTIONS DE LAVAGE : Ne pas essorer.</p>
<p>100 % polyester, polaire, anti-boulochage, 260 g/m</p>

<p>Eine Jacke mit Anti-Pilling Fleece-Material. Die Jacke hat zwei geräumige Vordertaschen und einen verlängerten Rücken. Ausserdem besitzt sie einen Reissverschluss vorne und an der Brusttasche. ABSCHLUSS: Verlängerter Rücken. Ärmelbündchen mit Gummizug. DETAILS: Fleecegefütterter Kragen. FRONTVERSCHLUSS: Robuster Reissverschluss aus Kunststoff. HAUPTEIGENSCHAFTEN: Fischer. STOFF: Herren. grün. Wind / Nässe / Kälte. TASCHEN: Brusttasche mit Reissverschluss. Vordertaschen mit [&hellip;]</p>
