{"id":597397,"date":"2025-03-05T01:25:05","date_gmt":"2025-03-05T00:25:05","guid":{"rendered":"https:\/\/shop.kustom.ch\/?post_type=product&#038;p=597397"},"modified":"2026-03-31T09:04:07","modified_gmt":"2026-03-31T08:04:07","slug":"winterjacke-4","status":"publish","type":"product","link":"https:\/\/shop.kustom.ch\/fr\/produit\/winterjacke-4\/","title":{"rendered":"Veste d'hiver"},"content":{"rendered":"<p>La veste pr\u00e9f\u00e9r\u00e9e de l'artisan, avec une doublure \u00e9paisse et chaude. Ce sont les d\u00e9tails qui font la diff\u00e9rence : Poche pour t\u00e9l\u00e9phone portable, dos rallong\u00e9, taille r\u00e9glable. Tout pour un bon confort de travail.<\/p>\n<p>FERMETURE : Ceinture r\u00e9glable avec boutons-pression. Poignets r\u00e9glables avec bouton-pression. D\u00c9TAILS : Anneau en D. Col haut. FERMETURE FRONTALE : Fermeture \u00e0 glissi\u00e8re robuste en plastique. FONCTIONNALIT\u00c9 : Doublure chaude. Manches pr\u00e9form\u00e9es. CARACTERISTIQUES PRINCIPALES : Couvreur. TISSU : Hommes. Gris. Vent \/ humidit\u00e9 \/ froid. POCHES : Poches poitrine avec rabats et bouton-pression. Poches int\u00e9rieures avec poche pour t\u00e9l\u00e9phone portable. Poches avant avec doublure en polaire. INSTRUCTIONS DE LAVAGE : 40\u00b0 C<\/p>\n<p>100% Coton, serg\u00e9, 370 g\/m<\/p>","protected":false},"excerpt":{"rendered":"<p>Die Lieblingsjacke des Handwerkers mit dickem und w\u00e4rmenden Futter. Es sind die Details, die den Unterschied machen: Handytasche, verl\u00e4ngerter R\u00fccken, verstellbare Taillenweite. Alles f\u00fcr einen guten Arbeitskomfort. ABSCHLUSS: Verstellbarer Bund mit Druckkn\u00f6pfen. Verstellbare \u00c4rmelb\u00fcndchen mit Druckknopf. DETAILS: D-Ring. Hoher Kragen. FRONTVERSCHLUSS: Robuster Reissverschluss aus Kunststoff. FUNKTIONALIT\u00c4T: Warm gef\u00fcttert. Vorgeformte \u00c4rmel. HAUPTEIGENSCHAFTEN: Dachdecker. STOFF: Herren. grau. [&hellip;]<\/p>\n","protected":false},"featured_media":597461,"template":"","meta":[],"product_brand":[],"product_cat":[4186],"product_tag":[],"class_list":{"0":"post-597397","1":"product","2":"type-product","3":"status-publish","4":"has-post-thumbnail","6":"product_cat-jacken","7":"pa_brand-blaklaeder","8":"pa_brand-type-workwear","9":"pa_filter-color-grau","11":"first","12":"instock","13":"sale","14":"taxable","15":"shipping-taxable","16":"purchasable","17":"product-type-variable","18":"add-to-wishlist-before_image"},"exclude_global_add_ons":[],"addons":[],"acf":[],"_links":{"self":[{"href":"https:\/\/shop.kustom.ch\/fr\/wp-json\/wp\/v2\/product\/597397"}],"collection":[{"href":"https:\/\/shop.kustom.ch\/fr\/wp-json\/wp\/v2\/product"}],"about":[{"href":"https:\/\/shop.kustom.ch\/fr\/wp-json\/wp\/v2\/types\/product"}],"wp:featuredmedia":[{"embeddable":true,"href":"https:\/\/shop.kustom.ch\/fr\/wp-json\/wp\/v2\/media\/597461"}],"wp:attachment":[{"href":"https:\/\/shop.kustom.ch\/fr\/wp-json\/wp\/v2\/media?parent=597397"}],"wp:term":[{"taxonomy":"product_brand","embeddable":true,"href":"https:\/\/shop.kustom.ch\/fr\/wp-json\/wp\/v2\/product_brand?post=597397"},{"taxonomy":"product_cat","embeddable":true,"href":"https:\/\/shop.kustom.ch\/fr\/wp-json\/wp\/v2\/product_cat?post=597397"},{"taxonomy":"product_tag","embeddable":true,"href":"https:\/\/shop.kustom.ch\/fr\/wp-json\/wp\/v2\/product_tag?post=597397"}],"curies":[{"name":"wp","href":"https:\/\/api.w.org\/{rel}","templated":true}]}}

<p>La veste préférée de l'artisan, avec une doublure épaisse et chaude. Ce sont les détails qui font la différence : Poche pour téléphone portable, dos rallongé, taille réglable. Tout pour un bon confort de travail.</p>
<p>FERMETURE : Ceinture réglable avec boutons-pression. Poignets réglables avec bouton-pression. DÉTAILS : Anneau en D. Col haut. FERMETURE FRONTALE : Fermeture à glissière robuste en plastique. FONCTIONNALITÉ : Doublure chaude. Manches préformées. CARACTERISTIQUES PRINCIPALES : Couvreur. TISSU : Hommes. Gris. Vent / humidité / froid. POCHES : Poches poitrine avec rabats et bouton-pression. Poches intérieures avec poche pour téléphone portable. Poches avant avec doublure en polaire. INSTRUCTIONS DE LAVAGE : 40° C</p>
<p>100% Coton, sergé, 370 g/m</p>

<p>Die Lieblingsjacke des Handwerkers mit dickem und wärmenden Futter. Es sind die Details, die den Unterschied machen: Handytasche, verlängerter Rücken, verstellbare Taillenweite. Alles für einen guten Arbeitskomfort. ABSCHLUSS: Verstellbarer Bund mit Druckknöpfen. Verstellbare Ärmelbündchen mit Druckknopf. DETAILS: D-Ring. Hoher Kragen. FRONTVERSCHLUSS: Robuster Reissverschluss aus Kunststoff. FUNKTIONALITÄT: Warm gefüttert. Vorgeformte Ärmel. HAUPTEIGENSCHAFTEN: Dachdecker. STOFF: Herren. grau. [&hellip;]</p>
