{"id":597338,"date":"2025-03-05T01:23:57","date_gmt":"2025-03-05T00:23:57","guid":{"rendered":"https:\/\/shop.kustom.ch\/?post_type=product&#038;p=597338"},"modified":"2026-03-31T09:03:53","modified_gmt":"2026-03-31T08:03:53","slug":"flammschutz-unterhemd-68-merinowolle","status":"publish","type":"product","link":"https:\/\/shop.kustom.ch\/fr\/produit\/flammschutz-unterhemd-68-merinowolle\/","title":{"rendered":"Sous-maillot ignifug\u00e9, 68% laine m\u00e9rinos"},"content":{"rendered":"<p>Sous-maillot ignifug\u00e9 en laine m\u00e9rinos de haute qualit\u00e9. La meilleure qualit\u00e9 en termes de mat\u00e9riaux et de finition garantit toutes les exigences d'un bon sous-v\u00eatement. En plus d'une coupe ergonomique et des propri\u00e9t\u00e9s de protection, ce sous-v\u00eatement a la capacit\u00e9 unique de conserver la chaleur, aussi bien dans un environnement humide que sec. Ils conviennent parfaitement aux environnements int\u00e9rieurs et ext\u00e9rieurs. Lavable sur cycle d\u00e9licat \u00e0 60\u00b0C. Certifi\u00e9 selon les normes EN 1149-5, EN ISO 11612, IEC 61482-2. EBT 7,3 cal\/cm\u00b2.<\/p>\n<p>FERMETURE : Dos rallong\u00e9. Finition des manches avec poignets. D\u00c9TAILS : \u00c9tiquettes de certification ext\u00e9rieures. Col rond. Coutures contrast\u00e9es. CARACTERISTIQUES PRINCIPALES : EN 1149-5. TISSU : Hommes. noir. Protection contre les flammes. INSTRUCTIONS DE LAVAGE : Ne pas repasser. CERTIFICATION : EBT 7,3 cal\/cm\u00b2, HAF : 78,6%. EN 1149-5. ISO 11612 A1, B1, C1. IEC 61482-2, APC 1<\/p>\n<p>68% laine, 30% modacrylique, 2% antistatique, interlock m\u00e9rinos, ignifug\u00e9, antistatique, 225 g\/m<\/p>","protected":false},"excerpt":{"rendered":"<p>Flammschutz Unterhemd aus hochqualitativer Merinowolle. Die beste Qualit\u00e4t in Bezug auf Material und Verarbeitung garantiert alle Anforderungen von guter Unterw\u00e4sche. Neben einer ergonomischen Passform und den Schutzeigenschaften hat diese Unterw\u00e4sche die einzigartige F\u00e4higkeit, die W\u00e4rme zu halten, sowohl in nasser als auch in trockener Umgebung. Sie ist ideal geeignet f\u00fcr Umgebungen drinnen und draussen. Zu [&hellip;]<\/p>\n","protected":false},"featured_media":597385,"template":"","meta":[],"product_brand":[],"product_cat":[4206],"product_tag":[],"class_list":{"0":"post-597338","1":"product","2":"type-product","3":"status-publish","4":"has-post-thumbnail","6":"product_cat-underwear","7":"pa_brand-blaklaeder","8":"pa_brand-type-workwear","9":"pa_filter-color-schwarz","11":"first","12":"instock","13":"sale","14":"taxable","15":"shipping-taxable","16":"purchasable","17":"product-type-variable","18":"add-to-wishlist-before_image"},"exclude_global_add_ons":[],"addons":[],"acf":[],"_links":{"self":[{"href":"https:\/\/shop.kustom.ch\/fr\/wp-json\/wp\/v2\/product\/597338"}],"collection":[{"href":"https:\/\/shop.kustom.ch\/fr\/wp-json\/wp\/v2\/product"}],"about":[{"href":"https:\/\/shop.kustom.ch\/fr\/wp-json\/wp\/v2\/types\/product"}],"wp:featuredmedia":[{"embeddable":true,"href":"https:\/\/shop.kustom.ch\/fr\/wp-json\/wp\/v2\/media\/597385"}],"wp:attachment":[{"href":"https:\/\/shop.kustom.ch\/fr\/wp-json\/wp\/v2\/media?parent=597338"}],"wp:term":[{"taxonomy":"product_brand","embeddable":true,"href":"https:\/\/shop.kustom.ch\/fr\/wp-json\/wp\/v2\/product_brand?post=597338"},{"taxonomy":"product_cat","embeddable":true,"href":"https:\/\/shop.kustom.ch\/fr\/wp-json\/wp\/v2\/product_cat?post=597338"},{"taxonomy":"product_tag","embeddable":true,"href":"https:\/\/shop.kustom.ch\/fr\/wp-json\/wp\/v2\/product_tag?post=597338"}],"curies":[{"name":"wp","href":"https:\/\/api.w.org\/{rel}","templated":true}]}}

Sous-maillot ignifugé, 68% laine mérinos

<p>Sous-maillot ignifugé en laine mérinos de haute qualité. La meilleure qualité en termes de matériaux et de finition garantit toutes les exigences d'un bon sous-vêtement. En plus d'une coupe ergonomique et des propriétés de protection, ce sous-vêtement a la capacité unique de conserver la chaleur, aussi bien dans un environnement humide que sec. Ils conviennent parfaitement aux environnements intérieurs et extérieurs. Lavable sur cycle délicat à 60°C. Certifié selon les normes EN 1149-5, EN ISO 11612, IEC 61482-2. EBT 7,3 cal/cm².</p>
<p>FERMETURE : Dos rallongé. Finition des manches avec poignets. DÉTAILS : Étiquettes de certification extérieures. Col rond. Coutures contrastées. CARACTERISTIQUES PRINCIPALES : EN 1149-5. TISSU : Hommes. noir. Protection contre les flammes. INSTRUCTIONS DE LAVAGE : Ne pas repasser. CERTIFICATION : EBT 7,3 cal/cm², HAF : 78,6%. EN 1149-5. ISO 11612 A1, B1, C1. IEC 61482-2, APC 1</p>
<p>68% laine, 30% modacrylique, 2% antistatique, interlock mérinos, ignifugé, antistatique, 225 g/m</p>

<p>Flammschutz Unterhemd aus hochqualitativer Merinowolle. Die beste Qualität in Bezug auf Material und Verarbeitung garantiert alle Anforderungen von guter Unterwäsche. Neben einer ergonomischen Passform und den Schutzeigenschaften hat diese Unterwäsche die einzigartige Fähigkeit, die Wärme zu halten, sowohl in nasser als auch in trockener Umgebung. Sie ist ideal geeignet für Umgebungen drinnen und draussen. Zu [&hellip;]</p>
