{"id":597322,"date":"2025-03-05T01:23:54","date_gmt":"2025-03-05T00:23:54","guid":{"rendered":"https:\/\/shop.kustom.ch\/?post_type=product&#038;p=597322"},"modified":"2026-03-31T09:03:52","modified_gmt":"2026-03-31T08:03:52","slug":"flammschutz-wolljacke","status":"publish","type":"product","link":"https:\/\/shop.kustom.ch\/fr\/produit\/flammschutz-wolljacke\/","title":{"rendered":"Veste en laine ignifug\u00e9e"},"content":{"rendered":"<p>Un v\u00eatement en laine ignifug\u00e9 et sans m\u00e9tal qui peut \u00eatre port\u00e9 comme veste sur un sous-v\u00eatement ou comme v\u00eatement de renfort sous un manteau. Le tissu \u00e9ponge en laine de la veste offre une bonne protection contre la chaleur et tient chaud en cas de froid. Les poignets sont munis d'une poign\u00e9e pour le pouce et la veste est parfaitement assortie \u00e0 la veste coquille 4088 de Bl\u00e5kl\u00e4der. Un v\u00eatement id\u00e9al pour les travaux en plein air dans des domaines tels que l'\u00e9lectricit\u00e9 et l'\u00e9nergie \u00e9olienne et hydraulique. EN 1149-5, EN ISO 11612, IEC 61482-2. <\/p>\n<p>FERMETURE : Dos rallong\u00e9. Poignets \u00e9largis avec ouverture pour le pouce et ourlet \u00e9lastique. D\u00c9TAILS : \u00c9tiquettes de certification ext\u00e9rieures. Col haut avec fermeture \u00e0 glissi\u00e8re dissimul\u00e9e. FERMETURE FRONTALE : Fermeture \u00e0 glissi\u00e8re invisible en plastique. FONCTIONNALIT\u00c9 : Sans m\u00e9tal. CARACT\u00c9RISTIQUES PRINCIPALES : \u00c9lectricien. EN ISO 11612. TISSU : Hommes. noir. Protection contre les flammes. INSTRUCTIONS DE LAVAGE : Ne pas repasser. CERTIFICATION : EN 1149-5. EN ISO 11612 A1, B2, C2, F2. EBT - 6,4 cal\/cm\u00b2<\/p>\n<p>79% Laine, 19% Modacrylique, 2% Antistatique, laine m\u00e9rinos, tricot Terry, ignifug\u00e9, antistatique 390 g\/m<\/p>","protected":false},"excerpt":{"rendered":"<p>Ein flammhemmendes und metallfreies Woll-Kleidungsst\u00fcck, das als Jacke \u00fcber einem Unterzieher oder als verst\u00e4rkende Kleidung unter einem Mantel getragen werden kann. Das Woll-Frottee der Jacke bietet einen guten Hitzeschutz und h\u00e4lt bei K\u00e4lte warm. Die Jacke hat \u00c4rmelabschl\u00fcsse mit Daumengriff und sie passt perfekt zu Bl\u00e5kl\u00e4ders Shelljacke 4088. Ein ideales Kleidungsst\u00fcck f\u00fcr Arbeiten im Freien [&hellip;]<\/p>\n","protected":false},"featured_media":597382,"template":"","meta":[],"product_brand":[],"product_cat":[4186],"product_tag":[],"class_list":{"0":"post-597322","1":"product","2":"type-product","3":"status-publish","4":"has-post-thumbnail","6":"product_cat-jacken","7":"pa_brand-blaklaeder","8":"pa_brand-type-workwear","9":"pa_filter-color-schwarz","11":"first","12":"instock","13":"sale","14":"taxable","15":"shipping-taxable","16":"purchasable","17":"product-type-variable","18":"add-to-wishlist-before_image"},"exclude_global_add_ons":[],"addons":[],"acf":[],"_links":{"self":[{"href":"https:\/\/shop.kustom.ch\/fr\/wp-json\/wp\/v2\/product\/597322"}],"collection":[{"href":"https:\/\/shop.kustom.ch\/fr\/wp-json\/wp\/v2\/product"}],"about":[{"href":"https:\/\/shop.kustom.ch\/fr\/wp-json\/wp\/v2\/types\/product"}],"wp:featuredmedia":[{"embeddable":true,"href":"https:\/\/shop.kustom.ch\/fr\/wp-json\/wp\/v2\/media\/597382"}],"wp:attachment":[{"href":"https:\/\/shop.kustom.ch\/fr\/wp-json\/wp\/v2\/media?parent=597322"}],"wp:term":[{"taxonomy":"product_brand","embeddable":true,"href":"https:\/\/shop.kustom.ch\/fr\/wp-json\/wp\/v2\/product_brand?post=597322"},{"taxonomy":"product_cat","embeddable":true,"href":"https:\/\/shop.kustom.ch\/fr\/wp-json\/wp\/v2\/product_cat?post=597322"},{"taxonomy":"product_tag","embeddable":true,"href":"https:\/\/shop.kustom.ch\/fr\/wp-json\/wp\/v2\/product_tag?post=597322"}],"curies":[{"name":"wp","href":"https:\/\/api.w.org\/{rel}","templated":true}]}}

Veste en laine ignifugée

<p>Un vêtement en laine ignifugé et sans métal qui peut être porté comme veste sur un sous-vêtement ou comme vêtement de renfort sous un manteau. Le tissu éponge en laine de la veste offre une bonne protection contre la chaleur et tient chaud en cas de froid. Les poignets sont munis d'une poignée pour le pouce et la veste est parfaitement assortie à la veste coquille 4088 de Blåkläder. Un vêtement idéal pour les travaux en plein air dans des domaines tels que l'électricité et l'énergie éolienne et hydraulique. EN 1149-5, EN ISO 11612, IEC 61482-2. </p>
<p>FERMETURE : Dos rallongé. Poignets élargis avec ouverture pour le pouce et ourlet élastique. DÉTAILS : Étiquettes de certification extérieures. Col haut avec fermeture à glissière dissimulée. FERMETURE FRONTALE : Fermeture à glissière invisible en plastique. FONCTIONNALITÉ : Sans métal. CARACTÉRISTIQUES PRINCIPALES : Électricien. EN ISO 11612. TISSU : Hommes. noir. Protection contre les flammes. INSTRUCTIONS DE LAVAGE : Ne pas repasser. CERTIFICATION : EN 1149-5. EN ISO 11612 A1, B2, C2, F2. EBT - 6,4 cal/cm²</p>
<p>79% Laine, 19% Modacrylique, 2% Antistatique, laine mérinos, tricot Terry, ignifugé, antistatique 390 g/m</p>

<p>Ein flammhemmendes und metallfreies Woll-Kleidungsstück, das als Jacke über einem Unterzieher oder als verstärkende Kleidung unter einem Mantel getragen werden kann. Das Woll-Frottee der Jacke bietet einen guten Hitzeschutz und hält bei Kälte warm. Die Jacke hat Ärmelabschlüsse mit Daumengriff und sie passt perfekt zu Blåkläders Shelljacke 4088. Ein ideales Kleidungsstück für Arbeiten im Freien [&hellip;]</p>
