{"id":597195,"date":"2025-03-05T01:16:45","date_gmt":"2025-03-05T00:16:45","guid":{"rendered":"https:\/\/shop.kustom.ch\/?post_type=product&#038;p=597195"},"modified":"2026-03-31T09:03:42","modified_gmt":"2026-03-31T08:03:42","slug":"flammschutz-winterjacke-2","status":"publish","type":"product","link":"https:\/\/shop.kustom.ch\/fr\/produit\/flammschutz-winterjacke-2\/","title":{"rendered":"Veste d'hiver ignifug\u00e9e"},"content":{"rendered":"<p>Veste ignifuge r\u00e9sistante \u00e0 l'huile, \u00e0 la salet\u00e9 et \u00e0 l'eau pour une utilisation hivernale, avec une fermeture \u00e0 glissi\u00e8re m\u00e9tallique robuste et dissimul\u00e9e et des poches pratiques. Dos rallong\u00e9 et manches mobiles pour plus de confort. Certifi\u00e9e selon les normes EN 342, EN 1149-5, EN ISO 11611, EN 13034, EN ISO 11612, IEC 61482-2. ATPV : 16,0 cal\/ cm\u00b2.<\/p>\n<p>FERMETURE : Ceinture r\u00e9glable avec fermeture Velcro. Poignets r\u00e9glables avec fermeture velcro. D\u00c9TAILS : Soufflet au dos. \u00c9tiquettes de certification ext\u00e9rieures. Couture de selle \u00e0 l'arri\u00e8re. Col haut avec fermeture \u00e0 glissi\u00e8re dissimul\u00e9e. FERMETURE FRONTALE : Fermeture \u00e0 glissi\u00e8re m\u00e9tallique renforc\u00e9e et dissimul\u00e9e. FONCTIONNALIT\u00c9 : R\u00e9sistant \u00e0 l'huile, \u00e0 la salet\u00e9 et \u00e0 l'eau. CARACT\u00c9RISTIQUES PRINCIPALES : \u00c9lectricien. EN 1149-5. TISSU : Hommes. Bleu. Protection contre les flammes. POCHES : Poches poitrine avec fermeture \u00e0 glissi\u00e8re dissimul\u00e9e. Poche int\u00e9rieure. Poches ins\u00e9r\u00e9es avec rabats. INSTRUCTIONS DE LAVAGE : Ne pas repasser. CERTIFICATION : EN 1149-5. EN 13034 PB (6). EN 342 avec 1869-1514. EN ISO 11611, classe 1 A1. EN ISO 11612 A1, B1, C1, E1, F1. IEC 61482-2, APC 2<\/p>\n<p>85% coton, 14% polyester, 1% antistatique, serg\u00e9, ignifug\u00e9, antistatique, 350 g\/m<\/p>","protected":false},"excerpt":{"rendered":"<p>\u00d6l-, schmutz- und wasserabweisende flammhemmende Jacke f\u00fcr den Wintereinsatz, mit einem robusten, verdeckten Metallreissverschluss und praktischen Taschen. Verl\u00e4ngerte R\u00fcckseite und bewegliche \u00c4rmel f\u00fcr mehr Komfort. Zertifiziert nach EN 342, EN 1149-5, EN ISO 11611, EN 13034, EN ISO 11612, IEC 61482-2. ATPV: 16,0 cal\/ cm\u00b2. ABSCHLUSS: Verstellbarer Bund mit Klettverschluss. Verstellbare \u00c4rmelb\u00fcndchen mit Klettverschluss. DETAILS: [&hellip;]<\/p>\n","protected":false},"featured_media":597243,"template":"","meta":[],"product_brand":[],"product_cat":[4186],"product_tag":[],"class_list":{"0":"post-597195","1":"product","2":"type-product","3":"status-publish","4":"has-post-thumbnail","6":"product_cat-jacken","7":"pa_brand-blaklaeder","8":"pa_brand-type-workwear","9":"pa_filter-color-blau","11":"first","12":"instock","13":"sale","14":"taxable","15":"shipping-taxable","16":"purchasable","17":"product-type-variable","18":"add-to-wishlist-before_image"},"exclude_global_add_ons":[],"addons":[],"acf":[],"_links":{"self":[{"href":"https:\/\/shop.kustom.ch\/fr\/wp-json\/wp\/v2\/product\/597195"}],"collection":[{"href":"https:\/\/shop.kustom.ch\/fr\/wp-json\/wp\/v2\/product"}],"about":[{"href":"https:\/\/shop.kustom.ch\/fr\/wp-json\/wp\/v2\/types\/product"}],"wp:featuredmedia":[{"embeddable":true,"href":"https:\/\/shop.kustom.ch\/fr\/wp-json\/wp\/v2\/media\/597243"}],"wp:attachment":[{"href":"https:\/\/shop.kustom.ch\/fr\/wp-json\/wp\/v2\/media?parent=597195"}],"wp:term":[{"taxonomy":"product_brand","embeddable":true,"href":"https:\/\/shop.kustom.ch\/fr\/wp-json\/wp\/v2\/product_brand?post=597195"},{"taxonomy":"product_cat","embeddable":true,"href":"https:\/\/shop.kustom.ch\/fr\/wp-json\/wp\/v2\/product_cat?post=597195"},{"taxonomy":"product_tag","embeddable":true,"href":"https:\/\/shop.kustom.ch\/fr\/wp-json\/wp\/v2\/product_tag?post=597195"}],"curies":[{"name":"wp","href":"https:\/\/api.w.org\/{rel}","templated":true}]}}

Veste d'hiver ignifugée

<p>Veste ignifuge résistante à l'huile, à la saleté et à l'eau pour une utilisation hivernale, avec une fermeture à glissière métallique robuste et dissimulée et des poches pratiques. Dos rallongé et manches mobiles pour plus de confort. Certifiée selon les normes EN 342, EN 1149-5, EN ISO 11611, EN 13034, EN ISO 11612, IEC 61482-2. ATPV : 16,0 cal/ cm².</p>
<p>FERMETURE : Ceinture réglable avec fermeture Velcro. Poignets réglables avec fermeture velcro. DÉTAILS : Soufflet au dos. Étiquettes de certification extérieures. Couture de selle à l'arrière. Col haut avec fermeture à glissière dissimulée. FERMETURE FRONTALE : Fermeture à glissière métallique renforcée et dissimulée. FONCTIONNALITÉ : Résistant à l'huile, à la saleté et à l'eau. CARACTÉRISTIQUES PRINCIPALES : Électricien. EN 1149-5. TISSU : Hommes. Bleu. Protection contre les flammes. POCHES : Poches poitrine avec fermeture à glissière dissimulée. Poche intérieure. Poches insérées avec rabats. INSTRUCTIONS DE LAVAGE : Ne pas repasser. CERTIFICATION : EN 1149-5. EN 13034 PB (6). EN 342 avec 1869-1514. EN ISO 11611, classe 1 A1. EN ISO 11612 A1, B1, C1, E1, F1. IEC 61482-2, APC 2</p>
<p>85% coton, 14% polyester, 1% antistatique, sergé, ignifugé, antistatique, 350 g/m</p>

<p>Öl-, schmutz- und wasserabweisende flammhemmende Jacke für den Wintereinsatz, mit einem robusten, verdeckten Metallreissverschluss und praktischen Taschen. Verlängerte Rückseite und bewegliche Ärmel für mehr Komfort. Zertifiziert nach EN 342, EN 1149-5, EN ISO 11611, EN 13034, EN ISO 11612, IEC 61482-2. ATPV: 16,0 cal/ cm². ABSCHLUSS: Verstellbarer Bund mit Klettverschluss. Verstellbare Ärmelbündchen mit Klettverschluss. DETAILS: [&hellip;]</p>
