{"id":596720,"date":"2025-03-05T01:07:35","date_gmt":"2025-03-05T00:07:35","guid":{"rendered":"https:\/\/shop.kustom.ch\/?post_type=product&#038;p=596720"},"modified":"2026-03-31T09:01:55","modified_gmt":"2026-03-31T08:01:55","slug":"wollsweater","status":"publish","type":"product","link":"https:\/\/shop.kustom.ch\/fr\/produit\/wollsweater\/","title":{"rendered":"Sweat en laine"},"content":{"rendered":"<p>Sweat en laine tricot\u00e9e qui vous tient bien au chaud les jours de fra\u00eecheur. Ce sweat doux et confortable est parfait pour le travail et les loisirs. Coupe classique avec une fermeture \u00e9clair au cou.<\/p>\n<p>FERMETURE : Ceinture \u00e0 c\u00f4tes. Finition des manches avec poignets. D\u00c9TAILS : Col haut avec fermeture \u00e0 glissi\u00e8re. FERMETURE FRONTALE : Fermeture \u00e0 glissi\u00e8re en plastique. CARACTERISTIQUES PRINCIPALES : Jardinier. Homme. TISSU : Hommes. Vert. Vent \/ humidit\u00e9 \/ froid. INSTRUCTIONS DE LAVAGE : utiliser une lessive pour laine. Ne pas nettoyer \u00e0 sec. RENFORCEMENT : Renforc\u00e9 aux \u00e9paules et aux manches<\/p>\n<p>100% Laine, tricot\u00e9e \u00e0 plat Pearl, 570 g\/m<\/p>","protected":false},"excerpt":{"rendered":"<p>Gestrickter Wollsweater, der Sie an k\u00fchlen Tagen wohlig warm h\u00e4lt. Dieser weiche und komfortable Sweater ist perfekt f\u00fcr Arbeit und Freizeit. Klassische Passform mit einem Reissverschluss am Hals. ABSCHLUSS: Gerippter Bund. Armabschluss mit B\u00fcndchen. DETAILS: Hoher Kragen mit Reissverschluss. FRONTVERSCHLUSS: Reissverschluss aus Kunststoff. HAUPTEIGENSCHAFTEN: Gartenarbeiter. Herren. STOFF: Herren. gr\u00fcn. Wind \/ N\u00e4sse \/ K\u00e4lte. WASCHANLEITUNG: [&hellip;]<\/p>\n","protected":false},"featured_media":596774,"template":"","meta":[],"product_brand":[],"product_cat":[4184],"product_tag":[],"class_list":{"0":"post-596720","1":"product","2":"type-product","3":"status-publish","4":"has-post-thumbnail","6":"product_cat-hoodies-pullover","7":"pa_brand-blaklaeder","8":"pa_brand-type-workwear","9":"pa_filter-color-blau","10":"pa_filter-color-gelb","11":"pa_filter-color-grau","12":"pa_filter-color-gruen","13":"pa_filter-color-schwarz","15":"first","16":"instock","17":"sale","18":"taxable","19":"shipping-taxable","20":"purchasable","21":"product-type-variable","22":"add-to-wishlist-before_image"},"exclude_global_add_ons":[],"addons":[],"acf":[],"_links":{"self":[{"href":"https:\/\/shop.kustom.ch\/fr\/wp-json\/wp\/v2\/product\/596720"}],"collection":[{"href":"https:\/\/shop.kustom.ch\/fr\/wp-json\/wp\/v2\/product"}],"about":[{"href":"https:\/\/shop.kustom.ch\/fr\/wp-json\/wp\/v2\/types\/product"}],"wp:featuredmedia":[{"embeddable":true,"href":"https:\/\/shop.kustom.ch\/fr\/wp-json\/wp\/v2\/media\/596774"}],"wp:attachment":[{"href":"https:\/\/shop.kustom.ch\/fr\/wp-json\/wp\/v2\/media?parent=596720"}],"wp:term":[{"taxonomy":"product_brand","embeddable":true,"href":"https:\/\/shop.kustom.ch\/fr\/wp-json\/wp\/v2\/product_brand?post=596720"},{"taxonomy":"product_cat","embeddable":true,"href":"https:\/\/shop.kustom.ch\/fr\/wp-json\/wp\/v2\/product_cat?post=596720"},{"taxonomy":"product_tag","embeddable":true,"href":"https:\/\/shop.kustom.ch\/fr\/wp-json\/wp\/v2\/product_tag?post=596720"}],"curies":[{"name":"wp","href":"https:\/\/api.w.org\/{rel}","templated":true}]}}

<p>Sweat en laine tricotée qui vous tient bien au chaud les jours de fraîcheur. Ce sweat doux et confortable est parfait pour le travail et les loisirs. Coupe classique avec une fermeture éclair au cou.</p>
<p>FERMETURE : Ceinture à côtes. Finition des manches avec poignets. DÉTAILS : Col haut avec fermeture à glissière. FERMETURE FRONTALE : Fermeture à glissière en plastique. CARACTERISTIQUES PRINCIPALES : Jardinier. Homme. TISSU : Hommes. Vert. Vent / humidité / froid. INSTRUCTIONS DE LAVAGE : utiliser une lessive pour laine. Ne pas nettoyer à sec. RENFORCEMENT : Renforcé aux épaules et aux manches</p>
<p>100% Laine, tricotée à plat Pearl, 570 g/m</p>

<p>Gestrickter Wollsweater, der Sie an kühlen Tagen wohlig warm hält. Dieser weiche und komfortable Sweater ist perfekt für Arbeit und Freizeit. Klassische Passform mit einem Reissverschluss am Hals. ABSCHLUSS: Gerippter Bund. Armabschluss mit Bündchen. DETAILS: Hoher Kragen mit Reissverschluss. FRONTVERSCHLUSS: Reissverschluss aus Kunststoff. HAUPTEIGENSCHAFTEN: Gartenarbeiter. Herren. STOFF: Herren. grün. Wind / Nässe / Kälte. WASCHANLEITUNG: [&hellip;]</p>
