{"id":596412,"date":"2025-03-05T01:02:42","date_gmt":"2025-03-05T00:02:42","guid":{"rendered":"https:\/\/shop.kustom.ch\/?post_type=product&#038;p=596412"},"modified":"2026-03-31T09:01:11","modified_gmt":"2026-03-31T08:01:11","slug":"damen-high-vis-winterparka","status":"publish","type":"product","link":"https:\/\/shop.kustom.ch\/fr\/produit\/damen-high-vis-winterparka\/","title":{"rendered":"Parka d'hiver haute visibilit\u00e9 pour femmes"},"content":{"rendered":"<p>Parka d'hiver fabriqu\u00e9e dans un tissu imperm\u00e9able au vent et \u00e0 l'eau avec des coutures soud\u00e9es. Elle est dot\u00e9e d'une doublure matelass\u00e9e et d'un tissu shell robuste avec des zones sombres expos\u00e9es \u00e0 la plupart des salet\u00e9s. Taille r\u00e9glable avec cordon de serrage \u00e0 l'arri\u00e8re. Pour une meilleure libert\u00e9 de mouvement, la veste a une fermeture \u00e9clair \u00e0 double sens et des manches pr\u00e9form\u00e9es. Certifi\u00e9 selon EN 342 lorsqu'il est combin\u00e9 avec l'article 7885, EN 343, EN ISO 20471, classe 2, EN ISO 20471 classe 3 lorsqu'il est combin\u00e9 avec l'article 7885.<\/p>\n<p>FERMETURE : Poignets r\u00e9glables. D\u00c9TAILS : Fermeture \u00e0 glissi\u00e8re dans la doublure, pour une finition textile facile. Poche pour carte d'identit\u00e9 escamotable. Capuche amovible et r\u00e9glable avec doublure chaude. Col haut. Coutures soud\u00e9es. R\u00e9glable par cordon de serrage \u00e0 la taille. FERMETURE FRONTALE : Fermeture \u00e9clair cach\u00e9e \u00e0 double sens en plastique. FONCTIONNALIT\u00c9 : Mat\u00e9riau imperm\u00e9able au vent et \u00e0 l'eau avec respirabilit\u00e9, coutures soud\u00e9es. Taille pour femmes. TRAVAILLEURS PRINCIPAUX : Travailleurs de la route et du b\u00e2timent. EN 342. REFLEX : Bandes r\u00e9fl\u00e9chissantes de 50 mm de large. TISSU : Disponible pour hommes et femmes. Jaune haute visibilit\u00e9. coupe-vent. Protection contre la haute visibilit\u00e9. POCHES : Poche de poitrine avec rabat. Poches int\u00e9rieures, dont une avec maille. Poche int\u00e9rieure pour iPad. CONSEILS DE LAVAGE : Nombre de lavages : 20. Ne pas repasser. CERTIFICATION : EN 342 avec art. 7885. EN 343, classe 4,1. EN ISO 20471 XS-S classe 2, M classe 3.<\/p>\n<p>100% Polyester, serg\u00e9, stretch, enduit, \u00e9tanche \u00e0 l'eau 11.000mm, coupe-vent, respirant Ret 6,3, 150 g\/m\u00b2.<\/p>","protected":false},"excerpt":{"rendered":"<p>Winterparka aus einem wind- und wasserdichten Stoff mit verschweissten N\u00e4hten. Die Jacke hat ein Steppfutter und einen robusten Shellstoff mit dunklen Bereichen, die dem meisten Schmutz ausgesetzt sind. Verstellbare Taille mit Kordelzug hinten. F\u00fcr bessere Bewegungsfreiheit hat die Jacke einen Zwei-Wege-Reissverschluss und vorgeformte \u00c4rmel. Zertifiziert nach EN 342 wenn sie mit Artikel 7885 kombiniert wird, [&hellip;]<\/p>\n","protected":false},"featured_media":596461,"template":"","meta":[],"product_brand":[],"product_cat":[4186],"product_tag":[],"class_list":{"0":"post-596412","1":"product","2":"type-product","3":"status-publish","4":"has-post-thumbnail","6":"product_cat-jacken","7":"pa_brand-blaklaeder","8":"pa_brand-type-workwear","9":"pa_filter-color-blau","10":"pa_filter-color-gelb","11":"pa_filter-color-orange","12":"pa_filter-color-schwarz","14":"first","15":"instock","16":"sale","17":"taxable","18":"shipping-taxable","19":"purchasable","20":"product-type-variable","21":"add-to-wishlist-before_image"},"exclude_global_add_ons":[],"addons":[],"acf":[],"_links":{"self":[{"href":"https:\/\/shop.kustom.ch\/fr\/wp-json\/wp\/v2\/product\/596412"}],"collection":[{"href":"https:\/\/shop.kustom.ch\/fr\/wp-json\/wp\/v2\/product"}],"about":[{"href":"https:\/\/shop.kustom.ch\/fr\/wp-json\/wp\/v2\/types\/product"}],"wp:featuredmedia":[{"embeddable":true,"href":"https:\/\/shop.kustom.ch\/fr\/wp-json\/wp\/v2\/media\/596461"}],"wp:attachment":[{"href":"https:\/\/shop.kustom.ch\/fr\/wp-json\/wp\/v2\/media?parent=596412"}],"wp:term":[{"taxonomy":"product_brand","embeddable":true,"href":"https:\/\/shop.kustom.ch\/fr\/wp-json\/wp\/v2\/product_brand?post=596412"},{"taxonomy":"product_cat","embeddable":true,"href":"https:\/\/shop.kustom.ch\/fr\/wp-json\/wp\/v2\/product_cat?post=596412"},{"taxonomy":"product_tag","embeddable":true,"href":"https:\/\/shop.kustom.ch\/fr\/wp-json\/wp\/v2\/product_tag?post=596412"}],"curies":[{"name":"wp","href":"https:\/\/api.w.org\/{rel}","templated":true}]}}

Parka d'hiver haute visibilité pour femmes

<p>Parka d'hiver fabriquée dans un tissu imperméable au vent et à l'eau avec des coutures soudées. Elle est dotée d'une doublure matelassée et d'un tissu shell robuste avec des zones sombres exposées à la plupart des saletés. Taille réglable avec cordon de serrage à l'arrière. Pour une meilleure liberté de mouvement, la veste a une fermeture éclair à double sens et des manches préformées. Certifié selon EN 342 lorsqu'il est combiné avec l'article 7885, EN 343, EN ISO 20471, classe 2, EN ISO 20471 classe 3 lorsqu'il est combiné avec l'article 7885.</p>
<p>FERMETURE : Poignets réglables. DÉTAILS : Fermeture à glissière dans la doublure, pour une finition textile facile. Poche pour carte d'identité escamotable. Capuche amovible et réglable avec doublure chaude. Col haut. Coutures soudées. Réglable par cordon de serrage à la taille. FERMETURE FRONTALE : Fermeture éclair cachée à double sens en plastique. FONCTIONNALITÉ : Matériau imperméable au vent et à l'eau avec respirabilité, coutures soudées. Taille pour femmes. TRAVAILLEURS PRINCIPAUX : Travailleurs de la route et du bâtiment. EN 342. REFLEX : Bandes réfléchissantes de 50 mm de large. TISSU : Disponible pour hommes et femmes. Jaune haute visibilité. coupe-vent. Protection contre la haute visibilité. POCHES : Poche de poitrine avec rabat. Poches intérieures, dont une avec maille. Poche intérieure pour iPad. CONSEILS DE LAVAGE : Nombre de lavages : 20. Ne pas repasser. CERTIFICATION : EN 342 avec art. 7885. EN 343, classe 4,1. EN ISO 20471 XS-S classe 2, M classe 3.</p>
<p>100% Polyester, sergé, stretch, enduit, étanche à l'eau 11.000mm, coupe-vent, respirant Ret 6,3, 150 g/m².</p>

<p>Winterparka aus einem wind- und wasserdichten Stoff mit verschweissten Nähten. Die Jacke hat ein Steppfutter und einen robusten Shellstoff mit dunklen Bereichen, die dem meisten Schmutz ausgesetzt sind. Verstellbare Taille mit Kordelzug hinten. Für bessere Bewegungsfreiheit hat die Jacke einen Zwei-Wege-Reissverschluss und vorgeformte Ärmel. Zertifiziert nach EN 342 wenn sie mit Artikel 7885 kombiniert wird, [&hellip;]</p>
