{"id":596204,"date":"2025-03-05T00:39:05","date_gmt":"2025-03-04T23:39:05","guid":{"rendered":"https:\/\/shop.kustom.ch\/?post_type=product&#038;p=596204"},"modified":"2026-03-31T09:00:55","modified_gmt":"2026-03-31T08:00:55","slug":"high-vis-winterjacke","status":"publish","type":"product","link":"https:\/\/shop.kustom.ch\/fr\/produit\/high-vis-winterjacke\/","title":{"rendered":"Veste d'hiver haute visibilit\u00e9"},"content":{"rendered":"<p>Une veste d'hiver de classe 3 haute visibilit\u00e9 qui offre une visibilit\u00e9 suppl\u00e9mentaire lorsque vous en avez le plus besoin. La veste a une doublure matelass\u00e9e, est imperm\u00e9able au vent et \u00e0 l'eau avec des coutures scell\u00e9es et a une coupe confortable, plus large et ajustable pour plus de confort. La capuche est amovible et peut \u00eatre utilis\u00e9e pour les casques et les cache-oreilles. \u00c9galement disponible en mod\u00e8le femme 4456.<\/p>\n<p>FERMETURE : Dos rallong\u00e9. Poignets r\u00e9glables avec fermeture velcro. D\u00c9TAILS : Fermeture \u00e0 glissi\u00e8re dans la doublure, pour une finition textile facile. Poche pour carte d'identit\u00e9 amovible. Impression r\u00e9fl\u00e9chissante \u00e0 l'arri\u00e8re de la capuche. Capuche pour casque et prot\u00e8ge-oreilles. Mousqueton en m\u00e9tal. Boutons en m\u00e9tal. Col haut avec fermeture \u00e9clair. Coutures soud\u00e9es. Passants de chaque c\u00f4t\u00e9 de la poitrine pour microphones et autres \u00e9quipements. Manches raglan. FERMETURE FRONTALE : Patte \u00e0 vent avec doublure en polaire \u00e0 l'int\u00e9rieur. FONCTIONNALIT\u00c9 : Insert en maille sur l'emmanchure. Manches pr\u00e9form\u00e9es. CARACTERISTIQUES PRINCIPALES : Artisan. RIS-3279-TOM . REFLEX : Bandes r\u00e9fl\u00e9chissantes sur le corps et les manches. TISSU : Disponible pour hommes et femmes. Jaune haute visibilit\u00e9. Respirabilit\u00e9 de la peau. Protection contre la haute visibilit\u00e9. POCHES : Poche de poitrine avec fermeture \u00e9clair et anneau en D. Poche Napol\u00e9on \u00e0 l'int\u00e9rieur du coupe-vent. Poches de rangement avec fermeture \u00e9clair et doublure en polaire. Poche sur la manche pour les stylos. CONSEILS DE LAVAGE : nombre de lavages : 20. Ne pas nettoyer \u00e0 sec. CERTIFICATION : Certifi\u00e9e EN 342 avec l'article 1875. EN 343, classe 4,1. Les v\u00eatements de classe 2 et 3 en orange sont conformes \u00e0 la norme RIS-3279-TOM Issue 2.<\/p>\n<p>100% Polyester, serg\u00e9, stretch, enduit, \u00e9tanche \u00e0 l'eau 11.000mm, coupe-vent, respirant Ret 6,3, 150 g\/m\u00b2.<\/p>","protected":false},"excerpt":{"rendered":"<p>Eine Winterjacke in Klasse 3 High Vis, die f\u00fcr zus\u00e4tzliche Sichtbarkeit sorgt, wenn Sie sie am meisten brauchen. Die Jacke hat ein gestepptes Futter, ist wind- und wasserdicht mit versiegelten N\u00e4hten und hat eine bequeme, weitere und verstellbare Passform f\u00fcr zus\u00e4tzlichen Komfort. Die Kapuze ist abnehmbar und f\u00fcr Helme und Ohrensch\u00fctzer geeignet. Auch als Damenmodell [&hellip;]<\/p>\n","protected":false},"featured_media":596234,"template":"","meta":[],"product_brand":[],"product_cat":[4186],"product_tag":[],"class_list":{"0":"post-596204","1":"product","2":"type-product","3":"status-publish","4":"has-post-thumbnail","6":"product_cat-jacken","7":"pa_brand-blaklaeder","8":"pa_brand-type-workwear","9":"pa_filter-color-blau","10":"pa_filter-color-gelb","11":"pa_filter-color-orange","12":"pa_filter-color-rot","13":"pa_filter-color-schwarz","15":"first","16":"instock","17":"sale","18":"taxable","19":"shipping-taxable","20":"purchasable","21":"product-type-variable","22":"add-to-wishlist-before_image"},"exclude_global_add_ons":[],"addons":[],"acf":[],"_links":{"self":[{"href":"https:\/\/shop.kustom.ch\/fr\/wp-json\/wp\/v2\/product\/596204"}],"collection":[{"href":"https:\/\/shop.kustom.ch\/fr\/wp-json\/wp\/v2\/product"}],"about":[{"href":"https:\/\/shop.kustom.ch\/fr\/wp-json\/wp\/v2\/types\/product"}],"wp:featuredmedia":[{"embeddable":true,"href":"https:\/\/shop.kustom.ch\/fr\/wp-json\/wp\/v2\/media\/596234"}],"wp:attachment":[{"href":"https:\/\/shop.kustom.ch\/fr\/wp-json\/wp\/v2\/media?parent=596204"}],"wp:term":[{"taxonomy":"product_brand","embeddable":true,"href":"https:\/\/shop.kustom.ch\/fr\/wp-json\/wp\/v2\/product_brand?post=596204"},{"taxonomy":"product_cat","embeddable":true,"href":"https:\/\/shop.kustom.ch\/fr\/wp-json\/wp\/v2\/product_cat?post=596204"},{"taxonomy":"product_tag","embeddable":true,"href":"https:\/\/shop.kustom.ch\/fr\/wp-json\/wp\/v2\/product_tag?post=596204"}],"curies":[{"name":"wp","href":"https:\/\/api.w.org\/{rel}","templated":true}]}}

Veste d'hiver haute visibilité

<p>Une veste d'hiver de classe 3 haute visibilité qui offre une visibilité supplémentaire lorsque vous en avez le plus besoin. La veste a une doublure matelassée, est imperméable au vent et à l'eau avec des coutures scellées et a une coupe confortable, plus large et ajustable pour plus de confort. La capuche est amovible et peut être utilisée pour les casques et les cache-oreilles. Également disponible en modèle femme 4456.</p>
<p>FERMETURE : Dos rallongé. Poignets réglables avec fermeture velcro. DÉTAILS : Fermeture à glissière dans la doublure, pour une finition textile facile. Poche pour carte d'identité amovible. Impression réfléchissante à l'arrière de la capuche. Capuche pour casque et protège-oreilles. Mousqueton en métal. Boutons en métal. Col haut avec fermeture éclair. Coutures soudées. Passants de chaque côté de la poitrine pour microphones et autres équipements. Manches raglan. FERMETURE FRONTALE : Patte à vent avec doublure en polaire à l'intérieur. FONCTIONNALITÉ : Insert en maille sur l'emmanchure. Manches préformées. CARACTERISTIQUES PRINCIPALES : Artisan. RIS-3279-TOM . REFLEX : Bandes réfléchissantes sur le corps et les manches. TISSU : Disponible pour hommes et femmes. Jaune haute visibilité. Respirabilité de la peau. Protection contre la haute visibilité. POCHES : Poche de poitrine avec fermeture éclair et anneau en D. Poche Napoléon à l'intérieur du coupe-vent. Poches de rangement avec fermeture éclair et doublure en polaire. Poche sur la manche pour les stylos. CONSEILS DE LAVAGE : nombre de lavages : 20. Ne pas nettoyer à sec. CERTIFICATION : Certifiée EN 342 avec l'article 1875. EN 343, classe 4,1. Les vêtements de classe 2 et 3 en orange sont conformes à la norme RIS-3279-TOM Issue 2.</p>
<p>100% Polyester, sergé, stretch, enduit, étanche à l'eau 11.000mm, coupe-vent, respirant Ret 6,3, 150 g/m².</p>

<p>Eine Winterjacke in Klasse 3 High Vis, die für zusätzliche Sichtbarkeit sorgt, wenn Sie sie am meisten brauchen. Die Jacke hat ein gestepptes Futter, ist wind- und wasserdicht mit versiegelten Nähten und hat eine bequeme, weitere und verstellbare Passform für zusätzlichen Komfort. Die Kapuze ist abnehmbar und für Helme und Ohrenschützer geeignet. Auch als Damenmodell [&hellip;]</p>
