{"id":595256,"date":"2025-03-05T00:19:07","date_gmt":"2025-03-04T23:19:07","guid":{"rendered":"https:\/\/shop.kustom.ch\/?post_type=product&#038;p=595256"},"modified":"2026-03-31T08:58:17","modified_gmt":"2026-03-31T07:58:17","slug":"guertel","status":"publish","type":"product","link":"https:\/\/shop.kustom.ch\/fr\/produit\/guertel\/","title":{"rendered":"Ceinture"},"content":{"rendered":"<p>Ceinture tiss\u00e9e r\u00e9glable avec boucle en plastique. Largeur 50 mm, longueur 130 cm.<\/p>\n<p>D\u00c9TAILS : Boucle \u00e0 fermeture rapide. Boucle sans m\u00e9tal. CARACT\u00c9RISTIQUES PRINCIPALES : Unisexe. DIMENSIONS : Largeur 50 mm. TISSU : noir. Sans m\u00e9tal. INSTRUCTIONS DE LAVAGE : Lavage \u00e0 la main.<\/p>","protected":false},"excerpt":{"rendered":"<p>Verstellbarer gewebter G\u00fcrtel mit Kunststoffschnalle. Breite 50 mm, L\u00e4nge 130 cm. DETAILS: Schnellverschluss-Schnalle. Metallfreie Schnalle. HAUPTEIGENSCHAFTEN: Unisex. MASSANGABE: Breite 50 mm. STOFF: schwarz. Metallfrei. WASCHANLEITUNG: Handw\u00e4sche<\/p>","protected":false},"featured_media":595307,"template":"","meta":[],"product_brand":[],"product_cat":[9643,4209],"product_tag":[],"class_list":{"0":"post-595256","1":"product","2":"type-product","3":"status-publish","4":"has-post-thumbnail","6":"product_cat-equipment","7":"product_cat-zubehoer","8":"pa_brand-blaklaeder","9":"pa_brand-type-workwear","10":"pa_filter-color-schwarz","12":"first","13":"instock","14":"sale","15":"taxable","16":"shipping-taxable","17":"purchasable","18":"product-type-variable","19":"add-to-wishlist-before_image"},"exclude_global_add_ons":[],"addons":[],"acf":[],"_links":{"self":[{"href":"https:\/\/shop.kustom.ch\/fr\/wp-json\/wp\/v2\/product\/595256"}],"collection":[{"href":"https:\/\/shop.kustom.ch\/fr\/wp-json\/wp\/v2\/product"}],"about":[{"href":"https:\/\/shop.kustom.ch\/fr\/wp-json\/wp\/v2\/types\/product"}],"wp:featuredmedia":[{"embeddable":true,"href":"https:\/\/shop.kustom.ch\/fr\/wp-json\/wp\/v2\/media\/595307"}],"wp:attachment":[{"href":"https:\/\/shop.kustom.ch\/fr\/wp-json\/wp\/v2\/media?parent=595256"}],"wp:term":[{"taxonomy":"product_brand","embeddable":true,"href":"https:\/\/shop.kustom.ch\/fr\/wp-json\/wp\/v2\/product_brand?post=595256"},{"taxonomy":"product_cat","embeddable":true,"href":"https:\/\/shop.kustom.ch\/fr\/wp-json\/wp\/v2\/product_cat?post=595256"},{"taxonomy":"product_tag","embeddable":true,"href":"https:\/\/shop.kustom.ch\/fr\/wp-json\/wp\/v2\/product_tag?post=595256"}],"curies":[{"name":"wp","href":"https:\/\/api.w.org\/{rel}","templated":true}]}}

<p>Ceinture tissée réglable avec boucle en plastique. Largeur 50 mm, longueur 130 cm.</p>
<p>DÉTAILS : Boucle à fermeture rapide. Boucle sans métal. CARACTÉRISTIQUES PRINCIPALES : Unisexe. DIMENSIONS : Largeur 50 mm. TISSU : noir. Sans métal. INSTRUCTIONS DE LAVAGE : Lavage à la main.</p>

<p>Verstellbarer gewebter Gürtel mit Kunststoffschnalle. Breite 50 mm, Länge 130 cm. DETAILS: Schnellverschluss-Schnalle. Metallfreie Schnalle. HAUPTEIGENSCHAFTEN: Unisex. MASSANGABE: Breite 50 mm. STOFF: schwarz. Metallfrei. WASCHANLEITUNG: Handwäsche</p>
