{"id":595110,"date":"2025-03-05T00:16:41","date_gmt":"2025-03-04T23:16:41","guid":{"rendered":"https:\/\/shop.kustom.ch\/?post_type=product&#038;p=595110"},"modified":"2026-03-31T08:57:51","modified_gmt":"2026-03-31T07:57:51","slug":"winddichte-fleeceweste","status":"publish","type":"product","link":"https:\/\/shop.kustom.ch\/fr\/produit\/winddichte-fleeceweste\/","title":{"rendered":"Gilet polaire coupe-vent"},"content":{"rendered":"<p>Gilet polaire en mat\u00e9riau coupe-vent avec fonction respirante. Le gilet a des poches avant, des poches int\u00e9rieures et des renforts en Cordura\u00ae sur les \u00e9paules et la partie inf\u00e9rieure pour une meilleure r\u00e9sistance. \u00c9quip\u00e9 de d\u00e9tails r\u00e9fl\u00e9chissants pour une meilleure visibilit\u00e9.<\/p>\n<p>FERMETURE : Ceinture r\u00e9glable avec cordon de serrage. D\u00c9TAILS : Anneau en D. Col doubl\u00e9 en polaire. FERMETURE FRONTALE : Fermeture \u00e0 glissi\u00e8re invisible et renforc\u00e9e en plastique. FONCTIONNALIT\u00c9 : Coupe-vent et respirant. CARACTERISTIQUES PRINCIPALES : Artisan. REFLEX : D\u00e9tails r\u00e9fl\u00e9chissants. TISSU : Hommes. noir. coupe-vent. Vent \/ humidit\u00e9 \/ froid. POCHES : Poche de poitrine avec fermeture \u00e0 glissi\u00e8re. Poches avant zipp\u00e9es et deux poches int\u00e9rieures. INSTRUCTIONS DE LAVAGE : 40\u00b0 C. RENFORCEMENT : col, \u00e9paules, ourlet et coupe-vent renforc\u00e9s en CORDURA\u00ae.<\/p>\n<p>100% Polyester, polaire, lamin\u00e9, imperm\u00e9able au vent et \u00e0 l'eau, respirant, 280 g\/m<\/p>","protected":false},"excerpt":{"rendered":"<p>Fleece Weste aus winddichtem Material mit Atmungsfunktion. Die Weste hat Vordertaschen, Innentaschen und Cordura\u00ae-Verst\u00e4rkungen an den Schultern und am unteren Teil f\u00fcr bessere Best\u00e4ndigkeit. Ausgestattet mit Reflex Details f\u00fcr h\u00f6here Sichtbarkeit. ABSCHLUSS: Verstellbarer Bund mit Kordelzug. DETAILS: D-Ring. Fleecegef\u00fctterter Kragen. FRONTVERSCHLUSS: Verdeckter, verst\u00e4rkter Reissverschluss aus Kunststoff. FUNKTIONALIT\u00c4T: Winddicht und atmungsaktiv. HAUPTEIGENSCHAFTEN: Handwerker. REFLEX: Reflektierende Details. [&hellip;]<\/p>\n","protected":false},"featured_media":595137,"template":"","meta":[],"product_brand":[],"product_cat":[4208],"product_tag":[],"class_list":{"0":"post-595110","1":"product","2":"type-product","3":"status-publish","4":"has-post-thumbnail","6":"product_cat-westen","7":"pa_brand-blaklaeder","8":"pa_brand-type-workwear","9":"pa_filter-color-schwarz","11":"first","12":"instock","13":"sale","14":"taxable","15":"shipping-taxable","16":"purchasable","17":"product-type-variable","18":"add-to-wishlist-before_image"},"exclude_global_add_ons":[],"addons":[],"acf":[],"_links":{"self":[{"href":"https:\/\/shop.kustom.ch\/fr\/wp-json\/wp\/v2\/product\/595110"}],"collection":[{"href":"https:\/\/shop.kustom.ch\/fr\/wp-json\/wp\/v2\/product"}],"about":[{"href":"https:\/\/shop.kustom.ch\/fr\/wp-json\/wp\/v2\/types\/product"}],"wp:featuredmedia":[{"embeddable":true,"href":"https:\/\/shop.kustom.ch\/fr\/wp-json\/wp\/v2\/media\/595137"}],"wp:attachment":[{"href":"https:\/\/shop.kustom.ch\/fr\/wp-json\/wp\/v2\/media?parent=595110"}],"wp:term":[{"taxonomy":"product_brand","embeddable":true,"href":"https:\/\/shop.kustom.ch\/fr\/wp-json\/wp\/v2\/product_brand?post=595110"},{"taxonomy":"product_cat","embeddable":true,"href":"https:\/\/shop.kustom.ch\/fr\/wp-json\/wp\/v2\/product_cat?post=595110"},{"taxonomy":"product_tag","embeddable":true,"href":"https:\/\/shop.kustom.ch\/fr\/wp-json\/wp\/v2\/product_tag?post=595110"}],"curies":[{"name":"wp","href":"https:\/\/api.w.org\/{rel}","templated":true}]}}

<p>Gilet polaire en matériau coupe-vent avec fonction respirante. Le gilet a des poches avant, des poches intérieures et des renforts en Cordura® sur les épaules et la partie inférieure pour une meilleure résistance. Équipé de détails réfléchissants pour une meilleure visibilité.</p>
<p>FERMETURE : Ceinture réglable avec cordon de serrage. DÉTAILS : Anneau en D. Col doublé en polaire. FERMETURE FRONTALE : Fermeture à glissière invisible et renforcée en plastique. FONCTIONNALITÉ : Coupe-vent et respirant. CARACTERISTIQUES PRINCIPALES : Artisan. REFLEX : Détails réfléchissants. TISSU : Hommes. noir. coupe-vent. Vent / humidité / froid. POCHES : Poche de poitrine avec fermeture à glissière. Poches avant zippées et deux poches intérieures. INSTRUCTIONS DE LAVAGE : 40° C. RENFORCEMENT : col, épaules, ourlet et coupe-vent renforcés en CORDURA®.</p>
<p>100% Polyester, polaire, laminé, imperméable au vent et à l'eau, respirant, 280 g/m</p>

<p>Fleece Weste aus winddichtem Material mit Atmungsfunktion. Die Weste hat Vordertaschen, Innentaschen und Cordura®-Verstärkungen an den Schultern und am unteren Teil für bessere Beständigkeit. Ausgestattet mit Reflex Details für höhere Sichtbarkeit. ABSCHLUSS: Verstellbarer Bund mit Kordelzug. DETAILS: D-Ring. Fleecegefütterter Kragen. FRONTVERSCHLUSS: Verdeckter, verstärkter Reissverschluss aus Kunststoff. FUNKTIONALITÄT: Winddicht und atmungsaktiv. HAUPTEIGENSCHAFTEN: Handwerker. REFLEX: Reflektierende Details. [&hellip;]</p>
