{"id":593065,"date":"2025-03-04T23:42:36","date_gmt":"2025-03-04T22:42:36","guid":{"rendered":"https:\/\/shop.kustom.ch\/?post_type=product&#038;p=593065"},"modified":"2026-03-31T09:14:14","modified_gmt":"2026-03-31T08:14:14","slug":"high-vis-weste-4","status":"publish","type":"product","link":"https:\/\/shop.kustom.ch\/fr\/produit\/high-vis-weste-4\/","title":{"rendered":"Gilet haute visibilit\u00e9"},"content":{"rendered":"<p>Gilet haute visibilit\u00e9 qui garde votre outil le plus important \u00e0 port\u00e9e de main. Bandes r\u00e9fl\u00e9chissantes de 5 cm sur tous les c\u00f4t\u00e9s, pour que vous soyez visible de toutes les directions. Certifi\u00e9 selon la norme EN 471. Classe 2.<\/p>\n<p>FERMETURE : Ceinture r\u00e9glable avec fermeture velcro. D\u00c9TAILS : Col haut. FERMETURE FRONTALE : Fermeture \u00e0 glissi\u00e8re invisible en plastique. CARACTERISTIQUES PRINCIPALES : Artisan. RIS-3279-TOM . REFLEX : R\u00e9flecteurs sur les \u00e9paules et le corps. TISSU : pour hommes. Jaune haute visibilit\u00e9. Haute visibilit\u00e9 . POCHES : Poches poitrine avec rabats, une avec poche pour t\u00e9l\u00e9phone portable et une avec poche pour stylo. Poches avant avec fermeture velcro. INSTRUCTIONS DE LAVAGE : Lavage \u00e0 la maison X 50. 70\u00b0 C. LAVAGE : lavage industriel EN ISO 15797. CERTIFICATION : classe 2 et 3 Les v\u00eatements orange sont conformes \u00e0 la norme RIS-3279-TOM Issue 2.<\/p>\n<p>85% polyester, 15% coton, satin, 300g\/m<\/p>","protected":false},"excerpt":{"rendered":"<p>High Vis Weste, die Ihr wichtigstes Werkzeug in Reichweite h\u00e4lt. 5 cm Reflexstreifen an allen Seiten, so dass Sie aus allen Richtungen sichtbar sind. Zertifiziert nach EN 471. Klasse 2. ABSCHLUSS: Verstellbarer Bund mit Klettverschluss. DETAILS: Hoher Kragen. FRONTVERSCHLUSS: Verdeckter Reissverschluss aus Kunststoff. HAUPTEIGENSCHAFTEN: Handwerker. RIS-3279-TOM . REFLEX: Reflektoren an Schultern und K\u00f6rper. STOFF: Herren. [&hellip;]<\/p>\n","protected":false},"featured_media":593105,"template":"","meta":[],"product_brand":[],"product_cat":[4208],"product_tag":[],"class_list":{"0":"post-593065","1":"product","2":"type-product","3":"status-publish","4":"has-post-thumbnail","6":"product_cat-westen","7":"pa_brand-blaklaeder","8":"pa_brand-type-workwear","9":"pa_filter-color-blau","10":"pa_filter-color-gelb","11":"pa_filter-color-orange","13":"first","14":"instock","15":"sale","16":"taxable","17":"shipping-taxable","18":"purchasable","19":"product-type-variable","20":"add-to-wishlist-before_image"},"exclude_global_add_ons":[],"addons":[],"acf":[],"_links":{"self":[{"href":"https:\/\/shop.kustom.ch\/fr\/wp-json\/wp\/v2\/product\/593065"}],"collection":[{"href":"https:\/\/shop.kustom.ch\/fr\/wp-json\/wp\/v2\/product"}],"about":[{"href":"https:\/\/shop.kustom.ch\/fr\/wp-json\/wp\/v2\/types\/product"}],"wp:featuredmedia":[{"embeddable":true,"href":"https:\/\/shop.kustom.ch\/fr\/wp-json\/wp\/v2\/media\/593105"}],"wp:attachment":[{"href":"https:\/\/shop.kustom.ch\/fr\/wp-json\/wp\/v2\/media?parent=593065"}],"wp:term":[{"taxonomy":"product_brand","embeddable":true,"href":"https:\/\/shop.kustom.ch\/fr\/wp-json\/wp\/v2\/product_brand?post=593065"},{"taxonomy":"product_cat","embeddable":true,"href":"https:\/\/shop.kustom.ch\/fr\/wp-json\/wp\/v2\/product_cat?post=593065"},{"taxonomy":"product_tag","embeddable":true,"href":"https:\/\/shop.kustom.ch\/fr\/wp-json\/wp\/v2\/product_tag?post=593065"}],"curies":[{"name":"wp","href":"https:\/\/api.w.org\/{rel}","templated":true}]}}

Gilet haute visibilité

<p>Gilet haute visibilité qui garde votre outil le plus important à portée de main. Bandes réfléchissantes de 5 cm sur tous les côtés, pour que vous soyez visible de toutes les directions. Certifié selon la norme EN 471. Classe 2.</p>
<p>FERMETURE : Ceinture réglable avec fermeture velcro. DÉTAILS : Col haut. FERMETURE FRONTALE : Fermeture à glissière invisible en plastique. CARACTERISTIQUES PRINCIPALES : Artisan. RIS-3279-TOM . REFLEX : Réflecteurs sur les épaules et le corps. TISSU : pour hommes. Jaune haute visibilité. Haute visibilité . POCHES : Poches poitrine avec rabats, une avec poche pour téléphone portable et une avec poche pour stylo. Poches avant avec fermeture velcro. INSTRUCTIONS DE LAVAGE : Lavage à la maison X 50. 70° C. LAVAGE : lavage industriel EN ISO 15797. CERTIFICATION : classe 2 et 3 Les vêtements orange sont conformes à la norme RIS-3279-TOM Issue 2.</p>
<p>85% polyester, 15% coton, satin, 300g/m</p>

<p>High Vis Weste, die Ihr wichtigstes Werkzeug in Reichweite hält. 5 cm Reflexstreifen an allen Seiten, so dass Sie aus allen Richtungen sichtbar sind. Zertifiziert nach EN 471. Klasse 2. ABSCHLUSS: Verstellbarer Bund mit Klettverschluss. DETAILS: Hoher Kragen. FRONTVERSCHLUSS: Verdeckter Reissverschluss aus Kunststoff. HAUPTEIGENSCHAFTEN: Handwerker. RIS-3279-TOM . REFLEX: Reflektoren an Schultern und Körper. STOFF: Herren. [&hellip;]</p>
