{"id":591114,"date":"2025-03-04T23:18:10","date_gmt":"2025-03-04T22:18:10","guid":{"rendered":"https:\/\/shop.kustom.ch\/?post_type=product&#038;p=591114"},"modified":"2026-03-31T09:08:46","modified_gmt":"2026-03-31T08:08:46","slug":"winteroverall","status":"publish","type":"product","link":"https:\/\/shop.kustom.ch\/fr\/produit\/winteroverall\/","title":{"rendered":"Combinaison d'hiver"},"content":{"rendered":"<p>Une combinaison qui rend votre travail quotidien plus simple et plus efficace. Beau et pratique, il n'y a pas de vide \u00e0 l'arri\u00e8re quand on se penche en avant. Mati\u00e8re shell imperm\u00e9able au vent et \u00e0 l'eau. Coutures soud\u00e9es et poches avec fermetures \u00e0 glissi\u00e8re \u00e9tanches. Autres caract\u00e9ristiques int\u00e9ressantes : les fermetures \u00e9clair \u00e0 double sens sur le devant et sur les jambes. Poches int\u00e9rieures pour genouill\u00e8res et capuche amovible.<\/p>\n<p>FERMETURE : Bas de jambe r\u00e9glable avec fermeture \u00e0 glissi\u00e8re et velcro. Poignet int\u00e9rieur avec trou pour le pouce. D\u00c9TAILS : Poche pour carte d'identit\u00e9 amovible. Soufflet au dos. Capuche amovible et r\u00e9glable. Col doubl\u00e9 en polaire. Coutures soud\u00e9es. Insert stretch au dos. Passants de fixation. Jupe pare-neige avec fermeture velcro et bouton. Elastique \u00e0 la taille. FERMETURE FRONTALE : Patte \u00e0 vent \u00e0 l'int\u00e9rieur. FONCTIONNALIT\u00c9 : Empi\u00e8cement stretch au dos. CARACTERISTIQUES PRINCIPALES : Couvreur. Messieurs. EN 343. REFLEX : D\u00e9tails r\u00e9fl\u00e9chissants sur la jambe. TISSU : noir. Poches pour genouill\u00e8res. Vent \/ humidit\u00e9 \/ froid. POCHES : poche de poitrine avec fermeture \u00e9clair hydrofuge. Poche pour t\u00e9l\u00e9phone portable \u00e0 l'int\u00e9rieur. Poche int\u00e9rieure avec fermeture \u00e9clair. Poches rembourr\u00e9es aux genoux \u00e0 l'int\u00e9rieur. Poches avant avec fermetures \u00e9clair hydrofuges. Poche m\u00e8tre avec poche suppl\u00e9mentaire et porte-couteau. INSTRUCTIONS DE LAVAGE : 40\u00b0 C. CERTIFICATION : EN 14404:2004+A1:2010 ensemble avec genouill\u00e8res 4027, 4057, 4058 et 4032. EN 342. EN 343, classe 3.1<\/p>\n<p>100% Polyester, Oxford, enduit, imperm\u00e9able 15.000 mm, coupe-vent, respirant Ret 8,5, 200g\/m<\/p>","protected":false},"excerpt":{"rendered":"<p>Ein Overall, der Ihren Arbeitsalltag einfacher und effizienter macht. Sch\u00f6n und praktisch, dass hinten keine L\u00fccke entsteht, wenn man sich nach vorne beugt. Wind- und wasserdichtes Shell-Material. Verschweisste N\u00e4hte und Taschen mit wasserdichten Reissverschl\u00fcssen. Weitere grossartige Merkmale sind Zwei-Wege-Reissverschl\u00fcsse an der Vorderseite und an den Beinen. Kniepolstertaschen innen und abnehmbare Kapuze. ABSCHLUSS: Verstellbarer Beinabschluss mit [&hellip;]<\/p>\n","protected":false},"featured_media":591164,"template":"","meta":[],"product_brand":[],"product_cat":[10454],"product_tag":[],"class_list":{"0":"post-591114","1":"product","2":"type-product","3":"status-publish","4":"has-post-thumbnail","6":"product_cat-overalls","7":"pa_brand-blaklaeder","8":"pa_brand-type-workwear","9":"pa_filter-color-blau","10":"pa_filter-color-schwarz","12":"first","13":"instock","14":"sale","15":"taxable","16":"shipping-taxable","17":"purchasable","18":"product-type-variable","19":"add-to-wishlist-before_image"},"exclude_global_add_ons":[],"addons":[],"acf":[],"_links":{"self":[{"href":"https:\/\/shop.kustom.ch\/fr\/wp-json\/wp\/v2\/product\/591114"}],"collection":[{"href":"https:\/\/shop.kustom.ch\/fr\/wp-json\/wp\/v2\/product"}],"about":[{"href":"https:\/\/shop.kustom.ch\/fr\/wp-json\/wp\/v2\/types\/product"}],"wp:featuredmedia":[{"embeddable":true,"href":"https:\/\/shop.kustom.ch\/fr\/wp-json\/wp\/v2\/media\/591164"}],"wp:attachment":[{"href":"https:\/\/shop.kustom.ch\/fr\/wp-json\/wp\/v2\/media?parent=591114"}],"wp:term":[{"taxonomy":"product_brand","embeddable":true,"href":"https:\/\/shop.kustom.ch\/fr\/wp-json\/wp\/v2\/product_brand?post=591114"},{"taxonomy":"product_cat","embeddable":true,"href":"https:\/\/shop.kustom.ch\/fr\/wp-json\/wp\/v2\/product_cat?post=591114"},{"taxonomy":"product_tag","embeddable":true,"href":"https:\/\/shop.kustom.ch\/fr\/wp-json\/wp\/v2\/product_tag?post=591114"}],"curies":[{"name":"wp","href":"https:\/\/api.w.org\/{rel}","templated":true}]}}

<p>Une combinaison qui rend votre travail quotidien plus simple et plus efficace. Beau et pratique, il n'y a pas de vide à l'arrière quand on se penche en avant. Matière shell imperméable au vent et à l'eau. Coutures soudées et poches avec fermetures à glissière étanches. Autres caractéristiques intéressantes : les fermetures éclair à double sens sur le devant et sur les jambes. Poches intérieures pour genouillères et capuche amovible.</p>
<p>FERMETURE : Bas de jambe réglable avec fermeture à glissière et velcro. Poignet intérieur avec trou pour le pouce. DÉTAILS : Poche pour carte d'identité amovible. Soufflet au dos. Capuche amovible et réglable. Col doublé en polaire. Coutures soudées. Insert stretch au dos. Passants de fixation. Jupe pare-neige avec fermeture velcro et bouton. Elastique à la taille. FERMETURE FRONTALE : Patte à vent à l'intérieur. FONCTIONNALITÉ : Empiècement stretch au dos. CARACTERISTIQUES PRINCIPALES : Couvreur. Messieurs. EN 343. REFLEX : Détails réfléchissants sur la jambe. TISSU : noir. Poches pour genouillères. Vent / humidité / froid. POCHES : poche de poitrine avec fermeture éclair hydrofuge. Poche pour téléphone portable à l'intérieur. Poche intérieure avec fermeture éclair. Poches rembourrées aux genoux à l'intérieur. Poches avant avec fermetures éclair hydrofuges. Poche mètre avec poche supplémentaire et porte-couteau. INSTRUCTIONS DE LAVAGE : 40° C. CERTIFICATION : EN 14404:2004+A1:2010 ensemble avec genouillères 4027, 4057, 4058 et 4032. EN 342. EN 343, classe 3.1</p>
<p>100% Polyester, Oxford, enduit, imperméable 15.000 mm, coupe-vent, respirant Ret 8,5, 200g/m</p>

<p>Ein Overall, der Ihren Arbeitsalltag einfacher und effizienter macht. Schön und praktisch, dass hinten keine Lücke entsteht, wenn man sich nach vorne beugt. Wind- und wasserdichtes Shell-Material. Verschweisste Nähte und Taschen mit wasserdichten Reissverschlüssen. Weitere grossartige Merkmale sind Zwei-Wege-Reissverschlüsse an der Vorderseite und an den Beinen. Kniepolstertaschen innen und abnehmbare Kapuze. ABSCHLUSS: Verstellbarer Beinabschluss mit [&hellip;]</p>
