{"id":590595,"date":"2025-03-04T23:11:08","date_gmt":"2025-03-04T22:11:08","guid":{"rendered":"https:\/\/shop.kustom.ch\/?post_type=product&#038;p=590595"},"modified":"2026-03-31T09:07:47","modified_gmt":"2026-03-31T08:07:47","slug":"flammschutz-overall","status":"publish","type":"product","link":"https:\/\/shop.kustom.ch\/fr\/produit\/flammschutz-overall\/","title":{"rendered":"Combinaison ignifug\u00e9e"},"content":{"rendered":"<p>Combinaison ignifuge r\u00e9sistante \u00e0 l'huile, \u00e0 la salet\u00e9 et \u00e0 l'eau avec de nombreuses poches et une fermeture \u00e9clair m\u00e9tallique cach\u00e9e. Soufflet d'aisance dans le dos et coudes pr\u00e9form\u00e9s pour un meilleur confort. Les d\u00e9tails r\u00e9fl\u00e9chissants augmentent la visibilit\u00e9. Convient au lavage industriel. Le tissu a une r\u00e9sistance \u00e0 l'arc \u00e9lectrique de IEC\/EN 61482-1-1 ATPV : 16,0 cal\/cm\u00b2. Certifi\u00e9 selon les normes EN 14404, EN 1149-5, EN ISO 11611, EN 13034, EN ISO 11612, IEC 61482-2. ATPV : 16,0 cal\/cm\u00b2.<\/p>\n<p>FERMETURE : Poignets r\u00e9glables avec boutons-pression. D\u00c9TAILS : Poche d'identification amovible pour les v\u00eatements ignifuges. Soufflet dans le dos. \u00c9tiquettes de certification ext\u00e9rieures. Taille \u00e9lastique r\u00e9glable. FERMETURE FRONTALE : Fermeture \u00e0 glissi\u00e8re m\u00e9tallique \u00e0 double sens, renforc\u00e9e et dissimul\u00e9e. FONCTIONNALIT\u00c9 : R\u00e9sistant \u00e0 l'huile, \u00e0 la salet\u00e9 et \u00e0 l'eau. CARACT\u00c9RISTIQUES PRINCIPALES : \u00c9lectricien. Messieurs. EN 13034. REFLEX : D\u00e9tails r\u00e9fl\u00e9chissants. TISSU : noir. Poches pour genouill\u00e8res. Protection contre les flammes. POCHES : Poche sur la jambe avec rabat et poche \u00e0 outils suppl\u00e9mentaire. Poches poitrine avec fermeture \u00e9clair. Poches arri\u00e8re \u00e0 soufflet et \u00e0 rabat. Poches rembourr\u00e9es aux genoux \u00e0 l'int\u00e9rieur. Poches int\u00e9gr\u00e9es avec rabats. Poche m\u00e8tre avec porte couteau et poche stylo. INSTRUCTIONS DE LAVAGE : Ne pas nettoyer \u00e0 sec. CERTIFICATION : EN 1149-5. EN 13034 type 6. EN 14404:2004+A1:2010 avec genouill\u00e8res 4027, 4057, 4058 et 4032. EN ISO 11611, classe 1 A1+A2. EN ISO 11612 A1, A2, B1, C1, E3, F1. ATPV - 16 cal\/cm\u00b2<\/p>\n<p>85% coton, 14% polyester, 1% antistatique, serg\u00e9, ignifug\u00e9, antistatique, 350 g\/m<\/p>","protected":false},"excerpt":{"rendered":"<p>\u00d6l-, schmutz- und wasserabweisender Flammschutz Overall mit vielen Taschen und verstecktem Metallreissverschluss. Bewegungsfalte am R\u00fccken und vorgeformte Ellb\u00f6gen f\u00fcr erh\u00f6hten Komfort. Reflexdetails erh\u00f6hen die Sichtbarkeit. Industriew\u00e4sche geeignet. Der Stoff hat eine Lichtbogenfestigkeit von IEC\/EN 61482-1-1 ATPV: 16,0 cal\/cm\u00b2. Zertifiziert nach EN 14404, EN 1149-5, EN ISO 11611, EN 13034, EN ISO 11612, IEC 61482-2. ATPV: [&hellip;]<\/p>\n","protected":false},"featured_media":590652,"template":"","meta":[],"product_brand":[],"product_cat":[10454],"product_tag":[],"class_list":{"0":"post-590595","1":"product","2":"type-product","3":"status-publish","4":"has-post-thumbnail","6":"product_cat-overalls","7":"pa_brand-blaklaeder","8":"pa_brand-type-workwear","9":"pa_filter-color-grau","10":"pa_filter-color-schwarz","12":"first","13":"instock","14":"sale","15":"taxable","16":"shipping-taxable","17":"purchasable","18":"product-type-variable","19":"add-to-wishlist-before_image"},"exclude_global_add_ons":[],"addons":[],"acf":[],"_links":{"self":[{"href":"https:\/\/shop.kustom.ch\/fr\/wp-json\/wp\/v2\/product\/590595"}],"collection":[{"href":"https:\/\/shop.kustom.ch\/fr\/wp-json\/wp\/v2\/product"}],"about":[{"href":"https:\/\/shop.kustom.ch\/fr\/wp-json\/wp\/v2\/types\/product"}],"wp:featuredmedia":[{"embeddable":true,"href":"https:\/\/shop.kustom.ch\/fr\/wp-json\/wp\/v2\/media\/590652"}],"wp:attachment":[{"href":"https:\/\/shop.kustom.ch\/fr\/wp-json\/wp\/v2\/media?parent=590595"}],"wp:term":[{"taxonomy":"product_brand","embeddable":true,"href":"https:\/\/shop.kustom.ch\/fr\/wp-json\/wp\/v2\/product_brand?post=590595"},{"taxonomy":"product_cat","embeddable":true,"href":"https:\/\/shop.kustom.ch\/fr\/wp-json\/wp\/v2\/product_cat?post=590595"},{"taxonomy":"product_tag","embeddable":true,"href":"https:\/\/shop.kustom.ch\/fr\/wp-json\/wp\/v2\/product_tag?post=590595"}],"curies":[{"name":"wp","href":"https:\/\/api.w.org\/{rel}","templated":true}]}}

Combinaison ignifugée

<p>Combinaison ignifuge résistante à l'huile, à la saleté et à l'eau avec de nombreuses poches et une fermeture éclair métallique cachée. Soufflet d'aisance dans le dos et coudes préformés pour un meilleur confort. Les détails réfléchissants augmentent la visibilité. Convient au lavage industriel. Le tissu a une résistance à l'arc électrique de IEC/EN 61482-1-1 ATPV : 16,0 cal/cm². Certifié selon les normes EN 14404, EN 1149-5, EN ISO 11611, EN 13034, EN ISO 11612, IEC 61482-2. ATPV : 16,0 cal/cm².</p>
<p>FERMETURE : Poignets réglables avec boutons-pression. DÉTAILS : Poche d'identification amovible pour les vêtements ignifuges. Soufflet dans le dos. Étiquettes de certification extérieures. Taille élastique réglable. FERMETURE FRONTALE : Fermeture à glissière métallique à double sens, renforcée et dissimulée. FONCTIONNALITÉ : Résistant à l'huile, à la saleté et à l'eau. CARACTÉRISTIQUES PRINCIPALES : Électricien. Messieurs. EN 13034. REFLEX : Détails réfléchissants. TISSU : noir. Poches pour genouillères. Protection contre les flammes. POCHES : Poche sur la jambe avec rabat et poche à outils supplémentaire. Poches poitrine avec fermeture éclair. Poches arrière à soufflet et à rabat. Poches rembourrées aux genoux à l'intérieur. Poches intégrées avec rabats. Poche mètre avec porte couteau et poche stylo. INSTRUCTIONS DE LAVAGE : Ne pas nettoyer à sec. CERTIFICATION : EN 1149-5. EN 13034 type 6. EN 14404:2004+A1:2010 avec genouillères 4027, 4057, 4058 et 4032. EN ISO 11611, classe 1 A1+A2. EN ISO 11612 A1, A2, B1, C1, E3, F1. ATPV - 16 cal/cm²</p>
<p>85% coton, 14% polyester, 1% antistatique, sergé, ignifugé, antistatique, 350 g/m</p>

<p>Öl-, schmutz- und wasserabweisender Flammschutz Overall mit vielen Taschen und verstecktem Metallreissverschluss. Bewegungsfalte am Rücken und vorgeformte Ellbögen für erhöhten Komfort. Reflexdetails erhöhen die Sichtbarkeit. Industriewäsche geeignet. Der Stoff hat eine Lichtbogenfestigkeit von IEC/EN 61482-1-1 ATPV: 16,0 cal/cm². Zertifiziert nach EN 14404, EN 1149-5, EN ISO 11611, EN 13034, EN ISO 11612, IEC 61482-2. ATPV: [&hellip;]</p>
