{"id":589923,"date":"2025-03-04T22:59:57","date_gmt":"2025-03-04T21:59:57","guid":{"rendered":"https:\/\/shop.kustom.ch\/?post_type=product&#038;p=589923"},"modified":"2026-03-31T09:06:26","modified_gmt":"2026-03-31T08:06:26","slug":"flammschutz-winterjacke","status":"publish","type":"product","link":"https:\/\/shop.kustom.ch\/fr\/produit\/flammschutz-winterjacke\/","title":{"rendered":"Veste d'hiver ignifug\u00e9e"},"content":{"rendered":"<p>Veste d'hiver ignifuge robuste, r\u00e9sistante \u00e0 l'huile, \u00e0 la salet\u00e9 et \u00e0 l'eau, avec fermeture \u00e9clair m\u00e9tallique dissimul\u00e9e et poches fonctionnelles. Les plis de mouvement dans le dos et les coudes pr\u00e9form\u00e9s assurent une libert\u00e9 de mouvement optimale. Les d\u00e9tails r\u00e9fl\u00e9chissants augmentent la visibilit\u00e9. Le tissu a une r\u00e9sistance \u00e0 l'arc \u00e9lectrique de EN 61482-1-1 atpv 16,0 cal\/cm\u00b2. Certifi\u00e9 selon les normes EN 342, EN 1149-5, EN ISO 11611, EN 13034, EN ISO 11612, IEC 61482-2.<\/p>\n<p>FERMETURE : Ceinture r\u00e9glable avec boutons-pression. Poignets r\u00e9glables avec boutons-pression. D\u00c9TAILS : Soufflet au dos. \u00c9tiquettes de certification ext\u00e9rieures. Col haut avec fermeture \u00e0 glissi\u00e8re dissimul\u00e9e. FERMETURE FRONTALE : Fermeture \u00e0 glissi\u00e8re m\u00e9tallique renforc\u00e9e et dissimul\u00e9e. FONCTIONNALIT\u00c9 : Doublure chaude. CARACT\u00c9RISTIQUES PRINCIPALES : Soudeur. EN ISO 11612. REFLEX : D\u00e9tails r\u00e9fl\u00e9chissants. TISSU : Hommes. Gris. Protection contre les flammes. POCHES : Poches poitrine avec fermeture \u00e0 glissi\u00e8re. Poche pour t\u00e9l\u00e9phone portable \u00e0 l'int\u00e9rieur. Poche int\u00e9rieure. Poches ins\u00e9r\u00e9es avec rabats. INSTRUCTIONS DE LAVAGE : Ne pas repasser. CERTIFICATION : EN 1149-5. 20 lavages maximum. EN 342 avec 1869-1514. EN ISO 11611, classe 1 A1+A2. EN ISO 11612 A1, A2, B1, C1, E3, F1. IEC 61482-2, APC 2<\/p>\n<p>85% coton, 14% polyester, 1% antistatique, serg\u00e9, ignifug\u00e9, antistatique, 350 g\/m<\/p>","protected":false},"excerpt":{"rendered":"<p>Robuste, \u00f6l-, schmutz- und wasserabweisende Flammschutz Winterjacke mit verdecktem Metall-Reissverschluss und funktionellen Taschen. Bewegungsfalten am R\u00fccken und vorgeformte Ellb\u00f6gen sorgen f\u00fcr optimale Bewegungsfreiheit. Reflektierende Details erh\u00f6hen die Sichtbarkeit. Der Stoff hat eine Lichtbogenfestigkeit von EN 61482-1-1 atpv 16,0 cal\/cm\u00b2. Zertifiziert nach EN 342, EN 1149-5, EN ISO 11611, EN 13034, EN ISO 11612, IEC 61482-2. [&hellip;]<\/p>\n","protected":false},"featured_media":589961,"template":"","meta":[],"product_brand":[],"product_cat":[4186],"product_tag":[],"class_list":{"0":"post-589923","1":"product","2":"type-product","3":"status-publish","4":"has-post-thumbnail","6":"product_cat-jacken","7":"pa_brand-blaklaeder","8":"pa_brand-type-workwear","9":"pa_filter-color-grau","10":"pa_filter-color-schwarz","12":"first","13":"instock","14":"sale","15":"taxable","16":"shipping-taxable","17":"purchasable","18":"product-type-variable","19":"add-to-wishlist-before_image"},"exclude_global_add_ons":[],"addons":[],"acf":[],"_links":{"self":[{"href":"https:\/\/shop.kustom.ch\/fr\/wp-json\/wp\/v2\/product\/589923"}],"collection":[{"href":"https:\/\/shop.kustom.ch\/fr\/wp-json\/wp\/v2\/product"}],"about":[{"href":"https:\/\/shop.kustom.ch\/fr\/wp-json\/wp\/v2\/types\/product"}],"wp:featuredmedia":[{"embeddable":true,"href":"https:\/\/shop.kustom.ch\/fr\/wp-json\/wp\/v2\/media\/589961"}],"wp:attachment":[{"href":"https:\/\/shop.kustom.ch\/fr\/wp-json\/wp\/v2\/media?parent=589923"}],"wp:term":[{"taxonomy":"product_brand","embeddable":true,"href":"https:\/\/shop.kustom.ch\/fr\/wp-json\/wp\/v2\/product_brand?post=589923"},{"taxonomy":"product_cat","embeddable":true,"href":"https:\/\/shop.kustom.ch\/fr\/wp-json\/wp\/v2\/product_cat?post=589923"},{"taxonomy":"product_tag","embeddable":true,"href":"https:\/\/shop.kustom.ch\/fr\/wp-json\/wp\/v2\/product_tag?post=589923"}],"curies":[{"name":"wp","href":"https:\/\/api.w.org\/{rel}","templated":true}]}}

Veste d'hiver ignifugée

<p>Veste d'hiver ignifuge robuste, résistante à l'huile, à la saleté et à l'eau, avec fermeture éclair métallique dissimulée et poches fonctionnelles. Les plis de mouvement dans le dos et les coudes préformés assurent une liberté de mouvement optimale. Les détails réfléchissants augmentent la visibilité. Le tissu a une résistance à l'arc électrique de EN 61482-1-1 atpv 16,0 cal/cm². Certifié selon les normes EN 342, EN 1149-5, EN ISO 11611, EN 13034, EN ISO 11612, IEC 61482-2.</p>
<p>FERMETURE : Ceinture réglable avec boutons-pression. Poignets réglables avec boutons-pression. DÉTAILS : Soufflet au dos. Étiquettes de certification extérieures. Col haut avec fermeture à glissière dissimulée. FERMETURE FRONTALE : Fermeture à glissière métallique renforcée et dissimulée. FONCTIONNALITÉ : Doublure chaude. CARACTÉRISTIQUES PRINCIPALES : Soudeur. EN ISO 11612. REFLEX : Détails réfléchissants. TISSU : Hommes. Gris. Protection contre les flammes. POCHES : Poches poitrine avec fermeture à glissière. Poche pour téléphone portable à l'intérieur. Poche intérieure. Poches insérées avec rabats. INSTRUCTIONS DE LAVAGE : Ne pas repasser. CERTIFICATION : EN 1149-5. 20 lavages maximum. EN 342 avec 1869-1514. EN ISO 11611, classe 1 A1+A2. EN ISO 11612 A1, A2, B1, C1, E3, F1. IEC 61482-2, APC 2</p>
<p>85% coton, 14% polyester, 1% antistatique, sergé, ignifugé, antistatique, 350 g/m</p>

<p>Robuste, öl-, schmutz- und wasserabweisende Flammschutz Winterjacke mit verdecktem Metall-Reissverschluss und funktionellen Taschen. Bewegungsfalten am Rücken und vorgeformte Ellbögen sorgen für optimale Bewegungsfreiheit. Reflektierende Details erhöhen die Sichtbarkeit. Der Stoff hat eine Lichtbogenfestigkeit von EN 61482-1-1 atpv 16,0 cal/cm². Zertifiziert nach EN 342, EN 1149-5, EN ISO 11611, EN 13034, EN ISO 11612, IEC 61482-2. [&hellip;]</p>
