{"id":589794,"date":"2025-03-04T22:58:10","date_gmt":"2025-03-04T21:58:10","guid":{"rendered":"https:\/\/shop.kustom.ch\/?post_type=product&#038;p=589794"},"modified":"2026-03-31T09:06:23","modified_gmt":"2026-03-31T08:06:23","slug":"softshell-jacke-2","status":"publish","type":"product","link":"https:\/\/shop.kustom.ch\/fr\/produit\/softshell-jacke-2\/","title":{"rendered":"Veste softshell"},"content":{"rendered":"<p>Veste softshell l\u00e9g\u00e8re, tiss\u00e9e en ripstop, coupe-vent et respirante. Pour un confort optimal, la veste poss\u00e8de des manches pr\u00e9form\u00e9es, un dos allong\u00e9 et du tissu polaire dans le col. La veste a des poignets et une taille r\u00e9glables et de nombreuses solutions de poches pratiques.<\/p>\n<p>FERMETURE : Dos rallong\u00e9. Poignets r\u00e9glables avec fermeture velcro. D\u00c9TAILS : Col doubl\u00e9 en polaire. FERMETURE FRONTALE : Fermeture \u00e0 glissi\u00e8re en plastique. CARACTERISTIQUES PRINCIPALES : Conducteur. TISSU : Hommes. D\u00e9perlant. Vent \/ humidit\u00e9 \/ froid. POCHES : Poche de poitrine avec fermeture \u00e0 glissi\u00e8re. Poches int\u00e9rieures. Poches avant avec fermetures \u00e0 glissi\u00e8re. INSTRUCTIONS DE LAVAGE : Ne pas essorer.<\/p>\n<p>100% Polyester, 2 couches, softshell, scell\u00e9, hydrofuge 255 g\/m<\/p>","protected":false},"excerpt":{"rendered":"<p>Leichte, Ripstop-gewebte Softshell Jacke, windabweisend und atmungsaktiv. F\u00fcr optimalen Tragekomfort besitzt die Jacke vorgeformte \u00c4rmel, einen verl\u00e4ngerten R\u00fccken und Fleece im Kragen. Die Jacke hat einen einstellbaren Arm- und Bundabschluss und viele praktische Taschenl\u00f6sungen. ABSCHLUSS: Verl\u00e4ngerter R\u00fccken. Verstellbare \u00c4rmelb\u00fcndchen mit Klettverschluss. DETAILS: Fleecegef\u00fctterter Kragen. FRONTVERSCHLUSS: Reissverschluss aus Kunststoff. HAUPTEIGENSCHAFTEN: Fahrer. STOFF: Herren. wasserabweisend. Wind \/ [&hellip;]<\/p>\n","protected":false},"featured_media":589846,"template":"","meta":[],"product_brand":[],"product_cat":[4186],"product_tag":[],"class_list":{"0":"post-589794","1":"product","2":"type-product","3":"status-publish","4":"has-post-thumbnail","6":"product_cat-jacken","7":"pa_brand-blaklaeder","8":"pa_brand-type-workwear","9":"pa_filter-color-blau","10":"pa_filter-color-gelb","12":"first","13":"instock","14":"sale","15":"taxable","16":"shipping-taxable","17":"purchasable","18":"product-type-variable","19":"add-to-wishlist-before_image"},"exclude_global_add_ons":[],"addons":[],"acf":[],"_links":{"self":[{"href":"https:\/\/shop.kustom.ch\/fr\/wp-json\/wp\/v2\/product\/589794"}],"collection":[{"href":"https:\/\/shop.kustom.ch\/fr\/wp-json\/wp\/v2\/product"}],"about":[{"href":"https:\/\/shop.kustom.ch\/fr\/wp-json\/wp\/v2\/types\/product"}],"wp:featuredmedia":[{"embeddable":true,"href":"https:\/\/shop.kustom.ch\/fr\/wp-json\/wp\/v2\/media\/589846"}],"wp:attachment":[{"href":"https:\/\/shop.kustom.ch\/fr\/wp-json\/wp\/v2\/media?parent=589794"}],"wp:term":[{"taxonomy":"product_brand","embeddable":true,"href":"https:\/\/shop.kustom.ch\/fr\/wp-json\/wp\/v2\/product_brand?post=589794"},{"taxonomy":"product_cat","embeddable":true,"href":"https:\/\/shop.kustom.ch\/fr\/wp-json\/wp\/v2\/product_cat?post=589794"},{"taxonomy":"product_tag","embeddable":true,"href":"https:\/\/shop.kustom.ch\/fr\/wp-json\/wp\/v2\/product_tag?post=589794"}],"curies":[{"name":"wp","href":"https:\/\/api.w.org\/{rel}","templated":true}]}}

<p>Veste softshell légère, tissée en ripstop, coupe-vent et respirante. Pour un confort optimal, la veste possède des manches préformées, un dos allongé et du tissu polaire dans le col. La veste a des poignets et une taille réglables et de nombreuses solutions de poches pratiques.</p>
<p>FERMETURE : Dos rallongé. Poignets réglables avec fermeture velcro. DÉTAILS : Col doublé en polaire. FERMETURE FRONTALE : Fermeture à glissière en plastique. CARACTERISTIQUES PRINCIPALES : Conducteur. TISSU : Hommes. Déperlant. Vent / humidité / froid. POCHES : Poche de poitrine avec fermeture à glissière. Poches intérieures. Poches avant avec fermetures à glissière. INSTRUCTIONS DE LAVAGE : Ne pas essorer.</p>
<p>100% Polyester, 2 couches, softshell, scellé, hydrofuge 255 g/m</p>

<p>Leichte, Ripstop-gewebte Softshell Jacke, windabweisend und atmungsaktiv. Für optimalen Tragekomfort besitzt die Jacke vorgeformte Ärmel, einen verlängerten Rücken und Fleece im Kragen. Die Jacke hat einen einstellbaren Arm- und Bundabschluss und viele praktische Taschenlösungen. ABSCHLUSS: Verlängerter Rücken. Verstellbare Ärmelbündchen mit Klettverschluss. DETAILS: Fleecegefütterter Kragen. FRONTVERSCHLUSS: Reissverschluss aus Kunststoff. HAUPTEIGENSCHAFTEN: Fahrer. STOFF: Herren. wasserabweisend. Wind / [&hellip;]</p>
