{"id":586492,"date":"2025-03-04T22:09:42","date_gmt":"2025-03-04T21:09:42","guid":{"rendered":"https:\/\/shop.kustom.ch\/?post_type=product&#038;p=586492"},"modified":"2026-03-31T08:48:27","modified_gmt":"2026-03-31T07:48:27","slug":"handwerker-weste-x1900","status":"publish","type":"product","link":"https:\/\/shop.kustom.ch\/fr\/produit\/handwerker-weste-x1900\/","title":{"rendered":"Gilet d'artisan X1900"},"content":{"rendered":"<p>Gilet de montage moderne avec de nombreuses poches pratiques pour les outils et les accessoires. Des poches \u00e0 clous amovibles et une ceinture r\u00e9duisent les tensions sur les \u00e9paules et le cou. Une double fermeture \u00e0 glissi\u00e8re \u00e0 l'avant, qui permet de r\u00e9gler la largeur, assure un meilleur ajustement et augmente le confort. Des empi\u00e8cements en filet avec un mat\u00e9riau stretch r\u00e9duisent le poids et assurent une bonne ventilation dans le dos.<\/p>\n<p>D\u00c9TAILS : Anneau en D. Boutons en m\u00e9tal. Porte-couteau avec bouton. Larges passants pour la ceinture. FERMETURE FRONTALE : Fermeture \u00e0 glissi\u00e8re robuste en plastique. FONCTIONNALIT\u00c9 : Poches en denim Cordura\u00ae. CARACTERISTIQUES PRINCIPALES : Ferblantiers. TISSU : Hommes. Noir. Poches \u00e0 clous. Artisanat. POSITIONS : Poches poitrine, une avec rabat, une avec boutons pour couteau. Poche pour documents sur le devant. Poches \u00e0 clous - amovibles et extra larges, avec boucles \u00e0 outils et compartiments \u00e0 outils suppl\u00e9mentaires. Deux poches Napol\u00e9on pouvant accueillir des formats A4. INSTRUCTIONS DE LAVAGE : Ne pas blanchir. RENFORCEMENT : Poches \u00e0 clous renforc\u00e9es en CORDURA\u00ae. ACCESSOIRES : Ceinture textile<\/p>\n<p>100% Coton, toile, 270 g\/m<\/p>","protected":false},"excerpt":{"rendered":"<p>Moderne Montageweste mit vielen praktischen Taschen f\u00fcr Werkzeuge und Zubeh\u00f6r. Abnehmbare Nageltaschen und ein G\u00fcrtel reduzieren die Belastungen an Schultern und Nacken. Ein doppelter Reissverschluss vorne, mit dem die Weite einstellbar ist, sorgt f\u00fcr eine verbesserte Passform und erh\u00f6ht den Tragekomfort. Netzeins\u00e4tze mit Stretchmaterial reduzieren das Gewicht und sorgen f\u00fcr gute Ventilation am R\u00fccken. DETAILS: [&hellip;]<\/p>\n","protected":false},"featured_media":586544,"template":"","meta":[],"product_brand":[],"product_cat":[4208],"product_tag":[],"class_list":{"0":"post-586492","1":"product","2":"type-product","3":"status-publish","4":"has-post-thumbnail","6":"product_cat-westen","7":"pa_brand-blaklaeder","8":"pa_brand-type-workwear","9":"pa_filter-color-schwarz","11":"first","12":"instock","13":"sale","14":"taxable","15":"shipping-taxable","16":"purchasable","17":"product-type-variable","18":"add-to-wishlist-before_image"},"exclude_global_add_ons":[],"addons":[],"acf":[],"_links":{"self":[{"href":"https:\/\/shop.kustom.ch\/fr\/wp-json\/wp\/v2\/product\/586492"}],"collection":[{"href":"https:\/\/shop.kustom.ch\/fr\/wp-json\/wp\/v2\/product"}],"about":[{"href":"https:\/\/shop.kustom.ch\/fr\/wp-json\/wp\/v2\/types\/product"}],"wp:featuredmedia":[{"embeddable":true,"href":"https:\/\/shop.kustom.ch\/fr\/wp-json\/wp\/v2\/media\/586544"}],"wp:attachment":[{"href":"https:\/\/shop.kustom.ch\/fr\/wp-json\/wp\/v2\/media?parent=586492"}],"wp:term":[{"taxonomy":"product_brand","embeddable":true,"href":"https:\/\/shop.kustom.ch\/fr\/wp-json\/wp\/v2\/product_brand?post=586492"},{"taxonomy":"product_cat","embeddable":true,"href":"https:\/\/shop.kustom.ch\/fr\/wp-json\/wp\/v2\/product_cat?post=586492"},{"taxonomy":"product_tag","embeddable":true,"href":"https:\/\/shop.kustom.ch\/fr\/wp-json\/wp\/v2\/product_tag?post=586492"}],"curies":[{"name":"wp","href":"https:\/\/api.w.org\/{rel}","templated":true}]}}

<p>Gilet de montage moderne avec de nombreuses poches pratiques pour les outils et les accessoires. Des poches à clous amovibles et une ceinture réduisent les tensions sur les épaules et le cou. Une double fermeture à glissière à l'avant, qui permet de régler la largeur, assure un meilleur ajustement et augmente le confort. Des empiècements en filet avec un matériau stretch réduisent le poids et assurent une bonne ventilation dans le dos.</p>
<p>DÉTAILS : Anneau en D. Boutons en métal. Porte-couteau avec bouton. Larges passants pour la ceinture. FERMETURE FRONTALE : Fermeture à glissière robuste en plastique. FONCTIONNALITÉ : Poches en denim Cordura®. CARACTERISTIQUES PRINCIPALES : Ferblantiers. TISSU : Hommes. Noir. Poches à clous. Artisanat. POSITIONS : Poches poitrine, une avec rabat, une avec boutons pour couteau. Poche pour documents sur le devant. Poches à clous - amovibles et extra larges, avec boucles à outils et compartiments à outils supplémentaires. Deux poches Napoléon pouvant accueillir des formats A4. INSTRUCTIONS DE LAVAGE : Ne pas blanchir. RENFORCEMENT : Poches à clous renforcées en CORDURA®. ACCESSOIRES : Ceinture textile</p>
<p>100% Coton, toile, 270 g/m</p>

<p>Moderne Montageweste mit vielen praktischen Taschen für Werkzeuge und Zubehör. Abnehmbare Nageltaschen und ein Gürtel reduzieren die Belastungen an Schultern und Nacken. Ein doppelter Reissverschluss vorne, mit dem die Weite einstellbar ist, sorgt für eine verbesserte Passform und erhöht den Tragekomfort. Netzeinsätze mit Stretchmaterial reduzieren das Gewicht und sorgen für gute Ventilation am Rücken. DETAILS: [&hellip;]</p>
