{"id":586453,"date":"2025-03-04T22:08:34","date_gmt":"2025-03-04T21:08:34","guid":{"rendered":"https:\/\/shop.kustom.ch\/?post_type=product&#038;p=586453"},"modified":"2026-03-31T08:48:20","modified_gmt":"2026-03-31T07:48:20","slug":"handwerker-weste","status":"publish","type":"product","link":"https:\/\/shop.kustom.ch\/fr\/produit\/handwerker-weste\/","title":{"rendered":"Gilet d'artisan"},"content":{"rendered":"<p>D\u00c9TAILS : Poche pour carte d'identit\u00e9. Boucle pour marteau sur le c\u00f4t\u00e9. Porte-couteau avec bouton. Larges passants pour la ceinture. FERMETURE FRONTALE : Fermeture \u00e0 glissi\u00e8re en plastique. CARACTERISTIQUES PRINCIPALES : Poseur de sol. TISSU : Hommes. Gris. Poches \u00e0 clous. Artisanat. POSSIBILIT\u00c9S : Poches poitrine, une avec rabat et poche pour t\u00e9l\u00e9phone portable et une avec poche pour stylo. Poches \u00e0 clous - avec deux compartiments tournevis avec couvercle. INSTRUCTIONS DE LAVAGE : Nettoyage \u00e0 sec - normal P<\/p>\n<p>100% Coton, serg\u00e9, 370 g\/m<\/p>","protected":false},"excerpt":{"rendered":"<p>DETAILS: Ausweistasche. Hammerschlaufe an der Seite. Messerhalter mit Knopf. Breite G\u00fcrtelschlaufen. FRONTVERSCHLUSS: Reissverschluss aus Kunststoff. HAUPTEIGENSCHAFTEN: Bodenleger. STOFF: Herren. grau. Nageltaschen. Handwerk. TASCHEN: Brusttaschen, eine mit Patte und Handytasche und eine mit Stifttasche. Nageltaschen &#8211; mit zwei Schraubenzieherf\u00e4chern mit Abdeckung. WASCHANLEITUNG: Chemische Reinigung &#8211; normal P 100% Baumwolle, K\u00f6per, 370 g\/m\u00b2<\/p>","protected":false},"featured_media":586543,"template":"","meta":[],"product_brand":[],"product_cat":[4208],"product_tag":[],"class_list":{"0":"post-586453","1":"product","2":"type-product","3":"status-publish","4":"has-post-thumbnail","6":"product_cat-westen","7":"pa_brand-blaklaeder","8":"pa_brand-type-workwear","9":"pa_filter-color-grau","10":"pa_filter-color-schwarz","12":"first","13":"instock","14":"sale","15":"taxable","16":"shipping-taxable","17":"purchasable","18":"product-type-variable","19":"add-to-wishlist-before_image"},"exclude_global_add_ons":[],"addons":[],"acf":[],"_links":{"self":[{"href":"https:\/\/shop.kustom.ch\/fr\/wp-json\/wp\/v2\/product\/586453"}],"collection":[{"href":"https:\/\/shop.kustom.ch\/fr\/wp-json\/wp\/v2\/product"}],"about":[{"href":"https:\/\/shop.kustom.ch\/fr\/wp-json\/wp\/v2\/types\/product"}],"wp:featuredmedia":[{"embeddable":true,"href":"https:\/\/shop.kustom.ch\/fr\/wp-json\/wp\/v2\/media\/586543"}],"wp:attachment":[{"href":"https:\/\/shop.kustom.ch\/fr\/wp-json\/wp\/v2\/media?parent=586453"}],"wp:term":[{"taxonomy":"product_brand","embeddable":true,"href":"https:\/\/shop.kustom.ch\/fr\/wp-json\/wp\/v2\/product_brand?post=586453"},{"taxonomy":"product_cat","embeddable":true,"href":"https:\/\/shop.kustom.ch\/fr\/wp-json\/wp\/v2\/product_cat?post=586453"},{"taxonomy":"product_tag","embeddable":true,"href":"https:\/\/shop.kustom.ch\/fr\/wp-json\/wp\/v2\/product_tag?post=586453"}],"curies":[{"name":"wp","href":"https:\/\/api.w.org\/{rel}","templated":true}]}}

<p>DÉTAILS : Poche pour carte d'identité. Boucle pour marteau sur le côté. Porte-couteau avec bouton. Larges passants pour la ceinture. FERMETURE FRONTALE : Fermeture à glissière en plastique. CARACTERISTIQUES PRINCIPALES : Poseur de sol. TISSU : Hommes. Gris. Poches à clous. Artisanat. POSSIBILITÉS : Poches poitrine, une avec rabat et poche pour téléphone portable et une avec poche pour stylo. Poches à clous - avec deux compartiments tournevis avec couvercle. INSTRUCTIONS DE LAVAGE : Nettoyage à sec - normal P</p>
<p>100% Coton, sergé, 370 g/m</p>

<p>DETAILS: Ausweistasche. Hammerschlaufe an der Seite. Messerhalter mit Knopf. Breite Gürtelschlaufen. FRONTVERSCHLUSS: Reissverschluss aus Kunststoff. HAUPTEIGENSCHAFTEN: Bodenleger. STOFF: Herren. grau. Nageltaschen. Handwerk. TASCHEN: Brusttaschen, eine mit Patte und Handytasche und eine mit Stifttasche. Nageltaschen &#8211; mit zwei Schraubenzieherfächern mit Abdeckung. WASCHANLEITUNG: Chemische Reinigung &#8211; normal P 100% Baumwolle, Köper, 370 g/m²</p>
