{"id":583716,"date":"2025-03-04T09:56:00","date_gmt":"2025-03-04T08:56:00","guid":{"rendered":"https:\/\/shop.kustom.ch\/?post_type=product&#038;p=583716"},"modified":"2026-03-31T08:39:11","modified_gmt":"2026-03-31T07:39:11","slug":"stretch-muetze","status":"publish","type":"product","link":"https:\/\/shop.kustom.ch\/fr\/produit\/stretch-muetze\/","title":{"rendered":"Bonnet stretch"},"content":{"rendered":"<p>Cette casquette fine et \u00e9lastique est id\u00e9ale pour mettre en valeur vos collaborateurs. Cette casquette a une qualit\u00e9 \u00e0 base de coton et sa surface se pr\u00eate particuli\u00e8rement bien aux d\u00e9corations, car seule une petite broderie Bl\u00e5kl\u00e4der y est appos\u00e9e. La casquette 2063 est disponible en sept couleurs diff\u00e9rentes. <\/p>\n<p>D\u00c9TAILS : Bonnes surfaces pour les finitions. Logo Bl\u00e5kl\u00e4der tiss\u00e9 \u00e0 l'arri\u00e8re. CARACTERISTIQUES PRINCIPALES : Unisexe. TISSU : jaune haute visibilit\u00e9. Unite. INSTRUCTIONS DE LAVAGE : Ne pas blanchir. CERTIFICATION : Non certifi\u00e9 High Vis.<\/p>\n<p>95% coton, 5% \u00e9lasthanne, polo, 210 g\/m<\/p>","protected":false},"excerpt":{"rendered":"<p>Diese d\u00fcnne und elastische M\u00fctze eignet sich hervorragend f\u00fcr die Profilierung Ihrer Mitarbeiter. Diese M\u00fctze hat eine Baumwoll-basierende Qualit\u00e4t und die Oberfl\u00e4che eignet sich besonders gut f\u00fcr Veredelungen, da nur ein kleiner Bl\u00e5kl\u00e4der-Stick angebracht ist. Die M\u00fctze 2063 ist in sieben verschiedenen Farben erh\u00e4ltlich. DETAILS: Gute Oberfl\u00e4chen f\u00fcr Veredelung. Gewebtes Bl\u00e5kl\u00e4der Logo hinten. HAUPTEIGENSCHAFTEN: Unisex. [&hellip;]<\/p>\n","protected":false},"featured_media":583794,"template":"","meta":[],"product_brand":[],"product_cat":[9643,4209],"product_tag":[],"class_list":{"0":"post-583716","1":"product","2":"type-product","3":"status-publish","4":"has-post-thumbnail","6":"product_cat-equipment","7":"product_cat-zubehoer","8":"pa_brand-blaklaeder","9":"pa_brand-type-workwear","10":"pa_filter-color-blau","11":"pa_filter-color-gelb","12":"pa_filter-color-grau","13":"pa_filter-color-gruen","14":"pa_filter-color-orange","15":"pa_filter-color-rot","16":"pa_filter-color-schwarz","18":"first","19":"instock","20":"sale","21":"taxable","22":"shipping-taxable","23":"purchasable","24":"product-type-variable","25":"add-to-wishlist-before_image"},"exclude_global_add_ons":[],"addons":[],"acf":[],"_links":{"self":[{"href":"https:\/\/shop.kustom.ch\/fr\/wp-json\/wp\/v2\/product\/583716"}],"collection":[{"href":"https:\/\/shop.kustom.ch\/fr\/wp-json\/wp\/v2\/product"}],"about":[{"href":"https:\/\/shop.kustom.ch\/fr\/wp-json\/wp\/v2\/types\/product"}],"wp:featuredmedia":[{"embeddable":true,"href":"https:\/\/shop.kustom.ch\/fr\/wp-json\/wp\/v2\/media\/583794"}],"wp:attachment":[{"href":"https:\/\/shop.kustom.ch\/fr\/wp-json\/wp\/v2\/media?parent=583716"}],"wp:term":[{"taxonomy":"product_brand","embeddable":true,"href":"https:\/\/shop.kustom.ch\/fr\/wp-json\/wp\/v2\/product_brand?post=583716"},{"taxonomy":"product_cat","embeddable":true,"href":"https:\/\/shop.kustom.ch\/fr\/wp-json\/wp\/v2\/product_cat?post=583716"},{"taxonomy":"product_tag","embeddable":true,"href":"https:\/\/shop.kustom.ch\/fr\/wp-json\/wp\/v2\/product_tag?post=583716"}],"curies":[{"name":"wp","href":"https:\/\/api.w.org\/{rel}","templated":true}]}}

<p>Cette casquette fine et élastique est idéale pour mettre en valeur vos collaborateurs. Cette casquette a une qualité à base de coton et sa surface se prête particulièrement bien aux décorations, car seule une petite broderie Blåkläder y est apposée. La casquette 2063 est disponible en sept couleurs différentes. </p>
<p>DÉTAILS : Bonnes surfaces pour les finitions. Logo Blåkläder tissé à l'arrière. CARACTERISTIQUES PRINCIPALES : Unisexe. TISSU : jaune haute visibilité. Unite. INSTRUCTIONS DE LAVAGE : Ne pas blanchir. CERTIFICATION : Non certifié High Vis.</p>
<p>95% coton, 5% élasthanne, polo, 210 g/m</p>

<p>Diese dünne und elastische Mütze eignet sich hervorragend für die Profilierung Ihrer Mitarbeiter. Diese Mütze hat eine Baumwoll-basierende Qualität und die Oberfläche eignet sich besonders gut für Veredelungen, da nur ein kleiner Blåkläder-Stick angebracht ist. Die Mütze 2063 ist in sieben verschiedenen Farben erhältlich. DETAILS: Gute Oberflächen für Veredelung. Gewebtes Blåkläder Logo hinten. HAUPTEIGENSCHAFTEN: Unisex. [&hellip;]</p>
