{"id":582167,"date":"2025-03-04T09:34:19","date_gmt":"2025-03-04T08:34:19","guid":{"rendered":"https:\/\/shop.kustom.ch\/?post_type=product&#038;p=582167"},"modified":"2026-03-31T08:35:59","modified_gmt":"2026-03-31T07:35:59","slug":"boxer-shorts-xlight-100-merino","status":"publish","type":"product","link":"https:\/\/shop.kustom.ch\/fr\/produit\/boxer-shorts-xlight-100-merino\/","title":{"rendered":"Cale\u00e7on XLIGHT, 100% M\u00e9rinos"},"content":{"rendered":"<p>Boxer fin et l\u00e9ger en laine m\u00e9rinos 100%, qui tient chaud et sec toute l'ann\u00e9e. Le mat\u00e9riau est compos\u00e9 de laine m\u00e9rinos extra-fine qui offre une bonne isolation, une excellente \u00e9vacuation de l'humidit\u00e9 et une r\u00e9gulation de la temp\u00e9rature. Temp\u00e9rature recommand\u00e9e +10\u00b0C \u00e0 -10\u00b0C.<\/p>\n<p>D\u00c9TAILS : \u00c9tiquette de taille imprim\u00e9e. \u00c9lastique \u00e0 la taille avec logo Bl\u00e5kl\u00e4der. FONCTIONNALIT\u00c9 : Temp\u00e9rature recommand\u00e9e de +10\u00b0C \u00e0 -10\u00b0C. CARACTERISTIQUES PRINCIPALES : Homme. TISSU : gris. Vent \/ humidit\u00e9 \/ froid. INSTRUCTIONS DE LAVAGE : utiliser une lessive pour laine. Ne pas nettoyer \u00e0 sec<\/p>\n<p>100% Laine m\u00e9rinos, jersey simple, 160 g\/m<\/p>","protected":false},"excerpt":{"rendered":"<p>D\u00fcnne und leichte Boxer Shorts aus 100% Merinowolle, die das ganze jahr warm und trocken h\u00e4lt. Das Material besteht aus extra d\u00fcnner Merinowolle, die gute Isolation, exzellenten Feuchtigkeitstransport und Temperaturregulation bietet. Empfohlene Temperatur +10\u00b0C bis -10\u00b0C. DETAILS: Gedrucktes Gr\u00f6ssenetikett. Gummizug an der Taille mit Bl\u00e5kl\u00e4der Logo. FUNKTIONALIT\u00c4T: Empfohlene Temperatur +10\u00b0C bis -10\u00b0C. HAUPTEIGENSCHAFTEN: Herren. STOFF: [&hellip;]<\/p>\n","protected":false},"featured_media":582213,"template":"","meta":[],"product_brand":[],"product_cat":[4206],"product_tag":[],"class_list":{"0":"post-582167","1":"product","2":"type-product","3":"status-publish","4":"has-post-thumbnail","6":"product_cat-underwear","7":"pa_brand-blaklaeder","8":"pa_brand-type-workwear","9":"pa_filter-color-gelb","10":"pa_filter-color-grau","12":"first","13":"instock","14":"sale","15":"taxable","16":"shipping-taxable","17":"purchasable","18":"product-type-variable","19":"add-to-wishlist-before_image"},"exclude_global_add_ons":[],"addons":[],"acf":[],"_links":{"self":[{"href":"https:\/\/shop.kustom.ch\/fr\/wp-json\/wp\/v2\/product\/582167"}],"collection":[{"href":"https:\/\/shop.kustom.ch\/fr\/wp-json\/wp\/v2\/product"}],"about":[{"href":"https:\/\/shop.kustom.ch\/fr\/wp-json\/wp\/v2\/types\/product"}],"wp:featuredmedia":[{"embeddable":true,"href":"https:\/\/shop.kustom.ch\/fr\/wp-json\/wp\/v2\/media\/582213"}],"wp:attachment":[{"href":"https:\/\/shop.kustom.ch\/fr\/wp-json\/wp\/v2\/media?parent=582167"}],"wp:term":[{"taxonomy":"product_brand","embeddable":true,"href":"https:\/\/shop.kustom.ch\/fr\/wp-json\/wp\/v2\/product_brand?post=582167"},{"taxonomy":"product_cat","embeddable":true,"href":"https:\/\/shop.kustom.ch\/fr\/wp-json\/wp\/v2\/product_cat?post=582167"},{"taxonomy":"product_tag","embeddable":true,"href":"https:\/\/shop.kustom.ch\/fr\/wp-json\/wp\/v2\/product_tag?post=582167"}],"curies":[{"name":"wp","href":"https:\/\/api.w.org\/{rel}","templated":true}]}}

Caleçon XLIGHT, 100% Mérinos

<p>Boxer fin et léger en laine mérinos 100%, qui tient chaud et sec toute l'année. Le matériau est composé de laine mérinos extra-fine qui offre une bonne isolation, une excellente évacuation de l'humidité et une régulation de la température. Température recommandée +10°C à -10°C.</p>
<p>DÉTAILS : Étiquette de taille imprimée. Élastique à la taille avec logo Blåkläder. FONCTIONNALITÉ : Température recommandée de +10°C à -10°C. CARACTERISTIQUES PRINCIPALES : Homme. TISSU : gris. Vent / humidité / froid. INSTRUCTIONS DE LAVAGE : utiliser une lessive pour laine. Ne pas nettoyer à sec</p>
<p>100% Laine mérinos, jersey simple, 160 g/m</p>

<p>Dünne und leichte Boxer Shorts aus 100% Merinowolle, die das ganze jahr warm und trocken hält. Das Material besteht aus extra dünner Merinowolle, die gute Isolation, exzellenten Feuchtigkeitstransport und Temperaturregulation bietet. Empfohlene Temperatur +10°C bis -10°C. DETAILS: Gedrucktes Grössenetikett. Gummizug an der Taille mit Blåkläder Logo. FUNKTIONALITÄT: Empfohlene Temperatur +10°C bis -10°C. HAUPTEIGENSCHAFTEN: Herren. STOFF: [&hellip;]</p>
