{"id":578428,"date":"2025-03-04T08:50:35","date_gmt":"2025-03-04T07:50:35","guid":{"rendered":"https:\/\/shop.kustom.ch\/?post_type=product&#038;p=578428"},"modified":"2026-03-31T08:22:22","modified_gmt":"2026-03-31T07:22:22","slug":"service-shorts-stretch","status":"publish","type":"product","link":"https:\/\/shop.kustom.ch\/fr\/produit\/service-shorts-stretch\/","title":{"rendered":"Short de service Stretch"},"content":{"rendered":"<p>Short avec empi\u00e8cements stretch pour une libert\u00e9 de mouvement et un confort optimaux. Le mat\u00e9riau est l\u00e9ger comme une plume, robuste et s\u00e8che rapidement. Il n'est pas recommand\u00e9 pour les travaux manuels lourds.<\/p>\n<p>D\u00c9TAILS : fermeture \u00e0 glissi\u00e8re en plastique \u00e0 l'entrejambe. Anneau en D \u00e0 la taille. FONCTIONNALIT\u00c9 : Empi\u00e8cements en stretch. CARACT\u00c9RISTIQUES PRINCIPALES : Employ\u00e9 de service. Hommes. TISSU : Disponible pour hommes et femmes. gris. Insert en stretch. Tissu stretch. POCHES : Poches sur les jambes avec soufflet, fermeture \u00e0 glissi\u00e8re, poche pour stylo et couteau. Poches arri\u00e8re. Poche pour t\u00e9l\u00e9phone portable \u00e0 l'int\u00e9rieur. Poches lat\u00e9rales. INSTRUCTIONS DE LAVAGE : Ne pas blanchir.<\/p>\n<p>65% polyester, 35% coton, tissage fin , 166g\/m<\/p>","protected":false},"excerpt":{"rendered":"<p>Shorts mit Stretch Eins\u00e4tzen f\u00fcr optimale Bewegungsfreiheit und Tragekomfort. Das Material ist federleicht, robust und schnell trocknend. Nicht zu empfehlen bei schweren Handwerksarbeiten. DETAILS: Kunststoff-Reissverschluss im Schritt. D-Ring am Bund. FUNKTIONALIT\u00c4T: Stretch-Eins\u00e4tze. HAUPTEIGENSCHAFTEN: Service Mitarbeiter. Herren. STOFF: Erh\u00e4ltlich f\u00fcr Damen und Herren. grau. Stretch-Einsatz. Stretch. TASCHEN: Beintaschen mit Balg, Reissverschluss, Stift- und Messertasche. Ges\u00e4sstaschen. Handytasche [&hellip;]<\/p>\n","protected":false},"featured_media":578482,"template":"","meta":[],"product_brand":[],"product_cat":[4198],"product_tag":[],"class_list":{"0":"post-578428","1":"product","2":"type-product","3":"status-publish","4":"has-post-thumbnail","6":"product_cat-shorts","7":"pa_brand-blaklaeder","8":"pa_brand-type-workwear","9":"pa_filter-color-blau","10":"pa_filter-color-grau","11":"pa_filter-color-rot","12":"pa_filter-color-schwarz","14":"first","15":"instock","16":"sale","17":"taxable","18":"shipping-taxable","19":"purchasable","20":"product-type-variable","21":"add-to-wishlist-before_image"},"exclude_global_add_ons":[],"addons":[],"acf":[],"_links":{"self":[{"href":"https:\/\/shop.kustom.ch\/fr\/wp-json\/wp\/v2\/product\/578428"}],"collection":[{"href":"https:\/\/shop.kustom.ch\/fr\/wp-json\/wp\/v2\/product"}],"about":[{"href":"https:\/\/shop.kustom.ch\/fr\/wp-json\/wp\/v2\/types\/product"}],"wp:featuredmedia":[{"embeddable":true,"href":"https:\/\/shop.kustom.ch\/fr\/wp-json\/wp\/v2\/media\/578482"}],"wp:attachment":[{"href":"https:\/\/shop.kustom.ch\/fr\/wp-json\/wp\/v2\/media?parent=578428"}],"wp:term":[{"taxonomy":"product_brand","embeddable":true,"href":"https:\/\/shop.kustom.ch\/fr\/wp-json\/wp\/v2\/product_brand?post=578428"},{"taxonomy":"product_cat","embeddable":true,"href":"https:\/\/shop.kustom.ch\/fr\/wp-json\/wp\/v2\/product_cat?post=578428"},{"taxonomy":"product_tag","embeddable":true,"href":"https:\/\/shop.kustom.ch\/fr\/wp-json\/wp\/v2\/product_tag?post=578428"}],"curies":[{"name":"wp","href":"https:\/\/api.w.org\/{rel}","templated":true}]}}

<p>Short avec empiècements stretch pour une liberté de mouvement et un confort optimaux. Le matériau est léger comme une plume, robuste et sèche rapidement. Il n'est pas recommandé pour les travaux manuels lourds.</p>
<p>DÉTAILS : fermeture à glissière en plastique à l'entrejambe. Anneau en D à la taille. FONCTIONNALITÉ : Empiècements en stretch. CARACTÉRISTIQUES PRINCIPALES : Employé de service. Hommes. TISSU : Disponible pour hommes et femmes. gris. Insert en stretch. Tissu stretch. POCHES : Poches sur les jambes avec soufflet, fermeture à glissière, poche pour stylo et couteau. Poches arrière. Poche pour téléphone portable à l'intérieur. Poches latérales. INSTRUCTIONS DE LAVAGE : Ne pas blanchir.</p>
<p>65% polyester, 35% coton, tissage fin , 166g/m</p>

<p>Shorts mit Stretch Einsätzen für optimale Bewegungsfreiheit und Tragekomfort. Das Material ist federleicht, robust und schnell trocknend. Nicht zu empfehlen bei schweren Handwerksarbeiten. DETAILS: Kunststoff-Reissverschluss im Schritt. D-Ring am Bund. FUNKTIONALITÄT: Stretch-Einsätze. HAUPTEIGENSCHAFTEN: Service Mitarbeiter. Herren. STOFF: Erhältlich für Damen und Herren. grau. Stretch-Einsatz. Stretch. TASCHEN: Beintaschen mit Balg, Reissverschluss, Stift- und Messertasche. Gesässtaschen. Handytasche [&hellip;]</p>
