{"id":578132,"date":"2025-03-04T08:47:35","date_gmt":"2025-03-04T07:47:35","guid":{"rendered":"https:\/\/shop.kustom.ch\/?post_type=product&#038;p=578132"},"modified":"2026-03-31T08:21:40","modified_gmt":"2026-03-31T07:21:40","slug":"shorts","status":"publish","type":"product","link":"https:\/\/shop.kustom.ch\/fr\/produit\/shorts\/","title":{"rendered":"Short"},"content":{"rendered":"<p>Un mod\u00e8le de base en trois couleurs attrayantes. Trois poches avant avec fermetures \u00e0 glissi\u00e8re. Une s\u00e9rie de poches pratiques, comme une poche \u00e0 soufflet avec fermeture velcro \u00e0 l'arri\u00e8re. Une poche sur la jambe avec une poche pour stylos \u00e0 trois compartiments et une poche pour t\u00e9l\u00e9phone portable.<\/p>\n<p>D\u00c9TAILS : Boutons en m\u00e9tal. Fermeture \u00e0 glissi\u00e8re en plastique \u00e0 l'entrejambe. Passants, dont un avec anneau en D. CARACTERISTIQUES PRINCIPALES : Artisan. Homme. TISSU : Hommes. kaki. Industrie \/ Service. POSITIONS : Poche sur la jambe avec poche stylo en trois parties et poche pour t\u00e9l\u00e9phone portable. Poches arri\u00e8re avec soufflet et rabat. Poche m\u00e8tre pliant. INSTRUCTIONS DE LAVAGE : repassage - moyen<\/p>\n<p>65% polyester, 35% coton, serg\u00e9, 240 g\/m<\/p>","protected":false},"excerpt":{"rendered":"<p>Ein Basismodell in drei attraktiven Farben. Drei Vordertaschen mit Reissverschl\u00fcssen. Eine Reihe praktischer Taschen, wie z.B. eine Balgtasche mit Klettverschluss auf der R\u00fcckseite. Beintasche mit Stifttasche mit drei F\u00e4chern und Handytasche. DETAILS: Metallkn\u00f6pfe. Kunststoff-Reissverschluss im Schritt. Schlaufen, davon eine mit D-Ring. HAUPTEIGENSCHAFTEN: Handwerker. Herren. STOFF: Herren. khaki. Industrie \/ Service. TASCHEN: Beintasche mit dreiteiliger Stifttasche [&hellip;]<\/p>\n","protected":false},"featured_media":578182,"template":"","meta":[],"product_brand":[],"product_cat":[4198],"product_tag":[],"class_list":{"0":"post-578132","1":"product","2":"type-product","3":"status-publish","4":"has-post-thumbnail","6":"product_cat-shorts","7":"pa_brand-blaklaeder","8":"pa_brand-type-workwear","9":"pa_filter-color-beige","10":"pa_filter-color-blau","11":"pa_filter-color-grau","12":"pa_filter-color-schwarz","14":"first","15":"instock","16":"sale","17":"taxable","18":"shipping-taxable","19":"purchasable","20":"product-type-variable","21":"add-to-wishlist-before_image"},"exclude_global_add_ons":[],"addons":[],"acf":[],"_links":{"self":[{"href":"https:\/\/shop.kustom.ch\/fr\/wp-json\/wp\/v2\/product\/578132"}],"collection":[{"href":"https:\/\/shop.kustom.ch\/fr\/wp-json\/wp\/v2\/product"}],"about":[{"href":"https:\/\/shop.kustom.ch\/fr\/wp-json\/wp\/v2\/types\/product"}],"wp:featuredmedia":[{"embeddable":true,"href":"https:\/\/shop.kustom.ch\/fr\/wp-json\/wp\/v2\/media\/578182"}],"wp:attachment":[{"href":"https:\/\/shop.kustom.ch\/fr\/wp-json\/wp\/v2\/media?parent=578132"}],"wp:term":[{"taxonomy":"product_brand","embeddable":true,"href":"https:\/\/shop.kustom.ch\/fr\/wp-json\/wp\/v2\/product_brand?post=578132"},{"taxonomy":"product_cat","embeddable":true,"href":"https:\/\/shop.kustom.ch\/fr\/wp-json\/wp\/v2\/product_cat?post=578132"},{"taxonomy":"product_tag","embeddable":true,"href":"https:\/\/shop.kustom.ch\/fr\/wp-json\/wp\/v2\/product_tag?post=578132"}],"curies":[{"name":"wp","href":"https:\/\/api.w.org\/{rel}","templated":true}]}}

<p>Un modèle de base en trois couleurs attrayantes. Trois poches avant avec fermetures à glissière. Une série de poches pratiques, comme une poche à soufflet avec fermeture velcro à l'arrière. Une poche sur la jambe avec une poche pour stylos à trois compartiments et une poche pour téléphone portable.</p>
<p>DÉTAILS : Boutons en métal. Fermeture à glissière en plastique à l'entrejambe. Passants, dont un avec anneau en D. CARACTERISTIQUES PRINCIPALES : Artisan. Homme. TISSU : Hommes. kaki. Industrie / Service. POSITIONS : Poche sur la jambe avec poche stylo en trois parties et poche pour téléphone portable. Poches arrière avec soufflet et rabat. Poche mètre pliant. INSTRUCTIONS DE LAVAGE : repassage - moyen</p>
<p>65% polyester, 35% coton, sergé, 240 g/m</p>

<p>Ein Basismodell in drei attraktiven Farben. Drei Vordertaschen mit Reissverschlüssen. Eine Reihe praktischer Taschen, wie z.B. eine Balgtasche mit Klettverschluss auf der Rückseite. Beintasche mit Stifttasche mit drei Fächern und Handytasche. DETAILS: Metallknöpfe. Kunststoff-Reissverschluss im Schritt. Schlaufen, davon eine mit D-Ring. HAUPTEIGENSCHAFTEN: Handwerker. Herren. STOFF: Herren. khaki. Industrie / Service. TASCHEN: Beintasche mit dreiteiliger Stifttasche [&hellip;]</p>
