{"id":572478,"date":"2025-03-04T07:49:43","date_gmt":"2025-03-04T06:49:43","guid":{"rendered":"https:\/\/shop.kustom.ch\/?post_type=product&#038;p=572478"},"modified":"2026-03-31T08:01:10","modified_gmt":"2026-03-31T07:01:10","slug":"weste-unique","status":"publish","type":"product","link":"https:\/\/shop.kustom.ch\/fr\/produit\/weste-unique\/","title":{"rendered":"Gilet UNIQUE"},"content":{"rendered":"<p>De couleur unie. Tissu l\u00e9ger au m\u00e8tre. Triples coutures rabattues sur les c\u00f4t\u00e9s. Col montant. Fermeture avec fermeture \u00e9clair, rabat de protection contre les intemp\u00e9ries ainsi que boutons-pression cach\u00e9s. Dos allong\u00e9. Poches poitrine avec rabat et boutons-pression cach\u00e9s. Acc\u00e8s facile \u00e0 la poche int\u00e9gr\u00e9e pour t\u00e9l\u00e9phone portable dans la poche de poitrine. Anneau en D. Poches avant. Poches int\u00e9rieures. Taille avec r\u00e9glage par boutons-pression. Coutures contrast\u00e9es. Effets r\u00e9fl\u00e9chissants.<\/p>\n<p>OEKO-TEX\u00ae STANDARD 100 ; ProWash\u00ae - EN ISO 15797<br \/>\n65% polyester\/35% coton<br \/>\nSerg\u00e9.<br \/>\n270 g\/m<br \/>\nLavage couleur, max. 60\u00b0 C ; Pas de blanchiment ; Supporte le s\u00e8che-linge - temp\u00e9rature de d\u00e9part max. 80\u00b0 C ; Repassage \u00e0 temp\u00e9rature moyenne, max. 150\u00b0 C ; Supporte le nettoyage normal<\/p>\n<p><a href=\"https:\/\/mascotsitecore-1ccb8.kxcdn.com\/pdf\/12154-442-010-de.pdf\" target=\"_blank\" rel=\"noopener\"><u>Ouvrir la fiche produit<\/u><\/a><\/p>","protected":false},"excerpt":{"rendered":"<ul>\n<li>Les triples coutures en pointe r\u00e9sistantes prolongent la dur\u00e9e de vie du produit.<\/li>\n<li>Acc\u00e8s facile \u00e0 la poche int\u00e9gr\u00e9e pour t\u00e9l\u00e9phone portable dans la poche de poitrine.<\/li>\n<li>Surface optimis\u00e9e pour apposer le logo de l'entreprise.<\/li>\n<li>Protection suppl\u00e9mentaire contre le froid gr\u00e2ce au dos rallong\u00e9.<\/li>\n<li>Am\u00e9lioration de la visibilit\u00e9 pour l'entourage \u00e0 l'aide d'effets r\u00e9fl\u00e9chissants.<\/li>\n<\/ul>","protected":false},"featured_media":572512,"template":"","meta":[],"product_brand":[],"product_cat":[4208],"product_tag":[],"class_list":{"0":"post-572478","1":"product","2":"type-product","3":"status-publish","4":"has-post-thumbnail","6":"product_cat-westen","7":"pa_brand-mascot","8":"pa_brand-type-workwear","9":"pa_filter-color-schwarz","11":"first","12":"instock","13":"sale","14":"taxable","15":"shipping-taxable","16":"purchasable","17":"product-type-variable","18":"add-to-wishlist-before_image"},"exclude_global_add_ons":[],"addons":[],"acf":[],"_links":{"self":[{"href":"https:\/\/shop.kustom.ch\/fr\/wp-json\/wp\/v2\/product\/572478"}],"collection":[{"href":"https:\/\/shop.kustom.ch\/fr\/wp-json\/wp\/v2\/product"}],"about":[{"href":"https:\/\/shop.kustom.ch\/fr\/wp-json\/wp\/v2\/types\/product"}],"wp:featuredmedia":[{"embeddable":true,"href":"https:\/\/shop.kustom.ch\/fr\/wp-json\/wp\/v2\/media\/572512"}],"wp:attachment":[{"href":"https:\/\/shop.kustom.ch\/fr\/wp-json\/wp\/v2\/media?parent=572478"}],"wp:term":[{"taxonomy":"product_brand","embeddable":true,"href":"https:\/\/shop.kustom.ch\/fr\/wp-json\/wp\/v2\/product_brand?post=572478"},{"taxonomy":"product_cat","embeddable":true,"href":"https:\/\/shop.kustom.ch\/fr\/wp-json\/wp\/v2\/product_cat?post=572478"},{"taxonomy":"product_tag","embeddable":true,"href":"https:\/\/shop.kustom.ch\/fr\/wp-json\/wp\/v2\/product_tag?post=572478"}],"curies":[{"name":"wp","href":"https:\/\/api.w.org\/{rel}","templated":true}]}}

<p>De couleur unie. Tissu léger au mètre. Triples coutures rabattues sur les côtés. Col montant. Fermeture avec fermeture éclair, rabat de protection contre les intempéries ainsi que boutons-pression cachés. Dos allongé. Poches poitrine avec rabat et boutons-pression cachés. Accès facile à la poche intégrée pour téléphone portable dans la poche de poitrine. Anneau en D. Poches avant. Poches intérieures. Taille avec réglage par boutons-pression. Coutures contrastées. Effets réfléchissants.</p>
<p>OEKO-TEX® STANDARD 100 ; ProWash® - EN ISO 15797<br />
65% polyester/35% coton<br />
Sergé.<br />
270 g/m<br />
Lavage couleur, max. 60° C ; Pas de blanchiment ; Supporte le sèche-linge - température de départ max. 80° C ; Repassage à température moyenne, max. 150° C ; Supporte le nettoyage normal</p>
<p><a href="https://mascotsitecore-1ccb8.kxcdn.com/pdf/12154-442-010-de.pdf" target="_blank" rel="noopener"><u>Ouvrir la fiche produit</u></a></p>

<ul>
<li>Les triples coutures en pointe résistantes prolongent la durée de vie du produit.</li>
<li>Accès facile à la poche intégrée pour téléphone portable dans la poche de poitrine.</li>
<li>Surface optimisée pour apposer le logo de l'entreprise.</li>
<li>Protection supplémentaire contre le froid grâce au dos rallongé.</li>
<li>Amélioration de la visibilité pour l'entourage à l'aide d'effets réfléchissants.</li>
</ul>
