{"id":566601,"date":"2025-03-04T06:13:50","date_gmt":"2025-03-04T05:13:50","guid":{"rendered":"https:\/\/shop.kustom.ch\/?post_type=product&#038;p=566601"},"modified":"2026-03-31T07:48:12","modified_gmt":"2026-03-31T06:48:12","slug":"winterweste-safe-arctic","status":"publish","type":"product","link":"https:\/\/shop.kustom.ch\/fr\/produit\/winterweste-safe-arctic\/","title":{"rendered":"Gilet d'hiver SAFE ARCTIC"},"content":{"rendered":"<p>Fluorescent avec reflets. R\u00e9sistant \u00e0 l'eau. Doublure en fourrure synth\u00e9tique. Fermeture \u00e9clair sur toute la longueur. Poche poitrine avec rabat et bouton-pression. Anneau en D. Poche poitrine pour t\u00e9l\u00e9phone portable avec rabat r\u00e9glable. Poches pour stylos. Poches avant - deux ouvertes et deux avec rabat et bouton-pression. Poches int\u00e9rieures - une avec fermeture \u00e0 glissi\u00e8re et une avec fermeture velcro.<\/p>\n<p>OEKO-TEX\u00ae STANDARD 100 ; EN ISO 20471 - classe 1 ; Hi-Vis groupe C<br \/>\n80% Polyester\/20% Coton<br \/>\nLe serg\u00e9. Ne pas faire tremper. Laver s\u00e9par\u00e9ment.<br \/>\n300 g\/m<br \/>\nLinge d\u00e9licat, max. 40\u00b0 C ; Ne pas blanchir ; Ne pas s\u00e9cher au s\u00e8che-linge ; Ne pas repasser ; Supporte le nettoyage normal<\/p>\n<p><a href=\"https:\/\/mascotsitecore-1ccb8.kxcdn.com\/pdf\/00554-660-14-de.pdf\" target=\"_blank\" rel=\"noopener\"><u>Ouvrir la fiche produit<\/u><\/a><\/p>","protected":false},"excerpt":{"rendered":"<ul>\n<li>R\u00e9sistant \u00e0 l'eau.<\/li>\n<li>Doublure en fausse fourrure.<\/li>\n<li>Anneau en D pour les cl\u00e9s ou les cartes d'identit\u00e9.<\/li>\n<li>Acc\u00e8s facile au contenu du sac gr\u00e2ce \u00e0 la conception sp\u00e9ciale des poches avant.<\/li>\n<\/ul>","protected":false},"featured_media":566630,"template":"","meta":[],"product_brand":[],"product_cat":[4208],"product_tag":[],"class_list":{"0":"post-566601","1":"product","2":"type-product","3":"status-publish","4":"has-post-thumbnail","6":"product_cat-westen","7":"pa_brand-mascot","8":"pa_brand-type-workwear","9":"pa_filter-color-orange","11":"first","12":"instock","13":"sale","14":"taxable","15":"shipping-taxable","16":"purchasable","17":"product-type-variable","18":"add-to-wishlist-before_image"},"exclude_global_add_ons":[],"addons":[],"acf":[],"_links":{"self":[{"href":"https:\/\/shop.kustom.ch\/fr\/wp-json\/wp\/v2\/product\/566601"}],"collection":[{"href":"https:\/\/shop.kustom.ch\/fr\/wp-json\/wp\/v2\/product"}],"about":[{"href":"https:\/\/shop.kustom.ch\/fr\/wp-json\/wp\/v2\/types\/product"}],"wp:featuredmedia":[{"embeddable":true,"href":"https:\/\/shop.kustom.ch\/fr\/wp-json\/wp\/v2\/media\/566630"}],"wp:attachment":[{"href":"https:\/\/shop.kustom.ch\/fr\/wp-json\/wp\/v2\/media?parent=566601"}],"wp:term":[{"taxonomy":"product_brand","embeddable":true,"href":"https:\/\/shop.kustom.ch\/fr\/wp-json\/wp\/v2\/product_brand?post=566601"},{"taxonomy":"product_cat","embeddable":true,"href":"https:\/\/shop.kustom.ch\/fr\/wp-json\/wp\/v2\/product_cat?post=566601"},{"taxonomy":"product_tag","embeddable":true,"href":"https:\/\/shop.kustom.ch\/fr\/wp-json\/wp\/v2\/product_tag?post=566601"}],"curies":[{"name":"wp","href":"https:\/\/api.w.org\/{rel}","templated":true}]}}

<p>Fluorescent avec reflets. Résistant à l'eau. Doublure en fourrure synthétique. Fermeture éclair sur toute la longueur. Poche poitrine avec rabat et bouton-pression. Anneau en D. Poche poitrine pour téléphone portable avec rabat réglable. Poches pour stylos. Poches avant - deux ouvertes et deux avec rabat et bouton-pression. Poches intérieures - une avec fermeture à glissière et une avec fermeture velcro.</p>
<p>OEKO-TEX® STANDARD 100 ; EN ISO 20471 - classe 1 ; Hi-Vis groupe C<br />
80% Polyester/20% Coton<br />
Le sergé. Ne pas faire tremper. Laver séparément.<br />
300 g/m<br />
Linge délicat, max. 40° C ; Ne pas blanchir ; Ne pas sécher au sèche-linge ; Ne pas repasser ; Supporte le nettoyage normal</p>
<p><a href="https://mascotsitecore-1ccb8.kxcdn.com/pdf/00554-660-14-de.pdf" target="_blank" rel="noopener"><u>Ouvrir la fiche produit</u></a></p>

<ul>
<li>Résistant à l'eau.</li>
<li>Doublure en fausse fourrure.</li>
<li>Anneau en D pour les clés ou les cartes d'identité.</li>
<li>Accès facile au contenu du sac grâce à la conception spéciale des poches avant.</li>
</ul>
