{"id":564144,"date":"2025-03-04T05:17:39","date_gmt":"2025-03-04T04:17:39","guid":{"rendered":"https:\/\/shop.kustom.ch\/?post_type=product&#038;p=564144"},"modified":"2026-03-31T07:39:55","modified_gmt":"2026-03-31T06:39:55","slug":"latzhose-mit-knietaschen-industry-3","status":"publish","type":"product","link":"https:\/\/shop.kustom.ch\/fr\/produit\/latzhose-mit-knietaschen-industry-3\/","title":{"rendered":"Salopette avec poches genouill\u00e8res INDUSTRY"},"content":{"rendered":"<p>Triples coutures \u00e0 l'entrejambe et aux jambes. Bretelles en tissu, r\u00e9glables et munies d'un \u00e9lastique court et solide et de boucles en plastique. Poche bavette avec rabat et boutons-pression cach\u00e9s. Anneau en D. Poche int\u00e9rieure avec fermeture velcro. Taille r\u00e9glable. Poches avant. Braguette avec fermeture \u00e0 glissi\u00e8re. Poches arri\u00e8re avec rabat et boutons-pression cach\u00e9s. Poche sur la cuisse avec rabat et boutons-pression cach\u00e9s. Poche m\u00e8tre renforc\u00e9e. Poches genouill\u00e8res, r\u00e9glables en hauteur. Coutures contrast\u00e9es. Pour ce mod\u00e8le, nous recommandons les protections de genoux suivantes : 00418-100, 00718-100, 50451-916 ou 20118-915. Certifi\u00e9 avec le type de genouill\u00e8re SHORT ou LONG selon EN 14404.<\/p>\n<p>OEKO-TEX\u00ae STANDARD 100 ; ProWash\u00ae - EN ISO 15797<br \/>\n100% Coton<br \/>\nTissu en serg\u00e9. Peut r\u00e9tr\u00e9cir 3-5%.<br \/>\n355 g\/m<br \/>\nLavage \u00e0 95\u00b0 C maximum ; Pas de blanchiment ; S\u00e8che-linge \u00e0 80\u00b0 C maximum ; Repassage \u00e0 haute temp\u00e9rature, 200\u00b0 C maximum ; Nettoyage \u00e0 sec autoris\u00e9<\/p>\n<p><a href=\"https:\/\/mascotsitecore-1ccb8.kxcdn.com\/pdf\/12362-630-010-de.pdf\" target=\"_blank\" rel=\"noopener\"><u>Ouvrir la fiche produit<\/u><\/a><\/p>","protected":false},"excerpt":{"rendered":"<ul>\n<li>Des coutures r\u00e9sistantes \u00e0 triple rabattage sur les jambes et \u00e0 l'entrejambe prolongent la dur\u00e9e de vie du produit.<\/li>\n<li>Bretelles r\u00e9glables.<\/li>\n<li>Ajustement individuel gr\u00e2ce \u00e0 la taille r\u00e9glable.<\/li>\n<li>Poche m\u00e8tre renforc\u00e9e.<\/li>\n<li>Les poches pour les genoux sont r\u00e9glables en hauteur, de sorte que la protection des genoux est plac\u00e9e de mani\u00e8re optimale sur les genoux.<\/li>\n<li>Le produit est adapt\u00e9 au lavage industriel.<\/li>\n<li>Certifi\u00e9 pour une utilisation avec les genouill\u00e8res MASCOT de type SHORT ou LONG, car la poche de genouill\u00e8re est r\u00e9glable en hauteur.<\/li>\n<\/ul>","protected":false},"featured_media":564151,"template":"","meta":[],"product_brand":[],"product_cat":[10448],"product_tag":[],"class_list":{"0":"post-564144","1":"product","2":"type-product","3":"status-publish","4":"has-post-thumbnail","6":"product_cat-latzhose","7":"pa_brand-mascot","8":"pa_brand-type-workwear","9":"pa_filter-color-blau","10":"pa_filter-color-grau","11":"pa_filter-color-schwarz","13":"first","14":"instock","15":"sale","16":"taxable","17":"shipping-taxable","18":"purchasable","19":"product-type-variable","20":"add-to-wishlist-before_image"},"exclude_global_add_ons":[],"addons":[],"acf":[],"_links":{"self":[{"href":"https:\/\/shop.kustom.ch\/fr\/wp-json\/wp\/v2\/product\/564144"}],"collection":[{"href":"https:\/\/shop.kustom.ch\/fr\/wp-json\/wp\/v2\/product"}],"about":[{"href":"https:\/\/shop.kustom.ch\/fr\/wp-json\/wp\/v2\/types\/product"}],"wp:featuredmedia":[{"embeddable":true,"href":"https:\/\/shop.kustom.ch\/fr\/wp-json\/wp\/v2\/media\/564151"}],"wp:attachment":[{"href":"https:\/\/shop.kustom.ch\/fr\/wp-json\/wp\/v2\/media?parent=564144"}],"wp:term":[{"taxonomy":"product_brand","embeddable":true,"href":"https:\/\/shop.kustom.ch\/fr\/wp-json\/wp\/v2\/product_brand?post=564144"},{"taxonomy":"product_cat","embeddable":true,"href":"https:\/\/shop.kustom.ch\/fr\/wp-json\/wp\/v2\/product_cat?post=564144"},{"taxonomy":"product_tag","embeddable":true,"href":"https:\/\/shop.kustom.ch\/fr\/wp-json\/wp\/v2\/product_tag?post=564144"}],"curies":[{"name":"wp","href":"https:\/\/api.w.org\/{rel}","templated":true}]}}

Salopette avec poches genouillères INDUSTRY

<p>Triples coutures à l'entrejambe et aux jambes. Bretelles en tissu, réglables et munies d'un élastique court et solide et de boucles en plastique. Poche bavette avec rabat et boutons-pression cachés. Anneau en D. Poche intérieure avec fermeture velcro. Taille réglable. Poches avant. Braguette avec fermeture à glissière. Poches arrière avec rabat et boutons-pression cachés. Poche sur la cuisse avec rabat et boutons-pression cachés. Poche mètre renforcée. Poches genouillères, réglables en hauteur. Coutures contrastées. Pour ce modèle, nous recommandons les protections de genoux suivantes : 00418-100, 00718-100, 50451-916 ou 20118-915. Certifié avec le type de genouillère SHORT ou LONG selon EN 14404.</p>
<p>OEKO-TEX® STANDARD 100 ; ProWash® - EN ISO 15797<br />
100% Coton<br />
Tissu en sergé. Peut rétrécir 3-5%.<br />
355 g/m<br />
Lavage à 95° C maximum ; Pas de blanchiment ; Sèche-linge à 80° C maximum ; Repassage à haute température, 200° C maximum ; Nettoyage à sec autorisé</p>
<p><a href="https://mascotsitecore-1ccb8.kxcdn.com/pdf/12362-630-010-de.pdf" target="_blank" rel="noopener"><u>Ouvrir la fiche produit</u></a></p>

<ul>
<li>Des coutures résistantes à triple rabattage sur les jambes et à l'entrejambe prolongent la durée de vie du produit.</li>
<li>Bretelles réglables.</li>
<li>Ajustement individuel grâce à la taille réglable.</li>
<li>Poche mètre renforcée.</li>
<li>Les poches pour les genoux sont réglables en hauteur, de sorte que la protection des genoux est placée de manière optimale sur les genoux.</li>
<li>Le produit est adapté au lavage industriel.</li>
<li>Certifié pour une utilisation avec les genouillères MASCOT de type SHORT ou LONG, car la poche de genouillère est réglable en hauteur.</li>
</ul>
