{"id":563041,"date":"2025-03-04T05:07:02","date_gmt":"2025-03-04T04:07:02","guid":{"rendered":"https:\/\/shop.kustom.ch\/?post_type=product&#038;p=563041"},"modified":"2026-03-30T14:43:39","modified_gmt":"2026-03-30T13:43:39","slug":"weste-industry","status":"publish","type":"product","link":"https:\/\/shop.kustom.ch\/fr\/produit\/weste-industry\/","title":{"rendered":"Gilet INDUSTRY"},"content":{"rendered":"<p>Doublure en piqu\u00e9. Le dos est allong\u00e9. Fermeture avec fermeture \u00e9clair, rabat de protection contre les intemp\u00e9ries et boutons-pression cach\u00e9s. Poche zipp\u00e9e sous la bande de protection contre les intemp\u00e9ries. Poches poitrine avec rabat et boutons-pression cach\u00e9s. Anneau en D. Poches avant. Elastique \u00e0 l'ouverture des manches. Fermeture \u00e0 glissi\u00e8re dans la doublure au dos pour l'application d'un logo\/d'une broderie. Taille avec r\u00e9glage par boutons-pression. Coutures contrast\u00e9es. Effets r\u00e9fl\u00e9chissants.<\/p>\n<p>OEKO-TEX\u00ae STANDARD 100<br \/>\n65% polyester\/35% coton<br \/>\nStructure en toile.<br \/>\n260 g\/m<br \/>\nLinge d\u00e9licat, max. 40\u00b0 C ; Ne pas blanchir ; Ne pas s\u00e9cher au s\u00e8che-linge ; Ne pas repasser ; Supporte le nettoyage normal<\/p>\n<p><a href=\"https:\/\/mascotsitecore-1ccb8.kxcdn.com\/pdf\/10154-154-010-de.pdf\" target=\"_blank\" rel=\"noopener\"><u>Ouvrir la fiche produit<\/u><\/a><\/p>","protected":false},"excerpt":{"rendered":"<ul>\n<li>Doublure matelass\u00e9e.<\/li>\n<li>Protection suppl\u00e9mentaire contre le froid gr\u00e2ce au dos rallong\u00e9.<\/li>\n<li>L'\u00e9lastique aux emmanchures ferme bien et permet de garder la chaleur sur le corps.<\/li>\n<li>Fermeture \u00e0 glissi\u00e8re dans la doublure du dos pour l'application d'une impression\/broderie.<\/li>\n<li>Am\u00e9lioration de la visibilit\u00e9 pour l'entourage \u00e0 l'aide d'effets r\u00e9fl\u00e9chissants.<\/li>\n<\/ul>","protected":false},"featured_media":563076,"template":"","meta":[],"product_brand":[],"product_cat":[4208],"product_tag":[],"class_list":{"0":"post-563041","1":"product","2":"type-product","3":"status-publish","4":"has-post-thumbnail","6":"product_cat-westen","7":"pa_brand-mascot","8":"pa_brand-type-workwear","9":"pa_filter-color-grau","10":"pa_filter-color-schwarz","12":"first","13":"instock","14":"sale","15":"taxable","16":"shipping-taxable","17":"purchasable","18":"product-type-variable","19":"add-to-wishlist-before_image"},"exclude_global_add_ons":[],"addons":[],"acf":[],"_links":{"self":[{"href":"https:\/\/shop.kustom.ch\/fr\/wp-json\/wp\/v2\/product\/563041"}],"collection":[{"href":"https:\/\/shop.kustom.ch\/fr\/wp-json\/wp\/v2\/product"}],"about":[{"href":"https:\/\/shop.kustom.ch\/fr\/wp-json\/wp\/v2\/types\/product"}],"wp:featuredmedia":[{"embeddable":true,"href":"https:\/\/shop.kustom.ch\/fr\/wp-json\/wp\/v2\/media\/563076"}],"wp:attachment":[{"href":"https:\/\/shop.kustom.ch\/fr\/wp-json\/wp\/v2\/media?parent=563041"}],"wp:term":[{"taxonomy":"product_brand","embeddable":true,"href":"https:\/\/shop.kustom.ch\/fr\/wp-json\/wp\/v2\/product_brand?post=563041"},{"taxonomy":"product_cat","embeddable":true,"href":"https:\/\/shop.kustom.ch\/fr\/wp-json\/wp\/v2\/product_cat?post=563041"},{"taxonomy":"product_tag","embeddable":true,"href":"https:\/\/shop.kustom.ch\/fr\/wp-json\/wp\/v2\/product_tag?post=563041"}],"curies":[{"name":"wp","href":"https:\/\/api.w.org\/{rel}","templated":true}]}}

<p>Doublure en piqué. Le dos est allongé. Fermeture avec fermeture éclair, rabat de protection contre les intempéries et boutons-pression cachés. Poche zippée sous la bande de protection contre les intempéries. Poches poitrine avec rabat et boutons-pression cachés. Anneau en D. Poches avant. Elastique à l'ouverture des manches. Fermeture à glissière dans la doublure au dos pour l'application d'un logo/d'une broderie. Taille avec réglage par boutons-pression. Coutures contrastées. Effets réfléchissants.</p>
<p>OEKO-TEX® STANDARD 100<br />
65% polyester/35% coton<br />
Structure en toile.<br />
260 g/m<br />
Linge délicat, max. 40° C ; Ne pas blanchir ; Ne pas sécher au sèche-linge ; Ne pas repasser ; Supporte le nettoyage normal</p>
<p><a href="https://mascotsitecore-1ccb8.kxcdn.com/pdf/10154-154-010-de.pdf" target="_blank" rel="noopener"><u>Ouvrir la fiche produit</u></a></p>

<ul>
<li>Doublure matelassée.</li>
<li>Protection supplémentaire contre le froid grâce au dos rallongé.</li>
<li>L'élastique aux emmanchures ferme bien et permet de garder la chaleur sur le corps.</li>
<li>Fermeture à glissière dans la doublure du dos pour l'application d'une impression/broderie.</li>
<li>Amélioration de la visibilité pour l'entourage à l'aide d'effets réfléchissants.</li>
</ul>
