{"id":562953,"date":"2025-03-04T05:06:24","date_gmt":"2025-03-04T04:06:24","guid":{"rendered":"https:\/\/shop.kustom.ch\/?post_type=product&#038;p=562953"},"modified":"2026-03-30T14:43:34","modified_gmt":"2026-03-30T13:43:34","slug":"winterjacke-industry","status":"publish","type":"product","link":"https:\/\/shop.kustom.ch\/fr\/produit\/winterjacke-industry\/","title":{"rendered":"Veste d'hiver INDUSTRY"},"content":{"rendered":"<p>Respirant, coupe-vent et d\u00e9perlant. Doublure en piqu\u00e9 et en polaire matelass\u00e9e. Col int\u00e9rieur en polaire. Le dos est allong\u00e9. Fermeture avec fermeture \u00e9clair, rabat de protection contre les intemp\u00e9ries et boutons-pression cach\u00e9s. Poche zipp\u00e9e sous la bande de protection contre les intemp\u00e9ries. Poches poitrine avec rabat et boutons-pression cach\u00e9s. Anneau en D. Manches ergonomiques permettant une grande libert\u00e9 de mouvement. Poches sur le devant. Poche int\u00e9rieure avec fermeture \u00e9clair. Poignets c\u00f4tel\u00e9s (cach\u00e9s sous la patte de protection contre les intemp\u00e9ries) et fermeture \u00e0 boutons-pression. Cordon de serrage r\u00e9glable \u00e0 l'int\u00e9rieur au niveau des hanches. Taille avec r\u00e9glage par bouton-pression. Fermeture \u00e0 glissi\u00e8re dans la doublure au dos pour l'application d'un logo\/d'une broderie. Coutures contrast\u00e9es. Effets r\u00e9fl\u00e9chissants.<\/p>\n<p>OEKO-TEX\u00ae STANDARD 100<br \/>\n100% Polyester<br \/>\nStructure en toile.<br \/>\n270 g\/m<br \/>\nLinge d\u00e9licat, max. 40\u00b0 C ; Ne pas blanchir ; Ne pas s\u00e9cher au s\u00e8che-linge ; Ne pas repasser ; Supporte le nettoyage normal<\/p>\n<p><a href=\"https:\/\/mascotsitecore-1ccb8.kxcdn.com\/pdf\/10135-194-010-de.pdf\" target=\"_blank\" rel=\"noopener\"><u>Ouvrir la fiche produit<\/u><\/a><\/p>","protected":false},"excerpt":{"rendered":"<ul>\n<li>Respirant, coupe-vent et d\u00e9perlant.<\/li>\n<li>Grande libert\u00e9 de mouvement gr\u00e2ce aux manches coup\u00e9es en forme.<\/li>\n<li>Doublure en piqu\u00e9 et en polaire matelass\u00e9e.<\/li>\n<li>Protection suppl\u00e9mentaire contre le froid gr\u00e2ce au dos rallong\u00e9.<\/li>\n<li>Am\u00e9lioration de la visibilit\u00e9 pour l'entourage \u00e0 l'aide d'effets r\u00e9fl\u00e9chissants.<\/li>\n<\/ul>","protected":false},"featured_media":563010,"template":"","meta":[],"product_brand":[],"product_cat":[4186],"product_tag":[],"class_list":{"0":"post-562953","1":"product","2":"type-product","3":"status-publish","4":"has-post-thumbnail","6":"product_cat-jacken","7":"pa_brand-mascot","8":"pa_brand-type-workwear","9":"pa_filter-color-grau","10":"pa_filter-color-schwarz","12":"first","13":"instock","14":"sale","15":"taxable","16":"shipping-taxable","17":"purchasable","18":"product-type-variable","19":"add-to-wishlist-before_image"},"exclude_global_add_ons":[],"addons":[],"acf":[],"_links":{"self":[{"href":"https:\/\/shop.kustom.ch\/fr\/wp-json\/wp\/v2\/product\/562953"}],"collection":[{"href":"https:\/\/shop.kustom.ch\/fr\/wp-json\/wp\/v2\/product"}],"about":[{"href":"https:\/\/shop.kustom.ch\/fr\/wp-json\/wp\/v2\/types\/product"}],"wp:featuredmedia":[{"embeddable":true,"href":"https:\/\/shop.kustom.ch\/fr\/wp-json\/wp\/v2\/media\/563010"}],"wp:attachment":[{"href":"https:\/\/shop.kustom.ch\/fr\/wp-json\/wp\/v2\/media?parent=562953"}],"wp:term":[{"taxonomy":"product_brand","embeddable":true,"href":"https:\/\/shop.kustom.ch\/fr\/wp-json\/wp\/v2\/product_brand?post=562953"},{"taxonomy":"product_cat","embeddable":true,"href":"https:\/\/shop.kustom.ch\/fr\/wp-json\/wp\/v2\/product_cat?post=562953"},{"taxonomy":"product_tag","embeddable":true,"href":"https:\/\/shop.kustom.ch\/fr\/wp-json\/wp\/v2\/product_tag?post=562953"}],"curies":[{"name":"wp","href":"https:\/\/api.w.org\/{rel}","templated":true}]}}

<p>Respirant, coupe-vent et déperlant. Doublure en piqué et en polaire matelassée. Col intérieur en polaire. Le dos est allongé. Fermeture avec fermeture éclair, rabat de protection contre les intempéries et boutons-pression cachés. Poche zippée sous la bande de protection contre les intempéries. Poches poitrine avec rabat et boutons-pression cachés. Anneau en D. Manches ergonomiques permettant une grande liberté de mouvement. Poches sur le devant. Poche intérieure avec fermeture éclair. Poignets côtelés (cachés sous la patte de protection contre les intempéries) et fermeture à boutons-pression. Cordon de serrage réglable à l'intérieur au niveau des hanches. Taille avec réglage par bouton-pression. Fermeture à glissière dans la doublure au dos pour l'application d'un logo/d'une broderie. Coutures contrastées. Effets réfléchissants.</p>
<p>OEKO-TEX® STANDARD 100<br />
100% Polyester<br />
Structure en toile.<br />
270 g/m<br />
Linge délicat, max. 40° C ; Ne pas blanchir ; Ne pas sécher au sèche-linge ; Ne pas repasser ; Supporte le nettoyage normal</p>
<p><a href="https://mascotsitecore-1ccb8.kxcdn.com/pdf/10135-194-010-de.pdf" target="_blank" rel="noopener"><u>Ouvrir la fiche produit</u></a></p>

<ul>
<li>Respirant, coupe-vent et déperlant.</li>
<li>Grande liberté de mouvement grâce aux manches coupées en forme.</li>
<li>Doublure en piqué et en polaire matelassée.</li>
<li>Protection supplémentaire contre le froid grâce au dos rallongé.</li>
<li>Amélioration de la visibilité pour l'entourage à l'aide d'effets réfléchissants.</li>
</ul>
