{"id":562624,"date":"2025-03-04T05:03:23","date_gmt":"2025-03-04T04:03:23","guid":{"rendered":"https:\/\/shop.kustom.ch\/?post_type=product&#038;p=562624"},"modified":"2026-03-30T14:43:08","modified_gmt":"2026-03-30T13:43:08","slug":"winterweste-image","status":"publish","type":"product","link":"https:\/\/shop.kustom.ch\/fr\/produit\/winterweste-image\/","title":{"rendered":"Gilet d'hiver IMAGE"},"content":{"rendered":"<p>Bicolore, il est tr\u00e8s r\u00e9sistant. R\u00e9sistant \u00e0 l'eau. Doublure en piqu\u00e9 amovible par fermeture \u00e9clair et pouvant \u00eatre port\u00e9e s\u00e9par\u00e9ment - avec poche \u00e0 fermeture velcro. Fermeture par zip et rabat de protection contre les intemp\u00e9ries avec boutons-pression. Poche de poitrine avec rabat et bouton-pression. Poche poitrine pour t\u00e9l\u00e9phone portable avec rabat r\u00e9glable et poche pour stylo \u00e0 bille. Poches avant. Taille avec r\u00e9glage par boutons-pression. Soufflets d'aisance dans le dos.<\/p>\n<p>OEKO-TEX\u00ae STANDARD 100<br \/>\n52% coton\/48% nylon<br \/>\nSerg\u00e9.<br \/>\n240 g\/m<br \/>\nLinge d\u00e9licat, max. 40\u00b0 C ; Ne pas blanchir ; Ne pas s\u00e9cher au s\u00e8che-linge ; Ne pas repasser ; Supporte le nettoyage normal<\/p>\n<p><a href=\"https:\/\/mascotsitecore-1ccb8.kxcdn.com\/pdf\/00989-620-1101-de.pdf\" target=\"_blank\" rel=\"noopener\"><u>Ouvrir la fiche produit<\/u><\/a><\/p>","protected":false},"excerpt":{"rendered":"<ul>\n<li>Le Bearnylon\u00ae est un mat\u00e9riau hydrofuge et tr\u00e8s r\u00e9sistant.<\/li>\n<li>Gilet matelass\u00e9 amovible pouvant \u00e9galement \u00eatre port\u00e9 s\u00e9par\u00e9ment.<\/li>\n<li>Acc\u00e8s facile \u00e0 la poche int\u00e9gr\u00e9e pour t\u00e9l\u00e9phone portable dans la poche de poitrine.<\/li>\n<li>Soufflets d'extension dans le dos pour une plus grande libert\u00e9 de mouvement.<\/li>\n<li>Ajustement individuel gr\u00e2ce \u00e0 la taille r\u00e9glable.<\/li>\n<\/ul>","protected":false},"featured_media":562635,"template":"","meta":[],"product_brand":[],"product_cat":[4208],"product_tag":[],"class_list":{"0":"post-562624","1":"product","2":"type-product","3":"status-publish","4":"has-post-thumbnail","6":"product_cat-westen","7":"pa_brand-mascot","8":"pa_brand-type-workwear","9":"pa_filter-color-blau","10":"pa_filter-color-grau","11":"pa_filter-color-schwarz","13":"first","14":"instock","15":"sale","16":"taxable","17":"shipping-taxable","18":"purchasable","19":"product-type-variable","20":"add-to-wishlist-before_image"},"exclude_global_add_ons":[],"addons":[],"acf":[],"_links":{"self":[{"href":"https:\/\/shop.kustom.ch\/fr\/wp-json\/wp\/v2\/product\/562624"}],"collection":[{"href":"https:\/\/shop.kustom.ch\/fr\/wp-json\/wp\/v2\/product"}],"about":[{"href":"https:\/\/shop.kustom.ch\/fr\/wp-json\/wp\/v2\/types\/product"}],"wp:featuredmedia":[{"embeddable":true,"href":"https:\/\/shop.kustom.ch\/fr\/wp-json\/wp\/v2\/media\/562635"}],"wp:attachment":[{"href":"https:\/\/shop.kustom.ch\/fr\/wp-json\/wp\/v2\/media?parent=562624"}],"wp:term":[{"taxonomy":"product_brand","embeddable":true,"href":"https:\/\/shop.kustom.ch\/fr\/wp-json\/wp\/v2\/product_brand?post=562624"},{"taxonomy":"product_cat","embeddable":true,"href":"https:\/\/shop.kustom.ch\/fr\/wp-json\/wp\/v2\/product_cat?post=562624"},{"taxonomy":"product_tag","embeddable":true,"href":"https:\/\/shop.kustom.ch\/fr\/wp-json\/wp\/v2\/product_tag?post=562624"}],"curies":[{"name":"wp","href":"https:\/\/api.w.org\/{rel}","templated":true}]}}

<p>Bicolore, il est très résistant. Résistant à l'eau. Doublure en piqué amovible par fermeture éclair et pouvant être portée séparément - avec poche à fermeture velcro. Fermeture par zip et rabat de protection contre les intempéries avec boutons-pression. Poche de poitrine avec rabat et bouton-pression. Poche poitrine pour téléphone portable avec rabat réglable et poche pour stylo à bille. Poches avant. Taille avec réglage par boutons-pression. Soufflets d'aisance dans le dos.</p>
<p>OEKO-TEX® STANDARD 100<br />
52% coton/48% nylon<br />
Sergé.<br />
240 g/m<br />
Linge délicat, max. 40° C ; Ne pas blanchir ; Ne pas sécher au sèche-linge ; Ne pas repasser ; Supporte le nettoyage normal</p>
<p><a href="https://mascotsitecore-1ccb8.kxcdn.com/pdf/00989-620-1101-de.pdf" target="_blank" rel="noopener"><u>Ouvrir la fiche produit</u></a></p>

<ul>
<li>Le Bearnylon® est un matériau hydrofuge et très résistant.</li>
<li>Gilet matelassé amovible pouvant également être porté séparément.</li>
<li>Accès facile à la poche intégrée pour téléphone portable dans la poche de poitrine.</li>
<li>Soufflets d'extension dans le dos pour une plus grande liberté de mouvement.</li>
<li>Ajustement individuel grâce à la taille réglable.</li>
</ul>
