{"id":559133,"date":"2025-03-04T03:25:27","date_gmt":"2025-03-04T02:25:27","guid":{"rendered":"https:\/\/shop.kustom.ch\/?post_type=product&#038;p=559133"},"modified":"2026-03-30T14:40:15","modified_gmt":"2026-03-30T13:40:15","slug":"hose-frontline","status":"publish","type":"product","link":"https:\/\/shop.kustom.ch\/fr\/produit\/hose-frontline\/","title":{"rendered":"Pantalon FRONTLINE"},"content":{"rendered":"<p>Double et triple coutures rabattues sur les jambes et \u00e0 l'entrejambe. Taille basse et ceinture moul\u00e9e. Les jambes du pantalon ont une forme ergonomique. Passants de ceinture. Braguette avec fermeture \u00e0 glissi\u00e8re. Poches sur le devant. Poches arri\u00e8re, dont une avec rabat et fermeture velcro. Contrastes (rouges), plac\u00e9s discr\u00e8tement \u00e0 diff\u00e9rents endroits du produit.<\/p>\n<p>OEKO-TEX\u00ae STANDARD 100<br \/>\n65% polyester\/35% coton<br \/>\nStructure en toile.<br \/>\n260 g\/m<br \/>\nLavage couleur, max. 60\u00b0 C ; Pas de blanchiment ; Supporte le s\u00e8che-linge - temp\u00e9rature de d\u00e9part max. 80\u00b0 C ; Repassage \u00e0 temp\u00e9rature moyenne, max. 150\u00b0 C ; Supporte le nettoyage normal<\/p>\n<p><a href=\"https:\/\/mascotsitecore-1ccb8.kxcdn.com\/pdf\/09279-154-010-de.pdf\" target=\"_blank\" rel=\"noopener\"><u>Ouvrir la fiche produit<\/u><\/a><\/p>","protected":false},"excerpt":{"rendered":"<ul>\n<li>Des coutures r\u00e9sistantes \u00e0 triple rabattage sur les jambes et \u00e0 l'entrejambe prolongent la dur\u00e9e de vie du produit.<\/li>\n<li>La taille basse avec une ceinture moul\u00e9e fait en sorte que le pantalon suive tous les mouvements du corps.<\/li>\n<li>Jambes de pantalons ergonomiques, form\u00e9es selon les mouvements naturels du corps.<\/li>\n<li>Braguette avec fermeture \u00e0 glissi\u00e8re.<\/li>\n<li>Poches arri\u00e8re, dont une avec rabat et fermeture velcro.<\/li>\n<\/ul>","protected":false},"featured_media":559137,"template":"","meta":[],"product_brand":[],"product_cat":[4185],"product_tag":[],"class_list":{"0":"post-559133","1":"product","2":"type-product","3":"status-publish","4":"has-post-thumbnail","6":"product_cat-hosen","7":"pa_brand-mascot","8":"pa_brand-type-workwear","9":"pa_filter-color-schwarz","11":"first","12":"instock","13":"sale","14":"taxable","15":"shipping-taxable","16":"purchasable","17":"product-type-variable","18":"add-to-wishlist-before_image"},"exclude_global_add_ons":[],"addons":[],"acf":[],"_links":{"self":[{"href":"https:\/\/shop.kustom.ch\/fr\/wp-json\/wp\/v2\/product\/559133"}],"collection":[{"href":"https:\/\/shop.kustom.ch\/fr\/wp-json\/wp\/v2\/product"}],"about":[{"href":"https:\/\/shop.kustom.ch\/fr\/wp-json\/wp\/v2\/types\/product"}],"wp:featuredmedia":[{"embeddable":true,"href":"https:\/\/shop.kustom.ch\/fr\/wp-json\/wp\/v2\/media\/559137"}],"wp:attachment":[{"href":"https:\/\/shop.kustom.ch\/fr\/wp-json\/wp\/v2\/media?parent=559133"}],"wp:term":[{"taxonomy":"product_brand","embeddable":true,"href":"https:\/\/shop.kustom.ch\/fr\/wp-json\/wp\/v2\/product_brand?post=559133"},{"taxonomy":"product_cat","embeddable":true,"href":"https:\/\/shop.kustom.ch\/fr\/wp-json\/wp\/v2\/product_cat?post=559133"},{"taxonomy":"product_tag","embeddable":true,"href":"https:\/\/shop.kustom.ch\/fr\/wp-json\/wp\/v2\/product_tag?post=559133"}],"curies":[{"name":"wp","href":"https:\/\/api.w.org\/{rel}","templated":true}]}}

<p>Double et triple coutures rabattues sur les jambes et à l'entrejambe. Taille basse et ceinture moulée. Les jambes du pantalon ont une forme ergonomique. Passants de ceinture. Braguette avec fermeture à glissière. Poches sur le devant. Poches arrière, dont une avec rabat et fermeture velcro. Contrastes (rouges), placés discrètement à différents endroits du produit.</p>
<p>OEKO-TEX® STANDARD 100<br />
65% polyester/35% coton<br />
Structure en toile.<br />
260 g/m<br />
Lavage couleur, max. 60° C ; Pas de blanchiment ; Supporte le sèche-linge - température de départ max. 80° C ; Repassage à température moyenne, max. 150° C ; Supporte le nettoyage normal</p>
<p><a href="https://mascotsitecore-1ccb8.kxcdn.com/pdf/09279-154-010-de.pdf" target="_blank" rel="noopener"><u>Ouvrir la fiche produit</u></a></p>

<ul>
<li>Des coutures résistantes à triple rabattage sur les jambes et à l'entrejambe prolongent la durée de vie du produit.</li>
<li>La taille basse avec une ceinture moulée fait en sorte que le pantalon suive tous les mouvements du corps.</li>
<li>Jambes de pantalons ergonomiques, formées selon les mouvements naturels du corps.</li>
<li>Braguette avec fermeture à glissière.</li>
<li>Poches arrière, dont une avec rabat et fermeture velcro.</li>
</ul>
