{"id":553727,"date":"2025-03-04T02:40:18","date_gmt":"2025-03-04T01:40:18","guid":{"rendered":"https:\/\/shop.kustom.ch\/?post_type=product&#038;p=553727"},"modified":"2026-03-30T14:34:05","modified_gmt":"2026-03-30T13:34:05","slug":"faserpelz-weste-mit-reissverschluss-customized","status":"publish","type":"product","link":"https:\/\/shop.kustom.ch\/fr\/produit\/faserpelz-weste-mit-reissverschluss-customized\/","title":{"rendered":"Gilet en fourrure de fibres avec fermeture \u00e9clair CUSTOMIZED"},"content":{"rendered":"<p>Coupe moderne. Fermeture avec fermeture \u00e9clair. Poche de poitrine avec fermeture \u00e9clair. Poches avant avec renforts. Renforts sur les poches avant. Bande \u00e9lastique \u00e0 l'encolure des manches et au bord inf\u00e9rieur.<\/p>\n<p>OEKO-TEX\u00ae STANDARD 100<br \/>\n80% Polyester recycl\u00e9\/20% Polyester<br \/>\nFourrure de fibres. Peut r\u00e9tr\u00e9cir au maximum 3%.<br \/>\n460 g\/m<br \/>\nLinge d\u00e9licat, max. 40\u00b0 C ; Ne pas blanchir ; Ne pas s\u00e9cher au s\u00e8che-linge ; Ne pas repasser ; Supporte le nettoyage normal<\/p>\n<p><a href=\"https:\/\/mascotsitecore-1ccb8.kxcdn.com\/pdf\/22465-682-010-de.pdf\" target=\"_blank\" rel=\"noopener\"><u>Ouvrir la fiche produit<\/u><\/a><\/p>","protected":false},"excerpt":{"rendered":"<ul>\n<li>Isolation l\u00e9g\u00e8re qui permet de porter le v\u00eatement comme couche interm\u00e9diaire ou couche ext\u00e9rieure un jour de printemps.<\/li>\n<li>Haute teneur en polyester recycl\u00e9 dans le mat\u00e9riau principal.<\/li>\n<\/ul>","protected":false},"featured_media":553757,"template":"","meta":[],"product_brand":[],"product_cat":[4208],"product_tag":[],"class_list":{"0":"post-553727","1":"product","2":"type-product","3":"status-publish","4":"has-post-thumbnail","6":"product_cat-westen","7":"pa_brand-mascot","8":"pa_brand-type-workwear","9":"pa_filter-color-braun","10":"pa_filter-color-grau","11":"pa_filter-color-gruen","12":"pa_filter-color-rot","13":"pa_filter-color-schwarz","15":"first","16":"instock","17":"sale","18":"taxable","19":"shipping-taxable","20":"purchasable","21":"product-type-variable","22":"add-to-wishlist-before_image"},"exclude_global_add_ons":[],"addons":[],"acf":[],"_links":{"self":[{"href":"https:\/\/shop.kustom.ch\/fr\/wp-json\/wp\/v2\/product\/553727"}],"collection":[{"href":"https:\/\/shop.kustom.ch\/fr\/wp-json\/wp\/v2\/product"}],"about":[{"href":"https:\/\/shop.kustom.ch\/fr\/wp-json\/wp\/v2\/types\/product"}],"wp:featuredmedia":[{"embeddable":true,"href":"https:\/\/shop.kustom.ch\/fr\/wp-json\/wp\/v2\/media\/553757"}],"wp:attachment":[{"href":"https:\/\/shop.kustom.ch\/fr\/wp-json\/wp\/v2\/media?parent=553727"}],"wp:term":[{"taxonomy":"product_brand","embeddable":true,"href":"https:\/\/shop.kustom.ch\/fr\/wp-json\/wp\/v2\/product_brand?post=553727"},{"taxonomy":"product_cat","embeddable":true,"href":"https:\/\/shop.kustom.ch\/fr\/wp-json\/wp\/v2\/product_cat?post=553727"},{"taxonomy":"product_tag","embeddable":true,"href":"https:\/\/shop.kustom.ch\/fr\/wp-json\/wp\/v2\/product_tag?post=553727"}],"curies":[{"name":"wp","href":"https:\/\/api.w.org\/{rel}","templated":true}]}}

Gilet en fourrure de fibres avec fermeture éclair CUSTOMIZED

<p>Coupe moderne. Fermeture avec fermeture éclair. Poche de poitrine avec fermeture éclair. Poches avant avec renforts. Renforts sur les poches avant. Bande élastique à l'encolure des manches et au bord inférieur.</p>
<p>OEKO-TEX® STANDARD 100<br />
80% Polyester recyclé/20% Polyester<br />
Fourrure de fibres. Peut rétrécir au maximum 3%.<br />
460 g/m<br />
Linge délicat, max. 40° C ; Ne pas blanchir ; Ne pas sécher au sèche-linge ; Ne pas repasser ; Supporte le nettoyage normal</p>
<p><a href="https://mascotsitecore-1ccb8.kxcdn.com/pdf/22465-682-010-de.pdf" target="_blank" rel="noopener"><u>Ouvrir la fiche produit</u></a></p>

<ul>
<li>Isolation légère qui permet de porter le vêtement comme couche intermédiaire ou couche extérieure un jour de printemps.</li>
<li>Haute teneur en polyester recyclé dans le matériau principal.</li>
</ul>
