{"id":536145,"date":"2025-03-03T23:46:23","date_gmt":"2025-03-03T22:46:23","guid":{"rendered":"https:\/\/shop.kustom.ch\/?post_type=product&#038;p=536145"},"modified":"2026-03-30T12:50:40","modified_gmt":"2026-03-30T11:50:40","slug":"latzhose-mit-knietaschen-accelerate-3","status":"publish","type":"product","link":"https:\/\/shop.kustom.ch\/fr\/produit\/latzhose-mit-knietaschen-accelerate-3\/","title":{"rendered":"Salopette avec poches genouill\u00e8res ACCELERATE"},"content":{"rendered":"<p>Qualit\u00e9 l\u00e9g\u00e8re. Coutures doubles et triples sur les jambes. Bretelles en tissu, r\u00e9glables, avec un \u00e9lastique court et solide et des boucles en plastique. Les extr\u00e9mit\u00e9s des bretelles peuvent \u00eatre rang\u00e9es \u00e0 l'aide de petites boucles. Poche sur la bavette avec poche pour stylo, poche pour t\u00e9l\u00e9phone portable et rabat avec boutons-pression cach\u00e9s. Poche int\u00e9rieure sur la bavette. La taille est r\u00e9glable. Passants de ceinture. Braguette avec fermeture \u00e0 glissi\u00e8re. Poches avant et arri\u00e8re. Poches arri\u00e8re renforc\u00e9es. Poche sur la cuisse avec poche pour t\u00e9l\u00e9phone portable, rabat et boutons-pression cach\u00e9s. Poche m\u00e8tre renforc\u00e9e. Poches genouill\u00e8res en polyester, r\u00e9glables en hauteur. R\u00e9glage simple et individuel de la hauteur des poches genouill\u00e8res. Pour ce mod\u00e8le, nous recommandons les protections de genoux suivantes : 00418-100, 00718-100 ou 20118-915. Certifi\u00e9 avec les genouill\u00e8res de type SHORT ou LONG selon EN 14404.<\/p>\n<p>OEKO-TEX\u00ae STANDARD 100 ; ProWash\u00ae - EN ISO 15797<br \/>\n65% polyester\/35% coton<br \/>\nTissu en serg\u00e9. Peut r\u00e9tr\u00e9cir 1-2%.<br \/>\n245 g\/m<br \/>\nLavage couleur, max. 60\u00b0 C ; Pas de blanchiment ; Supporte le s\u00e8che-linge - temp\u00e9rature de d\u00e9part max. 80\u00b0 C ; Repassage \u00e0 temp\u00e9rature moyenne, max. 150\u00b0 C ; Supporte le nettoyage normal<\/p>\n<p><a href=\"https:\/\/mascotsitecore-1ccb8.kxcdn.com\/pdf\/21869-330-010-de.pdf\" target=\"_blank\" rel=\"noopener\"><u>Ouvrir la fiche produit<\/u><\/a><\/p>","protected":false},"excerpt":{"rendered":"<ul>\n<li>Le produit est adapt\u00e9 au lavage industriel.<\/li>\n<li>Mat\u00e9riel l\u00e9ger.<\/li>\n<li>Les poches pour les genoux sont r\u00e9glables en hauteur, de sorte que la protection des genoux est plac\u00e9e de mani\u00e8re optimale sur les genoux.<\/li>\n<li>Certifi\u00e9 pour une utilisation avec les genouill\u00e8res MASCOT de type SHORT ou LONG, car la poche de genouill\u00e8re est r\u00e9glable en hauteur.<\/li>\n<li>Disponible en standard en trois longueurs d'entrejambe diff\u00e9rentes, pour la meilleure coupe individuelle et les d\u00e9tails les mieux plac\u00e9s.<\/li>\n<\/ul>","protected":false},"featured_media":536200,"template":"","meta":[],"product_brand":[],"product_cat":[10448],"product_tag":[],"class_list":{"0":"post-536145","1":"product","2":"type-product","3":"status-publish","4":"has-post-thumbnail","6":"product_cat-latzhose","7":"pa_brand-mascot","8":"pa_brand-type-workwear","9":"pa_filter-color-blau","10":"pa_filter-color-grau","11":"pa_filter-color-schwarz","13":"first","14":"instock","15":"sale","16":"taxable","17":"shipping-taxable","18":"purchasable","19":"product-type-variable","20":"add-to-wishlist-before_image"},"exclude_global_add_ons":[],"addons":[],"acf":[],"_links":{"self":[{"href":"https:\/\/shop.kustom.ch\/fr\/wp-json\/wp\/v2\/product\/536145"}],"collection":[{"href":"https:\/\/shop.kustom.ch\/fr\/wp-json\/wp\/v2\/product"}],"about":[{"href":"https:\/\/shop.kustom.ch\/fr\/wp-json\/wp\/v2\/types\/product"}],"wp:featuredmedia":[{"embeddable":true,"href":"https:\/\/shop.kustom.ch\/fr\/wp-json\/wp\/v2\/media\/536200"}],"wp:attachment":[{"href":"https:\/\/shop.kustom.ch\/fr\/wp-json\/wp\/v2\/media?parent=536145"}],"wp:term":[{"taxonomy":"product_brand","embeddable":true,"href":"https:\/\/shop.kustom.ch\/fr\/wp-json\/wp\/v2\/product_brand?post=536145"},{"taxonomy":"product_cat","embeddable":true,"href":"https:\/\/shop.kustom.ch\/fr\/wp-json\/wp\/v2\/product_cat?post=536145"},{"taxonomy":"product_tag","embeddable":true,"href":"https:\/\/shop.kustom.ch\/fr\/wp-json\/wp\/v2\/product_tag?post=536145"}],"curies":[{"name":"wp","href":"https:\/\/api.w.org\/{rel}","templated":true}]}}

Salopette avec poches genouillères ACCELERATE

<p>Qualité légère. Coutures doubles et triples sur les jambes. Bretelles en tissu, réglables, avec un élastique court et solide et des boucles en plastique. Les extrémités des bretelles peuvent être rangées à l'aide de petites boucles. Poche sur la bavette avec poche pour stylo, poche pour téléphone portable et rabat avec boutons-pression cachés. Poche intérieure sur la bavette. La taille est réglable. Passants de ceinture. Braguette avec fermeture à glissière. Poches avant et arrière. Poches arrière renforcées. Poche sur la cuisse avec poche pour téléphone portable, rabat et boutons-pression cachés. Poche mètre renforcée. Poches genouillères en polyester, réglables en hauteur. Réglage simple et individuel de la hauteur des poches genouillères. Pour ce modèle, nous recommandons les protections de genoux suivantes : 00418-100, 00718-100 ou 20118-915. Certifié avec les genouillères de type SHORT ou LONG selon EN 14404.</p>
<p>OEKO-TEX® STANDARD 100 ; ProWash® - EN ISO 15797<br />
65% polyester/35% coton<br />
Tissu en sergé. Peut rétrécir 1-2%.<br />
245 g/m<br />
Lavage couleur, max. 60° C ; Pas de blanchiment ; Supporte le sèche-linge - température de départ max. 80° C ; Repassage à température moyenne, max. 150° C ; Supporte le nettoyage normal</p>
<p><a href="https://mascotsitecore-1ccb8.kxcdn.com/pdf/21869-330-010-de.pdf" target="_blank" rel="noopener"><u>Ouvrir la fiche produit</u></a></p>

<ul>
<li>Le produit est adapté au lavage industriel.</li>
<li>Matériel léger.</li>
<li>Les poches pour les genoux sont réglables en hauteur, de sorte que la protection des genoux est placée de manière optimale sur les genoux.</li>
<li>Certifié pour une utilisation avec les genouillères MASCOT de type SHORT ou LONG, car la poche de genouillère est réglable en hauteur.</li>
<li>Disponible en standard en trois longueurs d'entrejambe différentes, pour la meilleure coupe individuelle et les détails les mieux placés.</li>
</ul>
