{"id":502810,"date":"2025-01-24T23:48:19","date_gmt":"2025-01-24T22:48:19","guid":{"rendered":"https:\/\/shop.kustom.ch\/?post_type=product&#038;p=502810"},"modified":"2026-03-31T11:47:34","modified_gmt":"2026-03-31T10:47:34","slug":"whittier-jacket-men","status":"publish","type":"product","link":"https:\/\/shop.kustom.ch\/fr\/produit\/whittier-jacket-men\/","title":{"rendered":"Veste Whittier Hommes"},"content":{"rendered":"<p>Des sentiers de randonn\u00e9e \u00e0 la ville, la veste Whittier Softshell offre une protection fiable contre l'humidit\u00e9 et le vent, o\u00f9 que vous la portiez. Le tissu lamin\u00e9 rend la veste imperm\u00e9able, coupe-vent et respirante. Sa coupe contemporaine lui conf\u00e8re une silhouette sportive et elle est dot\u00e9e de nombreuses caract\u00e9ristiques pratiques comme deux poches zipp\u00e9es et des poignets facilement r\u00e9glables par velcro.<\/p>\n<p>Composition : Mati\u00e8re : polyester 92%, \u00e9lasthanne 8%, WP5000, MVP4000, doublure : polyester 100%<\/p>","protected":false},"excerpt":{"rendered":"<p>Von Wanderwegen bis zur Stadt &#8211; die Whittier Softshell Jacke bietet zuverl\u00e4ssigen Schutz bei N\u00e4sse und Wind, wo immer Sie sie tragen. Das laminierte Gewebe macht die Jacke wasserdicht, winddicht und atmungsaktiv. Der zeitgem\u00e4sse Schnitt sorgt f\u00fcr eine sportliche Silhouette und ist mit vielen praktischen Merkmalen wie zwei Reissverschlusstaschen und leicht verstellbaren Klettverschluss B\u00fcndchen ausgestattet. [&hellip;]<\/p>\n","protected":false},"featured_media":502823,"template":"","meta":[],"product_brand":[],"product_cat":[4186],"product_tag":[],"class_list":{"0":"post-502810","1":"product","2":"type-product","3":"status-publish","4":"has-post-thumbnail","6":"product_cat-jacken","7":"pa_brand-cutter-buck","8":"pa_brand-type-sportswear","9":"pa_filter-color-grau","11":"first","12":"instock","13":"sale","14":"taxable","15":"shipping-taxable","16":"purchasable","17":"product-type-variable","18":"add-to-wishlist-before_image"},"exclude_global_add_ons":[],"addons":[],"acf":[],"_links":{"self":[{"href":"https:\/\/shop.kustom.ch\/fr\/wp-json\/wp\/v2\/product\/502810"}],"collection":[{"href":"https:\/\/shop.kustom.ch\/fr\/wp-json\/wp\/v2\/product"}],"about":[{"href":"https:\/\/shop.kustom.ch\/fr\/wp-json\/wp\/v2\/types\/product"}],"wp:featuredmedia":[{"embeddable":true,"href":"https:\/\/shop.kustom.ch\/fr\/wp-json\/wp\/v2\/media\/502823"}],"wp:attachment":[{"href":"https:\/\/shop.kustom.ch\/fr\/wp-json\/wp\/v2\/media?parent=502810"}],"wp:term":[{"taxonomy":"product_brand","embeddable":true,"href":"https:\/\/shop.kustom.ch\/fr\/wp-json\/wp\/v2\/product_brand?post=502810"},{"taxonomy":"product_cat","embeddable":true,"href":"https:\/\/shop.kustom.ch\/fr\/wp-json\/wp\/v2\/product_cat?post=502810"},{"taxonomy":"product_tag","embeddable":true,"href":"https:\/\/shop.kustom.ch\/fr\/wp-json\/wp\/v2\/product_tag?post=502810"}],"curies":[{"name":"wp","href":"https:\/\/api.w.org\/{rel}","templated":true}]}}

<p>Des sentiers de randonnée à la ville, la veste Whittier Softshell offre une protection fiable contre l'humidité et le vent, où que vous la portiez. Le tissu laminé rend la veste imperméable, coupe-vent et respirante. Sa coupe contemporaine lui confère une silhouette sportive et elle est dotée de nombreuses caractéristiques pratiques comme deux poches zippées et des poignets facilement réglables par velcro.</p>
<p>Composition : Matière : polyester 92%, élasthanne 8%, WP5000, MVP4000, doublure : polyester 100%</p>

<p>Von Wanderwegen bis zur Stadt &#8211; die Whittier Softshell Jacke bietet zuverlässigen Schutz bei Nässe und Wind, wo immer Sie sie tragen. Das laminierte Gewebe macht die Jacke wasserdicht, winddicht und atmungsaktiv. Der zeitgemässe Schnitt sorgt für eine sportliche Silhouette und ist mit vielen praktischen Merkmalen wie zwei Reissverschlusstaschen und leicht verstellbaren Klettverschluss Bündchen ausgestattet. [&hellip;]</p>
