{"id":494663,"date":"2025-01-24T01:03:49","date_gmt":"2025-01-24T00:03:49","guid":{"rendered":"https:\/\/shop.kustom.ch\/?post_type=product&#038;p=494663"},"modified":"2026-03-31T13:11:57","modified_gmt":"2026-03-31T12:11:57","slug":"smart-backpack-reflective","status":"publish","type":"product","link":"https:\/\/shop.kustom.ch\/fr\/produit\/smart-backpack-reflective\/","title":{"rendered":"Sac \u00e0 dos Smart Backpack Reflective"},"content":{"rendered":"<p>Sac \u00e0 dos en mat\u00e9riau r\u00e9fl\u00e9chissant sur toute la surface. Cordon de r\u00e9glage, poche frontale zipp\u00e9e et ouverture pour \u00e9couteurs. Indice : 250 lumens. Dimensions et volume : 48\u00d735,5cm \u2248 10L<\/p>\n<p>Mati\u00e8re : polyester 100% avec rev\u00eatement PU r\u00e9fl\u00e9chissant<\/p>","protected":false},"excerpt":{"rendered":"<p>Rucksacktasche aus vollfl\u00e4chig reflektierendem Material. Kordelzugverstellung, Fronttasche mit Reissverschluss und Kopfh\u00f6rer\u00f6ffnung. Index : 250 Lumen. Abmessungen und Volumen: 48&#215;35,5cm \u2248 10L Material: 100% Polyester mit reflektierender PU-Beschichtung<\/p>","protected":false},"featured_media":494720,"template":"","meta":[],"product_brand":[],"product_cat":[4195,4209],"product_tag":[],"class_list":{"0":"post-494663","1":"product","2":"type-product","3":"status-publish","4":"has-post-thumbnail","6":"product_cat-rucksaecke-taschen","7":"product_cat-zubehoer","8":"pa_brand-clique","9":"pa_brand-type-sportswear","10":"pa_filter-color-weiss","12":"first","13":"instock","14":"sale","15":"taxable","16":"shipping-taxable","17":"purchasable","18":"product-type-variable","19":"add-to-wishlist-before_image"},"exclude_global_add_ons":[],"addons":[],"acf":[],"_links":{"self":[{"href":"https:\/\/shop.kustom.ch\/fr\/wp-json\/wp\/v2\/product\/494663"}],"collection":[{"href":"https:\/\/shop.kustom.ch\/fr\/wp-json\/wp\/v2\/product"}],"about":[{"href":"https:\/\/shop.kustom.ch\/fr\/wp-json\/wp\/v2\/types\/product"}],"wp:featuredmedia":[{"embeddable":true,"href":"https:\/\/shop.kustom.ch\/fr\/wp-json\/wp\/v2\/media\/494720"}],"wp:attachment":[{"href":"https:\/\/shop.kustom.ch\/fr\/wp-json\/wp\/v2\/media?parent=494663"}],"wp:term":[{"taxonomy":"product_brand","embeddable":true,"href":"https:\/\/shop.kustom.ch\/fr\/wp-json\/wp\/v2\/product_brand?post=494663"},{"taxonomy":"product_cat","embeddable":true,"href":"https:\/\/shop.kustom.ch\/fr\/wp-json\/wp\/v2\/product_cat?post=494663"},{"taxonomy":"product_tag","embeddable":true,"href":"https:\/\/shop.kustom.ch\/fr\/wp-json\/wp\/v2\/product_tag?post=494663"}],"curies":[{"name":"wp","href":"https:\/\/api.w.org\/{rel}","templated":true}]}}

Sac à dos Smart Backpack Reflective

<p>Sac à dos en matériau réfléchissant sur toute la surface. Cordon de réglage, poche frontale zippée et ouverture pour écouteurs. Indice : 250 lumens. Dimensions et volume : 48×35,5cm ≈ 10L</p>
<p>Matière : polyester 100% avec revêtement PU réfléchissant</p>

<p>Rucksacktasche aus vollflächig reflektierendem Material. Kordelzugverstellung, Fronttasche mit Reissverschluss und Kopfhöreröffnung. Index : 250 Lumen. Abmessungen und Volumen: 48&#215;35,5cm ≈ 10L Material: 100% Polyester mit reflektierender PU-Beschichtung</p>
