{"id":494662,"date":"2025-01-24T01:03:49","date_gmt":"2025-01-24T00:03:49","guid":{"rendered":"https:\/\/shop.kustom.ch\/?post_type=product&#038;p=494662"},"modified":"2026-03-31T13:13:17","modified_gmt":"2026-03-31T12:13:17","slug":"smart-backpack","status":"publish","type":"product","link":"https:\/\/shop.kustom.ch\/fr\/produit\/smart-backpack\/","title":{"rendered":"Sac \u00e0 dos intelligent"},"content":{"rendered":"<p>Sac \u00e0 dos bicolore avec cordon de serrage et poche frontale zipp\u00e9e. Face avant id\u00e9ale pour la personnalisation. Dimensions et volume : 48\u00d735.5cm \u2248 10L<\/p>\n<p>Mat\u00e9riau : Diamond Non-Woven, 95g et 600D Polyester.<\/p>","protected":false},"excerpt":{"rendered":"<p>Zweifarbige Rucksacktasche mit Kordelzug und Fronttasche mit Reissverschluss. Vorderseite ideal zur Veredelung. Abmessungen und Volumen: 48&#215;35.5cm \u2248 10L Material: Diamond Non-Woven, 95g und 600D Polyester.<\/p>","protected":false},"featured_media":494710,"template":"","meta":[],"product_brand":[],"product_cat":[4195,4209],"product_tag":[],"class_list":{"0":"post-494662","1":"product","2":"type-product","3":"status-publish","4":"has-post-thumbnail","6":"product_cat-rucksaecke-taschen","7":"product_cat-zubehoer","8":"pa_brand-clique","9":"pa_brand-type-sportswear","10":"pa_filter-color-blau","11":"pa_filter-color-grau","12":"pa_filter-color-gruen","13":"pa_filter-color-rot","14":"pa_filter-color-schwarz","16":"first","17":"instock","18":"sale","19":"taxable","20":"shipping-taxable","21":"purchasable","22":"product-type-variable","23":"add-to-wishlist-before_image"},"exclude_global_add_ons":[],"addons":[],"acf":[],"_links":{"self":[{"href":"https:\/\/shop.kustom.ch\/fr\/wp-json\/wp\/v2\/product\/494662"}],"collection":[{"href":"https:\/\/shop.kustom.ch\/fr\/wp-json\/wp\/v2\/product"}],"about":[{"href":"https:\/\/shop.kustom.ch\/fr\/wp-json\/wp\/v2\/types\/product"}],"wp:featuredmedia":[{"embeddable":true,"href":"https:\/\/shop.kustom.ch\/fr\/wp-json\/wp\/v2\/media\/494710"}],"wp:attachment":[{"href":"https:\/\/shop.kustom.ch\/fr\/wp-json\/wp\/v2\/media?parent=494662"}],"wp:term":[{"taxonomy":"product_brand","embeddable":true,"href":"https:\/\/shop.kustom.ch\/fr\/wp-json\/wp\/v2\/product_brand?post=494662"},{"taxonomy":"product_cat","embeddable":true,"href":"https:\/\/shop.kustom.ch\/fr\/wp-json\/wp\/v2\/product_cat?post=494662"},{"taxonomy":"product_tag","embeddable":true,"href":"https:\/\/shop.kustom.ch\/fr\/wp-json\/wp\/v2\/product_tag?post=494662"}],"curies":[{"name":"wp","href":"https:\/\/api.w.org\/{rel}","templated":true}]}}

Sac à dos intelligent

<p>Sac à dos bicolore avec cordon de serrage et poche frontale zippée. Face avant idéale pour la personnalisation. Dimensions et volume : 48×35.5cm ≈ 10L</p>
<p>Matériau : Diamond Non-Woven, 95g et 600D Polyester.</p>
