{"id":491879,"date":"2025-01-24T00:51:25","date_gmt":"2025-01-23T23:51:25","guid":{"rendered":"https:\/\/shop.kustom.ch\/?post_type=product&#038;p=491879"},"modified":"2026-03-31T13:10:39","modified_gmt":"2026-03-31T12:10:39","slug":"melange-travel-bag","status":"publish","type":"product","link":"https:\/\/shop.kustom.ch\/fr\/produit\/melange-travel-bag\/","title":{"rendered":"Sac de voyage Melange"},"content":{"rendered":"<p>C'est le sac id\u00e9al pour le week-end. Il dispose d'un grand compartiment et d'une poche frontale avec fermeture \u00e9clair SBS. Il est livr\u00e9 avec des poign\u00e9es robustes et une bandouli\u00e8re r\u00e9glable. Dimensions et volume 48x22x26cm - 24L<\/p>\n<p>Mati\u00e8re : Sous-couche : 600D Polyester\/TPE ; Doublure : 100% Polyester<\/p>","protected":false},"excerpt":{"rendered":"<p>Dies ist die perfekte Wochenendtasche. Sie verf\u00fcgt \u00fcber ein grosses Abteil und eine Vordertasche mit SBS-Reissverschluss. Sie wird mit robusten Tragegriffen und einem verstellbaren Schultergurt geliefert. Abmessungen und Volumen 48x22x26cm &#8211; 24L Material: Unterlage : 600D Polyester\/TPE ; Futter: 100% Polyester<\/p>","protected":false},"featured_media":491892,"template":"","meta":[],"product_brand":[],"product_cat":[4195,4209],"product_tag":[],"class_list":{"0":"post-491879","1":"product","2":"type-product","3":"status-publish","4":"has-post-thumbnail","6":"product_cat-rucksaecke-taschen","7":"product_cat-zubehoer","8":"pa_brand-clique","9":"pa_brand-type-sportswear","10":"pa_filter-color-grau","12":"first","13":"instock","14":"sale","15":"taxable","16":"shipping-taxable","17":"purchasable","18":"product-type-variable","19":"add-to-wishlist-before_image"},"exclude_global_add_ons":[],"addons":[],"acf":[],"_links":{"self":[{"href":"https:\/\/shop.kustom.ch\/fr\/wp-json\/wp\/v2\/product\/491879"}],"collection":[{"href":"https:\/\/shop.kustom.ch\/fr\/wp-json\/wp\/v2\/product"}],"about":[{"href":"https:\/\/shop.kustom.ch\/fr\/wp-json\/wp\/v2\/types\/product"}],"wp:featuredmedia":[{"embeddable":true,"href":"https:\/\/shop.kustom.ch\/fr\/wp-json\/wp\/v2\/media\/491892"}],"wp:attachment":[{"href":"https:\/\/shop.kustom.ch\/fr\/wp-json\/wp\/v2\/media?parent=491879"}],"wp:term":[{"taxonomy":"product_brand","embeddable":true,"href":"https:\/\/shop.kustom.ch\/fr\/wp-json\/wp\/v2\/product_brand?post=491879"},{"taxonomy":"product_cat","embeddable":true,"href":"https:\/\/shop.kustom.ch\/fr\/wp-json\/wp\/v2\/product_cat?post=491879"},{"taxonomy":"product_tag","embeddable":true,"href":"https:\/\/shop.kustom.ch\/fr\/wp-json\/wp\/v2\/product_tag?post=491879"}],"curies":[{"name":"wp","href":"https:\/\/api.w.org\/{rel}","templated":true}]}}

<p>C'est le sac idéal pour le week-end. Il dispose d'un grand compartiment et d'une poche frontale avec fermeture éclair SBS. Il est livré avec des poignées robustes et une bandoulière réglable. Dimensions et volume 48x22x26cm - 24L</p>
<p>Matière : Sous-couche : 600D Polyester/TPE ; Doublure : 100% Polyester</p>

<p>Dies ist die perfekte Wochenendtasche. Sie verfügt über ein grosses Abteil und eine Vordertasche mit SBS-Reissverschluss. Sie wird mit robusten Tragegriffen und einem verstellbaren Schultergurt geliefert. Abmessungen und Volumen 48x22x26cm &#8211; 24L Material: Unterlage : 600D Polyester/TPE ; Futter: 100% Polyester</p>
