{"id":246073,"date":"2024-04-06T07:19:31","date_gmt":"2024-04-06T06:19:31","guid":{"rendered":"https:\/\/kustomshop.kinsta.cloud\/?post_type=product&#038;p=246073"},"modified":"2026-03-27T13:13:32","modified_gmt":"2026-03-27T12:13:32","slug":"core-explore-isolate-jacket-w","status":"publish","type":"product","link":"https:\/\/shop.kustom.ch\/fr\/produit\/core-explore-isolate-jacket-w\/","title":{"rendered":"CORE Explore Isolate Jacket W"},"content":{"rendered":"<p>Cette veste chaude avec un rembourrage chaud en polyester recycl\u00e9 dispose d'un empi\u00e8cement non piqu\u00e9,<br \/>\nqui se pr\u00eate parfaitement \u00e0 l'apposition d'un logo. Un excellent choix pour la plupart des activit\u00e9s quotidiennes en plein air<br \/>\npar temps froid.<\/p>\n<p>- Rembourrage chaud \u00e0 large surpiq\u00fbre<br \/>\n- Rembourrage en polyester recycl\u00e9<br \/>\n- Insert non piqu\u00e9, parfait pour apposer un logo<br \/>\n- Deux poches lat\u00e9rales avec fermeture \u00e9clair<br \/>\n- Logo Craft sur la poitrine et logo Six Dots dans le dos<br \/>\n- coupe r\u00e9guli\u00e8re<\/p>\n<p>Mat\u00e9riau : Mat\u00e9riau : 100% polyamide Rembourrage : 100% polyester recycl\u00e9<\/p>","protected":false},"excerpt":{"rendered":"<p>Diese warme Jacke mit einer w\u00e4rmenden Wattierung aus recyceltem Polyester verf\u00fcgt \u00fcber einen ungesteppten Einsatz, der sich perfekt zum Anbringen eines Logos eignet. Eine hervorragende Wahl f\u00fcr die meisten Outdoor-Alltagsaktivit\u00e4ten bei kaltem Wetter. \u2022 Breit abgesteppte warme Wattierung \u2022 Wattierung aus recyceltem Polyester \u2022 Ungesteppter Einsatz, der sich perfekt zum Anbringen eines Logos eignet \u2022 [&hellip;]<\/p>\n","protected":false},"featured_media":246126,"template":"","meta":[],"product_brand":[],"product_cat":[4186],"product_tag":[],"class_list":{"0":"post-246073","1":"product","2":"type-product","3":"status-publish","4":"has-post-thumbnail","6":"product_cat-jacken","7":"pa_brand-craft-retail-sportswear","8":"pa_brand-type-sportswear","9":"pa_filter-color-blau","10":"pa_filter-color-grau","11":"pa_filter-color-gruen","12":"pa_filter-color-rot","13":"pa_filter-color-schwarz","15":"first","16":"instock","17":"sale","18":"taxable","19":"shipping-taxable","20":"purchasable","21":"product-type-variable","22":"add-to-wishlist-before_image"},"exclude_global_add_ons":[],"addons":[],"acf":[],"_links":{"self":[{"href":"https:\/\/shop.kustom.ch\/fr\/wp-json\/wp\/v2\/product\/246073"}],"collection":[{"href":"https:\/\/shop.kustom.ch\/fr\/wp-json\/wp\/v2\/product"}],"about":[{"href":"https:\/\/shop.kustom.ch\/fr\/wp-json\/wp\/v2\/types\/product"}],"wp:featuredmedia":[{"embeddable":true,"href":"https:\/\/shop.kustom.ch\/fr\/wp-json\/wp\/v2\/media\/246126"}],"wp:attachment":[{"href":"https:\/\/shop.kustom.ch\/fr\/wp-json\/wp\/v2\/media?parent=246073"}],"wp:term":[{"taxonomy":"product_brand","embeddable":true,"href":"https:\/\/shop.kustom.ch\/fr\/wp-json\/wp\/v2\/product_brand?post=246073"},{"taxonomy":"product_cat","embeddable":true,"href":"https:\/\/shop.kustom.ch\/fr\/wp-json\/wp\/v2\/product_cat?post=246073"},{"taxonomy":"product_tag","embeddable":true,"href":"https:\/\/shop.kustom.ch\/fr\/wp-json\/wp\/v2\/product_tag?post=246073"}],"curies":[{"name":"wp","href":"https:\/\/api.w.org\/{rel}","templated":true}]}}

<p>Cette veste chaude avec un rembourrage chaud en polyester recyclé dispose d'un empiècement non piqué,<br />
qui se prête parfaitement à l'apposition d'un logo. Un excellent choix pour la plupart des activités quotidiennes en plein air<br />
par temps froid.</p>
<p>- Rembourrage chaud à large surpiqûre<br />
- Rembourrage en polyester recyclé<br />
- Insert non piqué, parfait pour apposer un logo<br />
- Deux poches latérales avec fermeture éclair<br />
- Logo Craft sur la poitrine et logo Six Dots dans le dos<br />
- coupe régulière</p>
<p>Matériau : Matériau : 100% polyamide Rembourrage : 100% polyester recyclé</p>

<p>Diese warme Jacke mit einer wärmenden Wattierung aus recyceltem Polyester verfügt über einen ungesteppten Einsatz, der sich perfekt zum Anbringen eines Logos eignet. Eine hervorragende Wahl für die meisten Outdoor-Alltagsaktivitäten bei kaltem Wetter. • Breit abgesteppte warme Wattierung • Wattierung aus recyceltem Polyester • Ungesteppter Einsatz, der sich perfekt zum Anbringen eines Logos eignet • [&hellip;]</p>
