{"id":210830,"date":"2024-03-27T13:02:54","date_gmt":"2024-03-27T12:02:54","guid":{"rendered":"https:\/\/kustomshop.kinsta.cloud\/?post_type=product&#038;p=210830"},"modified":"2026-02-23T14:41:35","modified_gmt":"2026-02-23T13:41:35","slug":"fch-kapuzenjacke-power","status":"publish","type":"product","link":"https:\/\/shop.kustom.ch\/fr\/produit\/fch-kapuzenjacke-power\/","title":{"rendered":"Veste \u00e0 capuche FCH Power"},"content":{"rendered":"<p>La chaude veste \u00e0 capuche Power de JAKO avec ses points forts design au niveau des manches est en polyester 100% et poss\u00e8de une structure en nid d'abeille avec un empi\u00e8cement contrast\u00e9 bien visible le long des bras.<\/p>\n<p>Elle est \u00e9quip\u00e9e d'une capuche et de fermetures \u00e9clair sur les poches lat\u00e9rales.<\/p>\n<p>La polaire \u00e0 l'int\u00e9rieur de la veste \u00e0 capuche Power de JAKO assure un confort doux et agr\u00e9able et se combine parfaitement avec tous les articles de la Teamline Power, m\u00eame pendant les saisons froides.<\/p>","protected":false},"excerpt":{"rendered":"<p>Mat\u00e9riau : 100 % polyester<\/p>\n<p>couleur : noir\/citro<\/p>","protected":false},"featured_media":133842,"template":"","meta":[],"product_brand":[],"product_cat":[6430],"product_tag":[],"class_list":{"0":"post-210830","1":"product","2":"type-product","3":"status-publish","4":"has-post-thumbnail","6":"product_cat-fc-heiden","8":"first","9":"instock","10":"taxable","11":"shipping-taxable","12":"purchasable","13":"product-type-variable","14":"add-to-wishlist-before_image"},"exclude_global_add_ons":[],"addons":[],"acf":[],"_links":{"self":[{"href":"https:\/\/shop.kustom.ch\/fr\/wp-json\/wp\/v2\/product\/210830"}],"collection":[{"href":"https:\/\/shop.kustom.ch\/fr\/wp-json\/wp\/v2\/product"}],"about":[{"href":"https:\/\/shop.kustom.ch\/fr\/wp-json\/wp\/v2\/types\/product"}],"wp:featuredmedia":[{"embeddable":true,"href":"https:\/\/shop.kustom.ch\/fr\/wp-json\/wp\/v2\/media\/133842"}],"wp:attachment":[{"href":"https:\/\/shop.kustom.ch\/fr\/wp-json\/wp\/v2\/media?parent=210830"}],"wp:term":[{"taxonomy":"product_brand","embeddable":true,"href":"https:\/\/shop.kustom.ch\/fr\/wp-json\/wp\/v2\/product_brand?post=210830"},{"taxonomy":"product_cat","embeddable":true,"href":"https:\/\/shop.kustom.ch\/fr\/wp-json\/wp\/v2\/product_cat?post=210830"},{"taxonomy":"product_tag","embeddable":true,"href":"https:\/\/shop.kustom.ch\/fr\/wp-json\/wp\/v2\/product_tag?post=210830"}],"curies":[{"name":"wp","href":"https:\/\/api.w.org\/{rel}","templated":true}]}}

Veste à capuche FCH Power

<p>La chaude veste à capuche Power de JAKO avec ses points forts design au niveau des manches est en polyester 100% et possède une structure en nid d'abeille avec un empiècement contrasté bien visible le long des bras.</p>
<p>Elle est équipée d'une capuche et de fermetures éclair sur les poches latérales.</p>
<p>La polaire à l'intérieur de la veste à capuche Power de JAKO assure un confort doux et agréable et se combine parfaitement avec tous les articles de la Teamline Power, même pendant les saisons froides.</p>

<p>Matériau : 100 % polyester</p>
<p>couleur : noir/citro</p>
