{"id":210788,"date":"2024-03-27T13:02:06","date_gmt":"2024-03-27T12:02:06","guid":{"rendered":"https:\/\/kustomshop.kinsta.cloud\/?post_type=product&#038;p=210788"},"modified":"2026-04-12T16:07:46","modified_gmt":"2026-04-12T15:07:46","slug":"fch-short-power","status":"publish","type":"product","link":"https:\/\/shop.kustom.ch\/fr\/produit\/fch-short-power\/","title":{"rendered":"FCH Short Power"},"content":{"rendered":"<p>Avec sa taille \u00e9lastique en deux parties et son cordon de serrage, le short JAKO Power s'adapte individuellement et offre un maintien parfait.<\/p>\n<p>Pour une sensation agr\u00e9able pendant le sport, la fonction Keep Dry permet au tissu de s\u00e9cher rapidement et le prot\u00e8ge du refroidissement.<\/p>\n<p>L'empi\u00e8cement contrast\u00e9 en nid d'abeille sur le c\u00f4t\u00e9 du pantalon de sport apporte un d\u00e9tail Power dynamique et l'interlock en polyester offre une grande r\u00e9sistance du mat\u00e9riau.<\/p>\n<p>100% des mat\u00e9riaux utilis\u00e9s sont en polyester recycl\u00e9. Les poches lat\u00e9rales profondes sont \u00e9galement parfaitement adapt\u00e9es aux sports, comme le tennis par exemple.<\/p>","protected":false},"excerpt":{"rendered":"<p>Mati\u00e8re : 100 polyester % (recycl\u00e9)<\/p>\n<p>couleur : noir<\/p>","protected":false},"featured_media":133852,"template":"","meta":[],"product_brand":[],"product_cat":[6430],"product_tag":[],"class_list":{"0":"post-210788","1":"product","2":"type-product","3":"status-publish","4":"has-post-thumbnail","6":"product_cat-fc-heiden","8":"first","9":"instock","10":"taxable","11":"shipping-taxable","12":"purchasable","13":"product-type-variable","14":"add-to-wishlist-before_image"},"exclude_global_add_ons":[],"addons":[],"acf":[],"_links":{"self":[{"href":"https:\/\/shop.kustom.ch\/fr\/wp-json\/wp\/v2\/product\/210788"}],"collection":[{"href":"https:\/\/shop.kustom.ch\/fr\/wp-json\/wp\/v2\/product"}],"about":[{"href":"https:\/\/shop.kustom.ch\/fr\/wp-json\/wp\/v2\/types\/product"}],"wp:featuredmedia":[{"embeddable":true,"href":"https:\/\/shop.kustom.ch\/fr\/wp-json\/wp\/v2\/media\/133852"}],"wp:attachment":[{"href":"https:\/\/shop.kustom.ch\/fr\/wp-json\/wp\/v2\/media?parent=210788"}],"wp:term":[{"taxonomy":"product_brand","embeddable":true,"href":"https:\/\/shop.kustom.ch\/fr\/wp-json\/wp\/v2\/product_brand?post=210788"},{"taxonomy":"product_cat","embeddable":true,"href":"https:\/\/shop.kustom.ch\/fr\/wp-json\/wp\/v2\/product_cat?post=210788"},{"taxonomy":"product_tag","embeddable":true,"href":"https:\/\/shop.kustom.ch\/fr\/wp-json\/wp\/v2\/product_tag?post=210788"}],"curies":[{"name":"wp","href":"https:\/\/api.w.org\/{rel}","templated":true}]}}

<p>Avec sa taille élastique en deux parties et son cordon de serrage, le short JAKO Power s'adapte individuellement et offre un maintien parfait.</p>
<p>Pour une sensation agréable pendant le sport, la fonction Keep Dry permet au tissu de sécher rapidement et le protège du refroidissement.</p>
<p>L'empiècement contrasté en nid d'abeille sur le côté du pantalon de sport apporte un détail Power dynamique et l'interlock en polyester offre une grande résistance du matériau.</p>
<p>100% des matériaux utilisés sont en polyester recyclé. Les poches latérales profondes sont également parfaitement adaptées aux sports, comme le tennis par exemple.</p>

<p>Matière : 100 polyester % (recyclé)</p>
<p>couleur : noir</p>
