{"id":152417,"date":"2024-03-23T08:20:01","date_gmt":"2024-03-23T07:20:01","guid":{"rendered":"https:\/\/kustomshop.kinsta.cloud\/produkt\/team-jacke-mit-abnehmbaren-aermeln\/"},"modified":"2026-03-31T12:35:21","modified_gmt":"2026-03-31T11:35:21","slug":"team-jacke-mit-abnehmbaren-aermeln","status":"publish","type":"product","link":"https:\/\/shop.kustom.ch\/fr\/produit\/team-jacke-mit-abnehmbaren-aermeln\/","title":{"rendered":"Veste TEAM avec manches amovibles"},"content":{"rendered":"<p>Parfaitement \u00e9quip\u00e9 dans toutes les situations : La veste coupe-vent et d\u00e9perlante se transforme facilement en gilet.<br \/>\nMat\u00e9riau fonctionnel l\u00e9g\u00e8rement ouat\u00e9<br \/>\nCapuche doubl\u00e9e et amovible avec stoppeur<br \/>\nCol montant<br \/>\nManches amovibles<br \/>\nDoublure int\u00e9rieure en polaire<br \/>\nSpacieuses poches int\u00e9rieures<br \/>\nPoches lat\u00e9rales zipp\u00e9es<br \/>\nPoignets et ourlet \u00e9lastiques<br \/>\nMat\u00e9riau : polyester 100%<br \/>\nDoublure int\u00e9rieure : 100% polyester<\/p>","protected":false},"excerpt":{"rendered":"<p><span><\/span><\/p>","protected":false},"featured_media":152415,"template":"","meta":[],"product_brand":[],"product_cat":[4186],"product_tag":[],"class_list":{"0":"post-152417","1":"product","2":"type-product","3":"status-publish","4":"has-post-thumbnail","6":"product_cat-jacken","7":"pa_brand-erima","8":"pa_brand-type-sportswear","9":"pa_filter-color-blau","10":"pa_filter-color-grau","11":"pa_filter-color-rot","12":"pa_filter-color-schwarz","14":"first","15":"instock","16":"sale","17":"taxable","18":"shipping-taxable","19":"purchasable","20":"product-type-variable","21":"add-to-wishlist-before_image"},"exclude_global_add_ons":[],"addons":[],"acf":[],"_links":{"self":[{"href":"https:\/\/shop.kustom.ch\/fr\/wp-json\/wp\/v2\/product\/152417"}],"collection":[{"href":"https:\/\/shop.kustom.ch\/fr\/wp-json\/wp\/v2\/product"}],"about":[{"href":"https:\/\/shop.kustom.ch\/fr\/wp-json\/wp\/v2\/types\/product"}],"wp:featuredmedia":[{"embeddable":true,"href":"https:\/\/shop.kustom.ch\/fr\/wp-json\/wp\/v2\/media\/152415"}],"wp:attachment":[{"href":"https:\/\/shop.kustom.ch\/fr\/wp-json\/wp\/v2\/media?parent=152417"}],"wp:term":[{"taxonomy":"product_brand","embeddable":true,"href":"https:\/\/shop.kustom.ch\/fr\/wp-json\/wp\/v2\/product_brand?post=152417"},{"taxonomy":"product_cat","embeddable":true,"href":"https:\/\/shop.kustom.ch\/fr\/wp-json\/wp\/v2\/product_cat?post=152417"},{"taxonomy":"product_tag","embeddable":true,"href":"https:\/\/shop.kustom.ch\/fr\/wp-json\/wp\/v2\/product_tag?post=152417"}],"curies":[{"name":"wp","href":"https:\/\/api.w.org\/{rel}","templated":true}]}}

<p>Parfaitement équipé dans toutes les situations : La veste coupe-vent et déperlante se transforme facilement en gilet.<br />
Matériau fonctionnel légèrement ouaté<br />
Capuche doublée et amovible avec stoppeur<br />
Col montant<br />
Manches amovibles<br />
Doublure intérieure en polaire<br />
Spacieuses poches intérieures<br />
Poches latérales zippées<br />
Poignets et ourlet élastiques<br />
Matériau : polyester 100%<br />
Doublure intérieure : 100% polyester</p>
