{"id":151958,"date":"2024-03-23T08:13:14","date_gmt":"2024-03-23T07:13:14","guid":{"rendered":"https:\/\/kustomshop.kinsta.cloud\/produkt\/fleecejacke-2\/"},"modified":"2026-03-31T12:35:04","modified_gmt":"2026-03-31T11:35:04","slug":"fleecejacke-2","status":"publish","type":"product","link":"https:\/\/shop.kustom.ch\/fr\/produit\/fleecejacke-2\/","title":{"rendered":"Veste polaire"},"content":{"rendered":"<p>Veste polaire chaude pour les journ\u00e9es fra\u00eeches.<br \/>\nMati\u00e8re polaire douce et agr\u00e9able<br \/>\nPoches lat\u00e9rales zipp\u00e9es<br \/>\nCol haut avec capuche et cordon de serrage<br \/>\nMat\u00e9riau : polyester 100%<br \/>\nDoublure int\u00e9rieure : 100% Polyester Mesh<\/p>","protected":false},"excerpt":{"rendered":"<p>W\u00e4rmende Fleecejacke f\u00fcr k\u00fchle Tage. Weiches, angenehmes Fleecematerial Seitliche Reissverschlusstaschen Hoher Kragen mit Kapuze und Kordelzug Material: 100% Polyester Innenfutter: 100% Polyester Mesh<\/p>","protected":false},"featured_media":483319,"template":"","meta":[],"product_brand":[],"product_cat":[4186],"product_tag":[],"class_list":{"0":"post-151958","1":"product","2":"type-product","3":"status-publish","4":"has-post-thumbnail","6":"product_cat-jacken","7":"pa_brand-erima","8":"pa_brand-type-sportswear","9":"pa_filter-color-schwarz","11":"first","12":"instock","13":"sale","14":"taxable","15":"shipping-taxable","16":"purchasable","17":"product-type-variable","18":"add-to-wishlist-before_image"},"exclude_global_add_ons":[],"addons":[],"acf":[],"_links":{"self":[{"href":"https:\/\/shop.kustom.ch\/fr\/wp-json\/wp\/v2\/product\/151958"}],"collection":[{"href":"https:\/\/shop.kustom.ch\/fr\/wp-json\/wp\/v2\/product"}],"about":[{"href":"https:\/\/shop.kustom.ch\/fr\/wp-json\/wp\/v2\/types\/product"}],"wp:featuredmedia":[{"embeddable":true,"href":"https:\/\/shop.kustom.ch\/fr\/wp-json\/wp\/v2\/media\/483319"}],"wp:attachment":[{"href":"https:\/\/shop.kustom.ch\/fr\/wp-json\/wp\/v2\/media?parent=151958"}],"wp:term":[{"taxonomy":"product_brand","embeddable":true,"href":"https:\/\/shop.kustom.ch\/fr\/wp-json\/wp\/v2\/product_brand?post=151958"},{"taxonomy":"product_cat","embeddable":true,"href":"https:\/\/shop.kustom.ch\/fr\/wp-json\/wp\/v2\/product_cat?post=151958"},{"taxonomy":"product_tag","embeddable":true,"href":"https:\/\/shop.kustom.ch\/fr\/wp-json\/wp\/v2\/product_tag?post=151958"}],"curies":[{"name":"wp","href":"https:\/\/api.w.org\/{rel}","templated":true}]}}

<p>Veste polaire chaude pour les journées fraîches.<br />
Matière polaire douce et agréable<br />
Poches latérales zippées<br />
Col haut avec capuche et cordon de serrage<br />
Matériau : polyester 100%<br />
Doublure intérieure : 100% Polyester Mesh</p>

<p>Wärmende Fleecejacke für kühle Tage. Weiches, angenehmes Fleecematerial Seitliche Reissverschlusstaschen Hoher Kragen mit Kapuze und Kordelzug Material: 100% Polyester Innenfutter: 100% Polyester Mesh</p>
