{"id":138826,"date":"2024-03-22T19:55:22","date_gmt":"2024-03-22T18:55:22","guid":{"rendered":"https:\/\/kustomshop.kinsta.cloud\/produkt\/six-wings-jacke-mit-abnehmbaren-aermeln\/"},"modified":"2026-03-31T12:30:42","modified_gmt":"2026-03-31T11:30:42","slug":"six-wings-jacke-mit-abnehmbaren-aermeln","status":"publish","type":"product","link":"https:\/\/shop.kustom.ch\/fr\/produit\/six-wings-jacke-mit-abnehmbaren-aermeln\/","title":{"rendered":"Veste Six Wings avec manches amovibles"},"content":{"rendered":"<p>Par\u00e9 pour toutes les situations ! La veste r\u00e9sistante aux intemp\u00e9ries se transforme facilement en gilet l\u00e9ger.<br \/>\nMat\u00e9riau fonctionnel r\u00e9sistant au vent et \u00e0 l'eau<br \/>\ncol montant avec capuche int\u00e9gr\u00e9e<br \/>\nManches amovibles<br \/>\nDoublure int\u00e9rieure en polaire<br \/>\npoche int\u00e9rieure avec fermeture velcro<br \/>\nPoches lat\u00e9rales zipp\u00e9es<br \/>\nPoignets \u00e9lastiques<br \/>\nOurlet avec cordon de serrage<br \/>\nDesign ERIMA en forme de balancier sur l'\u00e9paule<br \/>\nMat\u00e9riau : polyester 100%<\/p>","protected":false},"excerpt":{"rendered":"<p><span><\/span><\/p>","protected":false},"featured_media":138823,"template":"","meta":[],"product_brand":[],"product_cat":[4186],"product_tag":[],"class_list":{"0":"post-138826","1":"product","2":"type-product","3":"status-publish","4":"has-post-thumbnail","6":"product_cat-jacken","7":"pa_brand-erima","8":"pa_brand-type-sportswear","9":"pa_filter-color-blau","10":"pa_filter-color-grau","11":"pa_filter-color-rot","12":"pa_filter-color-schwarz","13":"pa_filter-color-weiss","15":"first","16":"instock","17":"sale","18":"taxable","19":"shipping-taxable","20":"purchasable","21":"product-type-variable","22":"add-to-wishlist-before_image"},"exclude_global_add_ons":[],"addons":[],"acf":[],"_links":{"self":[{"href":"https:\/\/shop.kustom.ch\/fr\/wp-json\/wp\/v2\/product\/138826"}],"collection":[{"href":"https:\/\/shop.kustom.ch\/fr\/wp-json\/wp\/v2\/product"}],"about":[{"href":"https:\/\/shop.kustom.ch\/fr\/wp-json\/wp\/v2\/types\/product"}],"wp:featuredmedia":[{"embeddable":true,"href":"https:\/\/shop.kustom.ch\/fr\/wp-json\/wp\/v2\/media\/138823"}],"wp:attachment":[{"href":"https:\/\/shop.kustom.ch\/fr\/wp-json\/wp\/v2\/media?parent=138826"}],"wp:term":[{"taxonomy":"product_brand","embeddable":true,"href":"https:\/\/shop.kustom.ch\/fr\/wp-json\/wp\/v2\/product_brand?post=138826"},{"taxonomy":"product_cat","embeddable":true,"href":"https:\/\/shop.kustom.ch\/fr\/wp-json\/wp\/v2\/product_cat?post=138826"},{"taxonomy":"product_tag","embeddable":true,"href":"https:\/\/shop.kustom.ch\/fr\/wp-json\/wp\/v2\/product_tag?post=138826"}],"curies":[{"name":"wp","href":"https:\/\/api.w.org\/{rel}","templated":true}]}}

<p>Paré pour toutes les situations ! La veste résistante aux intempéries se transforme facilement en gilet léger.<br />
Matériau fonctionnel résistant au vent et à l'eau<br />
col montant avec capuche intégrée<br />
Manches amovibles<br />
Doublure intérieure en polaire<br />
poche intérieure avec fermeture velcro<br />
Poches latérales zippées<br />
Poignets élastiques<br />
Ourlet avec cordon de serrage<br />
Design ERIMA en forme de balancier sur l'épaule<br />
Matériau : polyester 100%</p>
