{"id":127478,"date":"2024-03-21T19:54:51","date_gmt":"2024-03-21T18:54:51","guid":{"rendered":"https:\/\/kustomshop.kinsta.cloud\/produkt\/allwetterjacke-power\/"},"modified":"2026-03-31T13:37:30","modified_gmt":"2026-03-31T12:37:30","slug":"allwetterjacke-power","status":"publish","type":"product","link":"https:\/\/shop.kustom.ch\/fr\/produit\/allwetterjacke-power\/","title":{"rendered":"Veste tous temps Power"},"content":{"rendered":"<p>Aspect moderne uni<br \/>\nTissu ext\u00e9rieur lamin\u00e9 r\u00e9sistant au vent et \u00e0 l'eau<br \/>\nempi\u00e8cement contrast\u00e9 sur l'\u00e9paule et la manche<br \/>\nfermeture de la veste avec cordon de serrage et stoppeurs<br \/>\nPoignets \u00e9lastiques<br \/>\nCapuche int\u00e9gr\u00e9e dans le col<br \/>\nPoches lat\u00e9rales avec fermeture \u00e9clair<br \/>\n100 % Polyester<br \/>\n3000 mm TPU<br \/>\nDoublure int\u00e9rieure : 100 % polyester<\/p>","protected":false},"excerpt":{"rendered":"<p><span><\/span><\/p>","protected":false},"featured_media":127477,"template":"","meta":[],"product_brand":[],"product_cat":[4186],"product_tag":[],"class_list":{"0":"post-127478","1":"product","2":"type-product","3":"status-publish","4":"has-post-thumbnail","6":"product_cat-jacken","7":"pa_brand-jako","8":"pa_brand-type-sportswear","9":"pa_filter-color-blau","10":"pa_filter-color-grau","11":"pa_filter-color-gruen","12":"pa_filter-color-rot","13":"pa_filter-color-schwarz","15":"first","16":"instock","17":"sale","18":"taxable","19":"shipping-taxable","20":"purchasable","21":"product-type-variable","22":"add-to-wishlist-before_image"},"exclude_global_add_ons":[],"addons":[],"acf":[],"_links":{"self":[{"href":"https:\/\/shop.kustom.ch\/fr\/wp-json\/wp\/v2\/product\/127478"}],"collection":[{"href":"https:\/\/shop.kustom.ch\/fr\/wp-json\/wp\/v2\/product"}],"about":[{"href":"https:\/\/shop.kustom.ch\/fr\/wp-json\/wp\/v2\/types\/product"}],"wp:featuredmedia":[{"embeddable":true,"href":"https:\/\/shop.kustom.ch\/fr\/wp-json\/wp\/v2\/media\/127477"}],"wp:attachment":[{"href":"https:\/\/shop.kustom.ch\/fr\/wp-json\/wp\/v2\/media?parent=127478"}],"wp:term":[{"taxonomy":"product_brand","embeddable":true,"href":"https:\/\/shop.kustom.ch\/fr\/wp-json\/wp\/v2\/product_brand?post=127478"},{"taxonomy":"product_cat","embeddable":true,"href":"https:\/\/shop.kustom.ch\/fr\/wp-json\/wp\/v2\/product_cat?post=127478"},{"taxonomy":"product_tag","embeddable":true,"href":"https:\/\/shop.kustom.ch\/fr\/wp-json\/wp\/v2\/product_tag?post=127478"}],"curies":[{"name":"wp","href":"https:\/\/api.w.org\/{rel}","templated":true}]}}

<p>Aspect moderne uni<br />
Tissu extérieur laminé résistant au vent et à l'eau<br />
empiècement contrasté sur l'épaule et la manche<br />
fermeture de la veste avec cordon de serrage et stoppeurs<br />
Poignets élastiques<br />
Capuche intégrée dans le col<br />
Poches latérales avec fermeture éclair<br />
100 % Polyester<br />
3000 mm TPU<br />
Doublure intérieure : 100 % polyester</p>
