{"id":126782,"date":"2024-03-21T19:43:23","date_gmt":"2024-03-21T18:43:23","guid":{"rendered":"https:\/\/kustomshop.kinsta.cloud\/produkt\/turtleneck-winter\/"},"modified":"2026-03-31T13:36:29","modified_gmt":"2026-03-31T12:36:29","slug":"turtleneck-winter","status":"publish","type":"product","link":"https:\/\/shop.kustom.ch\/fr\/produit\/turtleneck-winter\/","title":{"rendered":"Turtleneck hiver"},"content":{"rendered":"<p>Le mat\u00e9riau fonctionnel thermo-isolant prot\u00e8ge du froid<br \/>\nInt\u00e9rieur doux gr\u00e2ce \u00e0 un mat\u00e9riau l\u00e9g\u00e8rement gratt\u00e9<br \/>\nEffet l\u00e9g\u00e8rement compressif<br \/>\nBodyfit<br \/>\nCoutures flatlock<br \/>\nBrosse en polyester stretch<br \/>\n88 % polyester (recycl\u00e9) , 12 % \u00e9lasthanne<\/p>","protected":false},"excerpt":{"rendered":"<p><span><\/span><\/p>","protected":false},"featured_media":126781,"template":"","meta":[],"product_brand":[],"product_cat":[4206],"product_tag":[],"class_list":{"0":"post-126782","1":"product","2":"type-product","3":"status-publish","4":"has-post-thumbnail","6":"product_cat-underwear","7":"pa_brand-jako","8":"pa_brand-type-sportswear","9":"pa_filter-color-schwarz","11":"first","12":"instock","13":"sale","14":"taxable","15":"shipping-taxable","16":"purchasable","17":"product-type-variable","18":"add-to-wishlist-before_image"},"exclude_global_add_ons":[],"addons":[],"acf":[],"_links":{"self":[{"href":"https:\/\/shop.kustom.ch\/fr\/wp-json\/wp\/v2\/product\/126782"}],"collection":[{"href":"https:\/\/shop.kustom.ch\/fr\/wp-json\/wp\/v2\/product"}],"about":[{"href":"https:\/\/shop.kustom.ch\/fr\/wp-json\/wp\/v2\/types\/product"}],"wp:featuredmedia":[{"embeddable":true,"href":"https:\/\/shop.kustom.ch\/fr\/wp-json\/wp\/v2\/media\/126781"}],"wp:attachment":[{"href":"https:\/\/shop.kustom.ch\/fr\/wp-json\/wp\/v2\/media?parent=126782"}],"wp:term":[{"taxonomy":"product_brand","embeddable":true,"href":"https:\/\/shop.kustom.ch\/fr\/wp-json\/wp\/v2\/product_brand?post=126782"},{"taxonomy":"product_cat","embeddable":true,"href":"https:\/\/shop.kustom.ch\/fr\/wp-json\/wp\/v2\/product_cat?post=126782"},{"taxonomy":"product_tag","embeddable":true,"href":"https:\/\/shop.kustom.ch\/fr\/wp-json\/wp\/v2\/product_tag?post=126782"}],"curies":[{"name":"wp","href":"https:\/\/api.w.org\/{rel}","templated":true}]}}

<p>Le matériau fonctionnel thermo-isolant protège du froid<br />
Intérieur doux grâce à un matériau légèrement gratté<br />
Effet légèrement compressif<br />
Bodyfit<br />
Coutures flatlock<br />
Brosse en polyester stretch<br />
88 % polyester (recyclé) , 12 % élasthanne</p>
