{"id":106455,"date":"2024-03-20T18:15:37","date_gmt":"2024-03-20T17:15:37","guid":{"rendered":"https:\/\/kustomshop.kinsta.cloud\/produkt\/pro-trail-hydro-jacket-w\/"},"modified":"2026-03-27T14:14:53","modified_gmt":"2026-03-27T13:14:53","slug":"pro-trail-hydro-jacket-w","status":"publish","type":"product","link":"https:\/\/shop.kustom.ch\/fr\/produit\/pro-trail-hydro-jacket-w\/","title":{"rendered":"Veste PRO Trail Hydro W"},"content":{"rendered":"<p>Veste de trail running pour professionnels en mati\u00e8re Ventair\u00ae 3 couches respirante et imperm\u00e9able. Toutes les coutures sont soud\u00e9es. Avec des fermetures \u00e9clair imperm\u00e9ables et une capuche r\u00e9glable.<br \/>\n- toutes les coutures du torse et de la capuche sont soud\u00e9es<br \/>\n- Tissu lamin\u00e9 3 couches r\u00e9sistant au vent et \u00e0 l'eau Ventair\u00ae 10 000 WP;8000 MVP<br \/>\n- Poches d\u00e9coup\u00e9es au laser pour ranger les petits objets en toute s\u00e9curit\u00e9<br \/>\n- Ventilation sous les aisselles ; Ceinture \u00e9lastique r\u00e9glable avec cordon de serrage<br \/>\n- revers avec trou pour le pouce aux extr\u00e9mit\u00e9s des manches<br \/>\n- Logo Craft Trail sur la poitrine<br \/>\n- Sangles au col pour ajuster et s\u00e9curiser la capuche<\/p>\n<p>Mati\u00e8re : mati\u00e8re 160% polyester recycl\u00e9 40% polyester deuxi\u00e8me mati\u00e8re 100% polyur\u00e9thane troisi\u00e8me mati\u00e8re 100% polyester<\/p>","protected":false},"excerpt":{"rendered":"<p><span><\/span><\/p>","protected":false},"featured_media":106454,"template":"","meta":[],"product_brand":[],"product_cat":[4186],"product_tag":[],"class_list":{"0":"post-106455","1":"product","2":"type-product","3":"status-publish","4":"has-post-thumbnail","6":"product_cat-jacken","7":"pa_brand-craft-retail-sportswear","8":"pa_brand-type-sportswear","9":"pa_filter-color-schwarz","10":"pa_filter-color-weiss","12":"first","13":"outofstock","14":"sale","15":"taxable","16":"shipping-taxable","17":"purchasable","18":"product-type-variable","19":"add-to-wishlist-before_image"},"exclude_global_add_ons":[],"addons":[],"acf":[],"_links":{"self":[{"href":"https:\/\/shop.kustom.ch\/fr\/wp-json\/wp\/v2\/product\/106455"}],"collection":[{"href":"https:\/\/shop.kustom.ch\/fr\/wp-json\/wp\/v2\/product"}],"about":[{"href":"https:\/\/shop.kustom.ch\/fr\/wp-json\/wp\/v2\/types\/product"}],"wp:featuredmedia":[{"embeddable":true,"href":"https:\/\/shop.kustom.ch\/fr\/wp-json\/wp\/v2\/media\/106454"}],"wp:attachment":[{"href":"https:\/\/shop.kustom.ch\/fr\/wp-json\/wp\/v2\/media?parent=106455"}],"wp:term":[{"taxonomy":"product_brand","embeddable":true,"href":"https:\/\/shop.kustom.ch\/fr\/wp-json\/wp\/v2\/product_brand?post=106455"},{"taxonomy":"product_cat","embeddable":true,"href":"https:\/\/shop.kustom.ch\/fr\/wp-json\/wp\/v2\/product_cat?post=106455"},{"taxonomy":"product_tag","embeddable":true,"href":"https:\/\/shop.kustom.ch\/fr\/wp-json\/wp\/v2\/product_tag?post=106455"}],"curies":[{"name":"wp","href":"https:\/\/api.w.org\/{rel}","templated":true}]}}

<p>Veste de trail running pour professionnels en matière Ventair® 3 couches respirante et imperméable. Toutes les coutures sont soudées. Avec des fermetures éclair imperméables et une capuche réglable.<br />
- toutes les coutures du torse et de la capuche sont soudées<br />
- Tissu laminé 3 couches résistant au vent et à l'eau Ventair® 10 000 WP;8000 MVP<br />
- Poches découpées au laser pour ranger les petits objets en toute sécurité<br />
- Ventilation sous les aisselles ; Ceinture élastique réglable avec cordon de serrage<br />
- revers avec trou pour le pouce aux extrémités des manches<br />
- Logo Craft Trail sur la poitrine<br />
- Sangles au col pour ajuster et sécuriser la capuche</p>
<p>Matière : matière 160% polyester recyclé 40% polyester deuxième matière 100% polyuréthane troisième matière 100% polyester</p>
