{"id":106107,"date":"2024-03-20T18:13:07","date_gmt":"2024-03-20T17:13:07","guid":{"rendered":"https:\/\/kustomshop.kinsta.cloud\/produkt\/adv-unify-hybrid-jacket-w\/"},"modified":"2026-03-27T15:16:07","modified_gmt":"2026-03-27T14:16:07","slug":"adv-unify-hybrid-jacket-w","status":"publish","type":"product","link":"https:\/\/shop.kustom.ch\/fr\/produit\/adv-unify-hybrid-jacket-w\/","title":{"rendered":"Veste hybride ADV Unify W"},"content":{"rendered":"<p>Veste confortable en polyester recycl\u00e9 doux, \u00e9lastique et fonctionnel. Deux poches. Tissu tiss\u00e9 sur le devant. Veste confortable- Tissu en polyester recycl\u00e9 doux et fonctionnel- Coupe ergonomique et \u00e9lastique- Deux poches- Devant coll\u00e9- Poche poitrine<\/p>\n<p>Mati\u00e8re : 60 % polyester recycl\u00e9, 40 % polyester<\/p>","protected":false},"excerpt":{"rendered":"<p><span><\/span><\/p>","protected":false},"featured_media":106106,"template":"","meta":[],"product_brand":[],"product_cat":[4186],"product_tag":[],"class_list":{"0":"post-106107","1":"product","2":"type-product","3":"status-publish","4":"has-post-thumbnail","6":"product_cat-jacken","7":"pa_brand-craft-retail-sportswear","8":"pa_brand-type-sportswear","9":"pa_filter-color-blau","10":"pa_filter-color-grau","11":"pa_filter-color-schwarz","13":"first","14":"instock","15":"sale","16":"taxable","17":"shipping-taxable","18":"purchasable","19":"product-type-variable","20":"add-to-wishlist-before_image"},"exclude_global_add_ons":[],"addons":[],"acf":[],"_links":{"self":[{"href":"https:\/\/shop.kustom.ch\/fr\/wp-json\/wp\/v2\/product\/106107"}],"collection":[{"href":"https:\/\/shop.kustom.ch\/fr\/wp-json\/wp\/v2\/product"}],"about":[{"href":"https:\/\/shop.kustom.ch\/fr\/wp-json\/wp\/v2\/types\/product"}],"wp:featuredmedia":[{"embeddable":true,"href":"https:\/\/shop.kustom.ch\/fr\/wp-json\/wp\/v2\/media\/106106"}],"wp:attachment":[{"href":"https:\/\/shop.kustom.ch\/fr\/wp-json\/wp\/v2\/media?parent=106107"}],"wp:term":[{"taxonomy":"product_brand","embeddable":true,"href":"https:\/\/shop.kustom.ch\/fr\/wp-json\/wp\/v2\/product_brand?post=106107"},{"taxonomy":"product_cat","embeddable":true,"href":"https:\/\/shop.kustom.ch\/fr\/wp-json\/wp\/v2\/product_cat?post=106107"},{"taxonomy":"product_tag","embeddable":true,"href":"https:\/\/shop.kustom.ch\/fr\/wp-json\/wp\/v2\/product_tag?post=106107"}],"curies":[{"name":"wp","href":"https:\/\/api.w.org\/{rel}","templated":true}]}}

<p>Veste confortable en polyester recyclé doux, élastique et fonctionnel. Deux poches. Tissu tissé sur le devant. Veste confortable- Tissu en polyester recyclé doux et fonctionnel- Coupe ergonomique et élastique- Deux poches- Devant collé- Poche poitrine</p>
<p>Matière : 60 % polyester recyclé, 40 % polyester</p>
