{"id":105941,"date":"2024-03-20T18:12:10","date_gmt":"2024-03-20T17:12:10","guid":{"rendered":"https:\/\/kustomshop.kinsta.cloud\/produkt\/core-light-padded-jacket-m\/"},"modified":"2026-03-27T14:16:12","modified_gmt":"2026-03-27T13:16:12","slug":"core-light-padded-jacket-m","status":"publish","type":"product","link":"https:\/\/shop.kustom.ch\/fr\/produit\/core-light-padded-jacket-m\/","title":{"rendered":"Veste CORE Light Padded M"},"content":{"rendered":"<p>Veste polyvalente, pliable et l\u00e9g\u00e8rement rembourr\u00e9e pour un usage quotidien. En polyamide recycl\u00e9 avec col rembourr\u00e9, poche int\u00e9rieure, poche de poitrine zipp\u00e9e et deux poches lat\u00e9rales zipp\u00e9es.<br \/>\n- Poche de poitrine discr\u00e8te avec fermeture \u00e0 glissi\u00e8re<br \/>\n-Deux poches lat\u00e9rales avec fermeture \u00e9clair<br \/>\n-Col l\u00e9g\u00e8rement rembourr\u00e9 pour plus de chaleur et de confort<br \/>\n-poignets pour prot\u00e9ger du vent<br \/>\n-poche int\u00e9rieure<\/p>\n<p>Mat\u00e9riau : Mat\u00e9riau : 100% polyamide recycl\u00e9. Garnissage : 100% polyester recycl\u00e9<\/p>","protected":false},"excerpt":{"rendered":"<p><span><\/span><\/p>","protected":false},"featured_media":105940,"template":"","meta":[],"product_brand":[],"product_cat":[4186],"product_tag":[],"class_list":{"0":"post-105941","1":"product","2":"type-product","3":"status-publish","4":"has-post-thumbnail","6":"product_cat-jacken","7":"pa_brand-craft-retail-sportswear","8":"pa_brand-type-sportswear","9":"pa_filter-color-blau","10":"pa_filter-color-gruen","11":"pa_filter-color-schwarz","13":"first","14":"instock","15":"sale","16":"taxable","17":"shipping-taxable","18":"purchasable","19":"product-type-variable","20":"add-to-wishlist-before_image"},"exclude_global_add_ons":[],"addons":[],"acf":[],"_links":{"self":[{"href":"https:\/\/shop.kustom.ch\/fr\/wp-json\/wp\/v2\/product\/105941"}],"collection":[{"href":"https:\/\/shop.kustom.ch\/fr\/wp-json\/wp\/v2\/product"}],"about":[{"href":"https:\/\/shop.kustom.ch\/fr\/wp-json\/wp\/v2\/types\/product"}],"wp:featuredmedia":[{"embeddable":true,"href":"https:\/\/shop.kustom.ch\/fr\/wp-json\/wp\/v2\/media\/105940"}],"wp:attachment":[{"href":"https:\/\/shop.kustom.ch\/fr\/wp-json\/wp\/v2\/media?parent=105941"}],"wp:term":[{"taxonomy":"product_brand","embeddable":true,"href":"https:\/\/shop.kustom.ch\/fr\/wp-json\/wp\/v2\/product_brand?post=105941"},{"taxonomy":"product_cat","embeddable":true,"href":"https:\/\/shop.kustom.ch\/fr\/wp-json\/wp\/v2\/product_cat?post=105941"},{"taxonomy":"product_tag","embeddable":true,"href":"https:\/\/shop.kustom.ch\/fr\/wp-json\/wp\/v2\/product_tag?post=105941"}],"curies":[{"name":"wp","href":"https:\/\/api.w.org\/{rel}","templated":true}]}}

<p>Veste polyvalente, pliable et légèrement rembourrée pour un usage quotidien. En polyamide recyclé avec col rembourré, poche intérieure, poche de poitrine zippée et deux poches latérales zippées.<br />
- Poche de poitrine discrète avec fermeture à glissière<br />
-Deux poches latérales avec fermeture éclair<br />
-Col légèrement rembourré pour plus de chaleur et de confort<br />
-poignets pour protéger du vent<br />
-poche intérieure</p>
<p>Matériau : Matériau : 100% polyamide recyclé. Garnissage : 100% polyester recyclé</p>
