{"id":105416,"date":"2024-03-20T18:09:22","date_gmt":"2024-03-20T17:09:22","guid":{"rendered":"https:\/\/kustomshop.kinsta.cloud\/produkt\/adv-subz-bootie\/"},"modified":"2026-03-27T13:54:56","modified_gmt":"2026-03-27T12:54:56","slug":"adv-subz-bootie","status":"publish","type":"product","link":"https:\/\/shop.kustom.ch\/fr\/produit\/adv-subz-bootie\/","title":{"rendered":"Bootie Adv SubZ"},"content":{"rendered":"<p>Couvre-chaussures pour avanc\u00e9s en n\u00e9opr\u00e8ne avec coutures soud\u00e9es pour prot\u00e9ger les pieds par temps tr\u00e8s froid et humide.<br \/>\n- Toutes les coutures avec bande imperm\u00e9able \u00e0 l'int\u00e9rieur<br \/>\n- Mat\u00e9riau r\u00e9sistant au vent et \u00e0 l'eau avec int\u00e9rieur gratt\u00e9 pour une protection efficace contre le froid et l'humidit\u00e9<br \/>\n- N\u00e9opr\u00e8ne 3 mm avec \u00e9lasticit\u00e9 dans quatre directions, gratt\u00e9 \u00e0 l'arri\u00e8re pour une chaleur suppl\u00e9mentaire et une protection optimale<br \/>\n- Impressions r\u00e9fl\u00e9chissantes<br \/>\n- Zone renforc\u00e9e au niveau du talon et des orteils<br \/>\n- Fermeture \u00e9clair 3\/4 r\u00e9sistante et hydrofuge \u00e0 l'arri\u00e8re<br \/>\n- Boucle r\u00e9fl\u00e9chissante \u00e0 l'arri\u00e8re pour un r\u00e9glage facile<\/p>\n<p>Mat\u00e9riau : Upper : 70% polyur\u00e9thane, 20% polyester, 10% \u00e9lasthanne, Mid : 100% n\u00e9opr\u00e8ne, Back : 100% polyester<\/p>","protected":false},"excerpt":{"rendered":"<p><span><\/span><\/p>","protected":false},"featured_media":105415,"template":"","meta":[],"product_brand":[],"product_cat":[9643,4209],"product_tag":[],"class_list":{"0":"post-105416","1":"product","2":"type-product","3":"status-publish","4":"has-post-thumbnail","6":"product_cat-equipment","7":"product_cat-zubehoer","8":"pa_brand-craft-retail-sportswear","9":"pa_brand-type-sportswear","10":"pa_filter-color-schwarz","12":"first","13":"instock","14":"sale","15":"taxable","16":"shipping-taxable","17":"purchasable","18":"product-type-variable","19":"add-to-wishlist-before_image"},"exclude_global_add_ons":[],"addons":[],"acf":[],"_links":{"self":[{"href":"https:\/\/shop.kustom.ch\/fr\/wp-json\/wp\/v2\/product\/105416"}],"collection":[{"href":"https:\/\/shop.kustom.ch\/fr\/wp-json\/wp\/v2\/product"}],"about":[{"href":"https:\/\/shop.kustom.ch\/fr\/wp-json\/wp\/v2\/types\/product"}],"wp:featuredmedia":[{"embeddable":true,"href":"https:\/\/shop.kustom.ch\/fr\/wp-json\/wp\/v2\/media\/105415"}],"wp:attachment":[{"href":"https:\/\/shop.kustom.ch\/fr\/wp-json\/wp\/v2\/media?parent=105416"}],"wp:term":[{"taxonomy":"product_brand","embeddable":true,"href":"https:\/\/shop.kustom.ch\/fr\/wp-json\/wp\/v2\/product_brand?post=105416"},{"taxonomy":"product_cat","embeddable":true,"href":"https:\/\/shop.kustom.ch\/fr\/wp-json\/wp\/v2\/product_cat?post=105416"},{"taxonomy":"product_tag","embeddable":true,"href":"https:\/\/shop.kustom.ch\/fr\/wp-json\/wp\/v2\/product_tag?post=105416"}],"curies":[{"name":"wp","href":"https:\/\/api.w.org\/{rel}","templated":true}]}}

<p>Couvre-chaussures pour avancés en néoprène avec coutures soudées pour protéger les pieds par temps très froid et humide.<br />
- Toutes les coutures avec bande imperméable à l'intérieur<br />
- Matériau résistant au vent et à l'eau avec intérieur gratté pour une protection efficace contre le froid et l'humidité<br />
- Néoprène 3 mm avec élasticité dans quatre directions, gratté à l'arrière pour une chaleur supplémentaire et une protection optimale<br />
- Impressions réfléchissantes<br />
- Zone renforcée au niveau du talon et des orteils<br />
- Fermeture éclair 3/4 résistante et hydrofuge à l'arrière<br />
- Boucle réfléchissante à l'arrière pour un réglage facile</p>
<p>Matériau : Upper : 70% polyuréthane, 20% polyester, 10% élasthanne, Mid : 100% néoprène, Back : 100% polyester</p>
