{"id":696751,"date":"2026-03-16T16:29:14","date_gmt":"2026-03-16T15:29:14","guid":{"rendered":"https:\/\/shop.kustom.ch\/?post_type=product&#038;p=696751"},"modified":"2026-03-31T09:08:36","modified_gmt":"2026-03-31T08:08:36","slug":"damen-high-vis-winter-overall","status":"publish","type":"product","link":"https:\/\/shop.kustom.ch\/en\/product\/damen-high-vis-winter-overall\/","title":{"rendered":"Ladies High Vis Winter Overall"},"content":{"rendered":"<p>A windproof and waterproof winter overall with taped seams and quilted lining that provides the necessary warmth in cold temperatures. It is stretchy at the back to ensure better flexibility when bending down and has back ventilation with a zip. The material is windproof, waterproof and breathable. The hood is detachable and designed to fit helmets and ear defenders. With knee pad pockets inside, two-way side zips up to the waistband and hammer loops on both sides of the waist. The overall has a waist belt and is equipped with fastenings for the separately available CORDURA\u00ae tool bags (Art. 2170).<\/p>\n<p>100% polyester, Oxford, coated, waterproof 15,000 mm, windproof, breathable Ret 8, 5, 200g\/m\u00b2<\/p>","protected":false},"excerpt":{"rendered":"<p>Ein wind- und wasserdichter Winter Overall mit versiegelten N\u00e4hten und gestepptem Futter, der bei kalten Temperaturen f\u00fcr die n\u00f6tige W\u00e4rme sorgt. Er ist im R\u00fcckenbereich dehnbar, um eine bessere Flexibilit\u00e4t beim B\u00fccken zu gew\u00e4hrleisten, und verf\u00fcgt \u00fcber eine R\u00fcckenbel\u00fcftung mit Reissverschluss. Das Material ist wind- und wasserdicht sowie atmungsaktiv. Die Kapuze ist abnehmbar und so [&hellip;]<\/p>\n","protected":false},"featured_media":696752,"template":"","meta":[],"product_brand":[],"product_cat":[10454],"product_tag":[],"class_list":{"0":"post-696751","1":"product","2":"type-product","3":"status-publish","4":"has-post-thumbnail","6":"product_cat-overalls","7":"pa_brand-blaklaeder","8":"pa_brand-type-workwear","9":"pa_filter-color-blau","10":"pa_filter-color-gelb","11":"pa_filter-color-orange","12":"pa_filter-color-rot","13":"pa_filter-color-schwarz","15":"first","16":"instock","17":"sale","18":"taxable","19":"shipping-taxable","20":"purchasable","21":"product-type-variable","22":"add-to-wishlist-before_image"},"exclude_global_add_ons":[],"addons":[],"acf":[],"_links":{"self":[{"href":"https:\/\/shop.kustom.ch\/en\/wp-json\/wp\/v2\/product\/696751"}],"collection":[{"href":"https:\/\/shop.kustom.ch\/en\/wp-json\/wp\/v2\/product"}],"about":[{"href":"https:\/\/shop.kustom.ch\/en\/wp-json\/wp\/v2\/types\/product"}],"wp:featuredmedia":[{"embeddable":true,"href":"https:\/\/shop.kustom.ch\/en\/wp-json\/wp\/v2\/media\/696752"}],"wp:attachment":[{"href":"https:\/\/shop.kustom.ch\/en\/wp-json\/wp\/v2\/media?parent=696751"}],"wp:term":[{"taxonomy":"product_brand","embeddable":true,"href":"https:\/\/shop.kustom.ch\/en\/wp-json\/wp\/v2\/product_brand?post=696751"},{"taxonomy":"product_cat","embeddable":true,"href":"https:\/\/shop.kustom.ch\/en\/wp-json\/wp\/v2\/product_cat?post=696751"},{"taxonomy":"product_tag","embeddable":true,"href":"https:\/\/shop.kustom.ch\/en\/wp-json\/wp\/v2\/product_tag?post=696751"}],"curies":[{"name":"wp","href":"https:\/\/api.w.org\/{rel}","templated":true}]}}

<p>Ein wind- und wasserdichter Winter Overall mit versiegelten Nähten und gestepptem Futter, der bei kalten Temperaturen für die nötige Wärme sorgt. Er ist im Rückenbereich dehnbar, um eine bessere Flexibilität beim Bücken zu gewährleisten, und verfügt über eine Rückenbelüftung mit Reissverschluss. Das Material ist wind- und wasserdicht sowie atmungsaktiv. Die Kapuze ist abnehmbar und so [&hellip;]</p>
