{"id":696373,"date":"2026-03-16T16:22:43","date_gmt":"2026-03-16T15:22:43","guid":{"rendered":"https:\/\/shop.kustom.ch\/?post_type=product&#038;p=696373"},"modified":"2026-03-31T08:59:45","modified_gmt":"2026-03-31T07:59:45","slug":"high-vis-regenmantel-level-3","status":"publish","type":"product","link":"https:\/\/shop.kustom.ch\/en\/product\/high-vis-regenmantel-level-3\/","title":{"rendered":"High Vis Raincoat Level 3"},"content":{"rendered":"<p>Mackintosh in high vis for all those with work tasks that require extremely hard-wearing rainwear. The coat is wind and waterproof with taped seams. It has a detachable and adjustable hood, a soft fleece-lined collar and easily accessible pockets, as well as a detachable ID card pocket, front pockets with flap and press studs and Napoleon pocket inside the wind flap. Concealed robust two-way zip that extends to the collar and a front fastening with press studs and a storm button to keep out liquid. Good fit with adjustable sleeve with Velcro fastening and internal neoprene cuff that retains body heat even when wet. The coat has a drip edge at the hem. Certified according to EN 343, protective clothing against bad weather and EN ISO 20471, class 3, protective clothing with high visibility.<\/p>\n<p>100% polyester (84% PVC\/16% PU), wind and waterproof, breathable, 350 g\/m\u00b2<\/p>","protected":false},"excerpt":{"rendered":"<p>Regenmantel in High Vis f\u00fcr all jene mit Arbeitsaufgaben, die extrem verschleissfeste Regenkleidung erfordern. Der Mantel ist wind- und wasserdicht mit verschweissten N\u00e4hten. Er hat eine abnehmbare und verstellbare Kapuze, einen weichen Fleece-gef\u00fctterten Kragen und leicht zug\u00e4ngliche Taschen, sowie eine abnehmbare Ausweistasche, Vordertaschen mit Patte und Druckkn\u00f6pfe und Napoleontasche innerhalb der Windleiste. Verdeckter robuster Zwei-Wege [&hellip;]<\/p>\n","protected":false},"featured_media":696410,"template":"","meta":[],"product_brand":[],"product_cat":[4186],"product_tag":[],"class_list":{"0":"post-696373","1":"product","2":"type-product","3":"status-publish","4":"has-post-thumbnail","6":"product_cat-jacken","7":"pa_brand-blaklaeder","8":"pa_brand-type-workwear","9":"pa_filter-color-blau","10":"pa_filter-color-gelb","11":"pa_filter-color-schwarz","13":"first","14":"instock","15":"sale","16":"taxable","17":"shipping-taxable","18":"purchasable","19":"product-type-variable","20":"add-to-wishlist-before_image"},"exclude_global_add_ons":[],"addons":[],"acf":[],"_links":{"self":[{"href":"https:\/\/shop.kustom.ch\/en\/wp-json\/wp\/v2\/product\/696373"}],"collection":[{"href":"https:\/\/shop.kustom.ch\/en\/wp-json\/wp\/v2\/product"}],"about":[{"href":"https:\/\/shop.kustom.ch\/en\/wp-json\/wp\/v2\/types\/product"}],"wp:featuredmedia":[{"embeddable":true,"href":"https:\/\/shop.kustom.ch\/en\/wp-json\/wp\/v2\/media\/696410"}],"wp:attachment":[{"href":"https:\/\/shop.kustom.ch\/en\/wp-json\/wp\/v2\/media?parent=696373"}],"wp:term":[{"taxonomy":"product_brand","embeddable":true,"href":"https:\/\/shop.kustom.ch\/en\/wp-json\/wp\/v2\/product_brand?post=696373"},{"taxonomy":"product_cat","embeddable":true,"href":"https:\/\/shop.kustom.ch\/en\/wp-json\/wp\/v2\/product_cat?post=696373"},{"taxonomy":"product_tag","embeddable":true,"href":"https:\/\/shop.kustom.ch\/en\/wp-json\/wp\/v2\/product_tag?post=696373"}],"curies":[{"name":"wp","href":"https:\/\/api.w.org\/{rel}","templated":true}]}}

<p>Regenmantel in High Vis für all jene mit Arbeitsaufgaben, die extrem verschleissfeste Regenkleidung erfordern. Der Mantel ist wind- und wasserdicht mit verschweissten Nähten. Er hat eine abnehmbare und verstellbare Kapuze, einen weichen Fleece-gefütterten Kragen und leicht zugängliche Taschen, sowie eine abnehmbare Ausweistasche, Vordertaschen mit Patte und Druckknöpfe und Napoleontasche innerhalb der Windleiste. Verdeckter robuster Zwei-Wege [&hellip;]</p>
