{"id":696265,"date":"2026-03-16T16:21:15","date_gmt":"2026-03-16T15:21:15","guid":{"rendered":"https:\/\/shop.kustom.ch\/?post_type=product&#038;p=696265"},"modified":"2026-03-31T08:59:33","modified_gmt":"2026-03-31T07:59:33","slug":"regenjacke-level-1-2","status":"publish","type":"product","link":"https:\/\/shop.kustom.ch\/en\/product\/regenjacke-level-1-2\/","title":{"rendered":"Level 1 rain jacket"},"content":{"rendered":"<p>Thin and flexible rain jacket that does its job in difficult weather conditions. The rain jacket is lightweight and flexible with an elongated back and drawstring to adjust to the perfect fit. The jacket is suitable for rainy weather when freedom of movement is the top priority. It has a hood that can be adjusted or removed, easily accessible front pockets and a fixed two-way zip that extends to the collar. In addition, it has dark, discreet reflective details on the sleeves and back to make you more visible in the dark. The cuffs on the sleeves are adjustable with Velcro fasteners. Certified according to EN 343, protection against bad weather.<\/p>\n<p>100% polyester, PU-coated, wind and waterproof, 185g\/m\u00b2<\/p>","protected":false},"excerpt":{"rendered":"<p>D\u00fcnne und flexible Regenjacke, die ihren Job bei schwierigem Wetter erledigt. Die Regenjacke ist leicht und flexibel mit einem verl\u00e4ngerten R\u00fccken und Kordelzug zur Anpassung an den perfekten Sitz. Die Jacke ist f\u00fcr regnerisches Wetter geeignet wenn Bewegungsfreiheit die h\u00f6chste Priorit\u00e4t hat. Sie hat eine Kapuze die angepasst oder abgenommen werden kann, leicht zug\u00e4ngliche Vordertaschen [&hellip;]<\/p>\n","protected":false},"featured_media":696299,"template":"","meta":[],"product_brand":[],"product_cat":[4186],"product_tag":[],"class_list":{"0":"post-696265","1":"product","2":"type-product","3":"status-publish","4":"has-post-thumbnail","6":"product_cat-jacken","7":"pa_brand-blaklaeder","8":"pa_brand-type-workwear","9":"pa_filter-color-schwarz","11":"first","12":"instock","13":"sale","14":"taxable","15":"shipping-taxable","16":"purchasable","17":"product-type-variable","18":"add-to-wishlist-before_image"},"exclude_global_add_ons":[],"addons":[],"acf":[],"_links":{"self":[{"href":"https:\/\/shop.kustom.ch\/en\/wp-json\/wp\/v2\/product\/696265"}],"collection":[{"href":"https:\/\/shop.kustom.ch\/en\/wp-json\/wp\/v2\/product"}],"about":[{"href":"https:\/\/shop.kustom.ch\/en\/wp-json\/wp\/v2\/types\/product"}],"wp:featuredmedia":[{"embeddable":true,"href":"https:\/\/shop.kustom.ch\/en\/wp-json\/wp\/v2\/media\/696299"}],"wp:attachment":[{"href":"https:\/\/shop.kustom.ch\/en\/wp-json\/wp\/v2\/media?parent=696265"}],"wp:term":[{"taxonomy":"product_brand","embeddable":true,"href":"https:\/\/shop.kustom.ch\/en\/wp-json\/wp\/v2\/product_brand?post=696265"},{"taxonomy":"product_cat","embeddable":true,"href":"https:\/\/shop.kustom.ch\/en\/wp-json\/wp\/v2\/product_cat?post=696265"},{"taxonomy":"product_tag","embeddable":true,"href":"https:\/\/shop.kustom.ch\/en\/wp-json\/wp\/v2\/product_tag?post=696265"}],"curies":[{"name":"wp","href":"https:\/\/api.w.org\/{rel}","templated":true}]}}

<p>Dünne und flexible Regenjacke, die ihren Job bei schwierigem Wetter erledigt. Die Regenjacke ist leicht und flexibel mit einem verlängerten Rücken und Kordelzug zur Anpassung an den perfekten Sitz. Die Jacke ist für regnerisches Wetter geeignet wenn Bewegungsfreiheit die höchste Priorität hat. Sie hat eine Kapuze die angepasst oder abgenommen werden kann, leicht zugängliche Vordertaschen [&hellip;]</p>
