{"id":696264,"date":"2026-03-16T16:21:15","date_gmt":"2026-03-16T15:21:15","guid":{"rendered":"https:\/\/shop.kustom.ch\/?post_type=product&#038;p=696264"},"modified":"2026-03-31T08:59:32","modified_gmt":"2026-03-31T07:59:32","slug":"regenjacke-level-2-2","status":"publish","type":"product","link":"https:\/\/shop.kustom.ch\/en\/product\/regenjacke-level-2-2\/","title":{"rendered":"Level 2 rain jacket"},"content":{"rendered":"<p>A rain jacket for all those with work tasks that require robust but mobile rainwear. It is wind and waterproof with taped seams and has ventilation at the back and a detachable and adjustable hood. It has easily accessible pockets, as well as a detachable ID card pocket, front pockets with flap and press studs and Napoleon pocket inside the wind flap. Robust two-way zip that extends to the collar and front fastening with press studs and a storm button to keep out moisture. Good fit with adjustable waistband and drawcord, as well as adjustable sleeves with Velcro fastening and internal neoprene cuffs that retain body heat even when wet. A soft, fleece-lined collar ensures a high level of comfort. Certified to EN 343, protective clothing against bad weather.<\/p>\n<p>100% polyester, PU-coated, wind and waterproof, 240g\/m\u00b2<\/p>","protected":false},"excerpt":{"rendered":"<p>Eine Regenjacke f\u00fcr all jene mit Arbeitsaufgaben, die robuste aber bewegliche Regenkleidung erfordern. Sie ist wind- und wasserdicht mit verschweissten N\u00e4hten und hat eine Bel\u00fcftung am R\u00fccken und eine abnehmbare und verstellbare Kapuze. Sie besitzt leicht zug\u00e4ngliche Taschen, sowie eine abnehmbare Ausweistasche, Vordertaschen mit Patte und Druckkn\u00f6pfe und Napoleontasche innerhalb der Windleiste. Robuster Zwei-Wege Reissverschluss, [&hellip;]<\/p>\n","protected":false},"featured_media":696290,"template":"","meta":[],"product_brand":[],"product_cat":[4186],"product_tag":[],"class_list":{"0":"post-696264","1":"product","2":"type-product","3":"status-publish","4":"has-post-thumbnail","6":"product_cat-jacken","7":"pa_brand-blaklaeder","8":"pa_brand-type-workwear","9":"pa_filter-color-schwarz","11":"first","12":"instock","13":"sale","14":"taxable","15":"shipping-taxable","16":"purchasable","17":"product-type-variable","18":"add-to-wishlist-before_image"},"exclude_global_add_ons":[],"addons":[],"acf":[],"_links":{"self":[{"href":"https:\/\/shop.kustom.ch\/en\/wp-json\/wp\/v2\/product\/696264"}],"collection":[{"href":"https:\/\/shop.kustom.ch\/en\/wp-json\/wp\/v2\/product"}],"about":[{"href":"https:\/\/shop.kustom.ch\/en\/wp-json\/wp\/v2\/types\/product"}],"wp:featuredmedia":[{"embeddable":true,"href":"https:\/\/shop.kustom.ch\/en\/wp-json\/wp\/v2\/media\/696290"}],"wp:attachment":[{"href":"https:\/\/shop.kustom.ch\/en\/wp-json\/wp\/v2\/media?parent=696264"}],"wp:term":[{"taxonomy":"product_brand","embeddable":true,"href":"https:\/\/shop.kustom.ch\/en\/wp-json\/wp\/v2\/product_brand?post=696264"},{"taxonomy":"product_cat","embeddable":true,"href":"https:\/\/shop.kustom.ch\/en\/wp-json\/wp\/v2\/product_cat?post=696264"},{"taxonomy":"product_tag","embeddable":true,"href":"https:\/\/shop.kustom.ch\/en\/wp-json\/wp\/v2\/product_tag?post=696264"}],"curies":[{"name":"wp","href":"https:\/\/api.w.org\/{rel}","templated":true}]}}

<p>Eine Regenjacke für all jene mit Arbeitsaufgaben, die robuste aber bewegliche Regenkleidung erfordern. Sie ist wind- und wasserdicht mit verschweissten Nähten und hat eine Belüftung am Rücken und eine abnehmbare und verstellbare Kapuze. Sie besitzt leicht zugängliche Taschen, sowie eine abnehmbare Ausweistasche, Vordertaschen mit Patte und Druckknöpfe und Napoleontasche innerhalb der Windleiste. Robuster Zwei-Wege Reissverschluss, [&hellip;]</p>
